000
CXUS56 KSTO 290019
CF6RBL
PRELIMINARY LOCAL CLIMATOLOGICAL DATA (WS FORM: F-6)
STATION: RED BLUFF
MONTH: SEPTEMBER
YEAR: 2021
LATITUDE: 40 8 N
LONGITUDE: 122-15 E
TEMPERATURE IN F: :PCPN: SNOW: WIND :SUNSHINE: SKY :PK WND
================================================================================
1 2 3 4 5 6A 6B 7 8 9 10 11 12 13 14 15 16 17 18
12Z AVG MX 2MIN
DY MAX MIN AVG DEP HDD CDD WTR SNW DPTH SPD SPD DIR MIN PSBL S-S WX SPD DR
================================================================================
1 87 61 74 -4 0 9 0.00 0.0 M 7.1 18 150 M M 0 23 180
2 89 57 73 -5 0 8 0.00 0.0 M 3.5 13 190 M M 1 8 15 170
3 93 56 75 -3 0 10 0.00 0.0 M 4.8 13 140 M M 2 8 M M
4 99 55 77 -1 0 12 0.00 0.0 M 4.1 10 130 M M 0 8 13 10
5 100 59 80 2 0 15 0.00 0.0 M 5.5 12 140 M M 0 17 130
6 103 62 83 6 0 18 0.00 0.0 M 6.1 15 160 M M 0 19 140
7 106 68 87 10 0 22 0.00 0.0 M 6.8 14 180 M M 1 18 310
8 106 70 88 11 0 23 0.00 M M 4.6 12 120 M M 5 8 14 160
9 98 72 85 8 0 20 T M M 7.2 18 210 M M 1 8 23 190
10 91 69 80 3 0 15 0.26 0.0 M 4.3 12 40 M M 2 18 15 40
11 96 65 81 4 0 16 0.00 M M 5.7 13 360 M M 0 8 17 150
12 95 61 78 2 0 13 0.00 M M 5.3 9 290 M M 1 13 170
13 100 65 83 7 0 18 0.00 M M 5.6 13 340 M M 2 8 16 330
14 101 64 83 7 0 18 0.00 0.0 M 6.4 16 360 M M 0 8 20 10
15 95 63 79 3 0 14 0.00 0.0 M 5.7 17 150 M M 0 8 20 150
16 90 58 74 -2 0 9 0.00 0.0 M 3.3 12 160 M M 0 14 170
17 90 56 73 -2 0 8 0.00 0.0 M 7.2 17 150 M M 0 21 140
18 73 58 66 -9 0 1 T 0.0 M 8.8 16 180 M M 5 19 340
19 81 59 70 -5 0 5 T 0.0 M 7.6 21 340 M M 4 M M
20 94 66 80 5 0 15 0.00 0.0 M 14.3 23 360 M M 0 32 360
21 95 61 78 4 0 13 0.00 0.0 M 6.8 17 130 M M 0 20 130
22 96 62 79 5 0 14 0.00 0.0 M 6.5 14 130 M M 0 21 160
23 97 71 84 10 0 19 0.00 0.0 M 11.6 22 350 M M 1 8 27 360
24 100 63 82 8 0 17 0.00 M M 5.8 12 320 M M 0 8 21 330
25 92 58 75 2 0 10 0.00 M M 5.3 15 170 M M 0 19 130
26 83 56 70 -3 0 5 0.00 0.0 M 7.2 16 170 M M 0 20 200
27 77 54 66 -6 0 1 T 0.0 M 11.0 25 310 M M 3 32 300
28 77 50 64 -8 1 0 0.00 0.0 M 11.6 22 350 M M 0 27 10
29 88 53 71 -1 0 6 0.00 0.0 M 8.9 18 360 M M 0 25 350
30 94 55 75 3 0 10 0.00 0.0 M 6.2 17 360 M M 0 21 350
================================================================================
SM 2786 1827 1 364 0.26 0.0 204.8 M 28
================================================================================
AV 92.9 60.9 6.8 FASTST M M 1 MAX(MPH)
MISC ----> 25 310 # 32 360
================================================================================
NOTES:
# LAST OF SEVERAL OCCURRENCES
COLUMN 17 PEAK WIND IN M.P.H.
PRELIMINARY LOCAL CLIMATOLOGICAL DATA (WS FORM: F-6) , PAGE 2
STATION: RED BLUFF
MONTH: SEPTEMBER
YEAR: 2021
LATITUDE: 40 8 N
LONGITUDE: 122-15 E
[TEMPERATURE DATA] [PRECIPITATION DATA] SYMBOLS USED IN COLUMN 16
AVERAGE MONTHLY: 76.9 TOTAL FOR MONTH: 0.26 1 = FOG OR MIST
DPTR FM NORMAL: 1.5 DPTR FM NORMAL: 0.07 2 = FOG REDUCING VISIBILITY
HIGHEST: 106 ON 8, 7 GRTST 24HR 0.26 ON 9-10 TO 1/4 MILE OR LESS
LOWEST: 50 ON 28 3 = THUNDER
SNOW, ICE PELLETS, HAIL 4 = ICE PELLETS
TOTAL MONTH: 0.0 INCH 5 = HAIL
GRTST 24HR 0.0 6 = FREEZING RAIN OR DRIZZLE
GRTST DEPTH: M ON M 7 = DUSTSTORM OR SANDSTORM:
VSBY 1/2 MILE OR LESS
8 = SMOKE OR HAZE
[NO. OF DAYS WITH] [WEATHER - DAYS WITH] 9 = BLOWING SNOW
X = TORNADO
MAX 32 OR BELOW: 0 0.01 INCH OR MORE: 1
MAX 90 OR ABOVE: 22 0.10 INCH OR MORE: 1
MIN 32 OR BELOW: 0 0.50 INCH OR MORE: 0
MIN 0 OR BELOW: 0 1.00 INCH OR MORE: 0
[HDD (BASE 65) ]
TOTAL THIS MO. 1 CLEAR (SCALE 0-3) 26
DPTR FM NORMAL -3 PTCLDY (SCALE 4-7) 4
TOTAL FM JUL 1 1 CLOUDY (SCALE 8-10) 0
DPTR FM NORMAL 1
[CDD (BASE 65) ]
TOTAL THIS MO. 364
DPTR FM NORMAL 49 [PRESSURE DATA]
TOTAL FM JAN 1 2384 HIGHEST SLP 30.12 ON 28
DPTR FM NORMAL 552 LOWEST SLP 29.64 ON 1
[REMARKS]
#FINAL-09-21#