000
CXUS56 KSTO 131722
CF6RBL
PRELIMINARY LOCAL CLIMATOLOGICAL DATA (WS FORM: F-6)
STATION: RED BLUFF AIRPORT CA
MONTH: FEBRUARY
YEAR: 2021
LATITUDE: 40 9 N
LONGITUDE: 122 15 W
TEMPERATURE IN F: :PCPN: SNOW: WIND :SUNSHINE: SKY :PK WND
================================================================================
1 2 3 4 5 6A 6B 7 8 9 10 11 12 13 14 15 16 17 18
12Z AVG MX 2MIN
DY MAX MIN AVG DEP HDD CDD WTR SNW DPTH SPD SPD DIR MIN PSBL S-S WX SPD DR
================================================================================
1 61 44 53 5 12 0 0.12 0.0 0 10.7 29 160 M M 8 37 150
2 60 40 50 2 15 0 M M 0 12.4 24 150 M M 8 3 29 160
3 54 36 45 -3 20 0 T 0.0 0 7.7 24 150 M M 5 31 150
4 63 39 51 2 14 0 0.00 0.0 0 10.4 24 350 M M 0 32 350
5 69 39 54 5 11 0 0.00 0.0 0 4.9 10 320 M M 0 17 330
6 69 41 55 6 10 0 0.00 0.0 0 4.9 13 330 M M 0 15 330
7 69 35 52 3 13 0 0.00 0.0 0 5.0 9 220 M M 0 11 320
8 61 38 50 1 15 0 0.00 0.0 0 3.6 10 340 M M 0 12 350
9 65 42 54 4 11 0 0.00 0.0 0 3.7 10 360 M M 5 13 350
10 67 40 54 4 11 0 0.00 0.0 0 3.7 9 350 M M 0 11 360
11 51 46 49 -1 16 0 0.28 0.0 0 9.1 23 160 M M 6 1 28 150
12 59 40 50 0 15 0 0.03 0.0 0 5.1 12 150 M M 4 12 14 150
13 62 46 54 4 11 0 0.02 M 0 12.8 23 170 M M 3 29 160
14 54 45 50 0 15 0 0.02 0.0 0 6.3 13 110 M M 8 15 280
15 54 46 50 0 15 0 0.05 0.0 0 4.8 15 160 M M 8 1 19 150
16 63 36 50 -1 15 0 0.00 0.0 0 6.9 17 350 M M 0 21 350
17 61 40 51 0 14 0 0.00 0.0 0 11.0 22 350 M M 0 28 340
18 52 39 46 -5 19 0 0.11 0.0 0 6.7 12 350 M M 7 14 20
19 51 44 48 -3 17 0 T 0.0 0 4.5 13 160 M M 9 18 16 280
20 61 41 51 0 14 0 T 0.0 0 7.7 16 340 M M 2 24 360
21 68 40 54 3 11 0 0.00 0.0 0 13.3 28 360 M M 0 35 350
22 77 42 60 8 5 0 0.00 0.0 0 8.7 22 350 M M 0 29 350
23 74 50 62 10 3 0 0.00 0.0 0 12.0 23 350 M M 0 29 350
24 62 45 54 2 11 0 0.00 0.0 0 17.9 35 350 M M 0 45 330
25 72 36 54 2 11 0 0.00 0.0 0 7.8 18 360 M M 0 26 310
26 67 39 53 1 12 0 0.00 0.0 0 10.9 23 280 M M 0 30 290
27 65 37 51 -1 14 0 0.00 0.0 0 10.0 18 360 M M 0 24 320
28 71 42 57 5 8 0 0.00 0.0 0 8.3 18 10 M M 0 25 350
================================================================================
SM 1762 1148 358 0 0.63 0.0 230.8 M 73
================================================================================
AV 62.9 41.0 8.2 FASTST M M 3 MAX(MPH)
MISC ----> # 35 350 # 45 330
================================================================================
NOTES:
# LAST OF SEVERAL OCCURRENCES
COLUMN 17 PEAK WIND IN M.P.H.
PRELIMINARY LOCAL CLIMATOLOGICAL DATA (WS FORM: F-6) , PAGE 2
STATION: RED BLUFF AIRPORT CA
MONTH: FEBRUARY
YEAR: 2021
LATITUDE: 40 9 N
LONGITUDE: 122 15 W
[TEMPERATURE DATA] [PRECIPITATION DATA] SYMBOLS USED IN COLUMN 16
AVERAGE MONTHLY: 52.0 TOTAL FOR MONTH: 0.63 1 = FOG OR MIST
DPTR FM NORMAL: 1.7 DPTR FM NORMAL: -3.43 2 = FOG REDUCING VISIBILITY
HIGHEST: 77 ON 22 GRTST 24HR 0.28 ON 11-11 TO 1/4 MILE OR LESS
LOWEST: 35 ON 7 3 = THUNDER
SNOW, ICE PELLETS, HAIL 4 = ICE PELLETS
TOTAL MONTH: 0.0 INCH 5 = HAIL
GRTST 24HR 0.0 6 = FREEZING RAIN OR DRIZZLE
GRTST DEPTH: 0 7 = DUSTSTORM OR SANDSTORM:
VSBY 1/2 MILE OR LESS
8 = SMOKE OR HAZE
[NO. OF DAYS WITH] [WEATHER - DAYS WITH] 9 = BLOWING SNOW
X = TORNADO
MAX 32 OR BELOW: 0 0.01 INCH OR MORE: 7
MAX 90 OR ABOVE: 0 0.10 INCH OR MORE: 3
MIN 32 OR BELOW: 0 0.50 INCH OR MORE: 0
MIN 0 OR BELOW: 0 1.00 INCH OR MORE: 0
[HDD (BASE 65) ]
TOTAL THIS MO. 358 CLEAR (SCALE 0-3) 18
DPTR FM NORMAL -52 PTCLDY (SCALE 4-7) 7
TOTAL FM JUL 1 1729 CLOUDY (SCALE 8-10) 3
DPTR FM NORMAL -325
[CDD (BASE 65) ]
TOTAL THIS MO. 0
DPTR FM NORMAL 0 [PRESSURE DATA]
TOTAL FM JAN 1 5 HIGHEST SLP 30.51 ON 21
DPTR FM NORMAL 5 LOWEST SLP 29.83 ON 11
[REMARKS]
#FINAL-02-21#