054
CXUS56 KSTO 031555
CF6RBL
PRELIMINARY LOCAL CLIMATOLOGICAL DATA (WS FORM: F-6)
STATION: RED BLUFF AIRPORT CA
MONTH: JUNE
YEAR: 2020
LATITUDE: 40 9 N
LONGITUDE: 122 15 W
TEMPERATURE IN F: :PCPN: SNOW: WIND :SUNSHINE: SKY :PK WND
================================================================================
1 2 3 4 5 6A 6B 7 8 9 10 11 12 13 14 15 16 17 18
12Z AVG MX 2MIN
DY MAX MIN AVG DEP HDD CDD WTR SNW DPTH SPD SPD DIR MIN PSBL S-S WX SPD DR
================================================================================
1 88 64 76 4 0 11 0.00 0.0 0 4.1 12 30 M M 2 15 120
2 98 64 81 9 0 16 0.00 0.0 0 7.1 16 340 M M 0 19 340
3 100 66 83 10 0 18 0.00 0.0 0 7.1 14 140 M M 0 19 150
4 99 68 84 11 0 19 0.00 0.0 0 7.2 17 350 M M 0 22 360
5 86 63 75 2 0 10 0.00 0.0 0 12.1 24 140 M M 1 29 130
6 74 55 65 -8 0 0 0.04 0.0 M 12.0 28 300 M M 3 3 40 290
7 74 55 65 -9 0 0 T 0.0 0 11.2 23 20 M M 3 29 300
8 85 50 68 -6 0 3 0.00 0.0 0 6.9 20 360 M M 0 23 20
9 92 57 75 1 0 10 0.00 0.0 0 5.2 10 10 M M 0 13 360
10 97 62 80 6 0 15 0.00 0.0 0 6.8 15 170 M M 0 19 170
11 94 64 79 4 0 14 0.00 0.0 0 10.8 22 150 M M 0 28 170
12 81 60 71 -4 0 6 0.04 0.0 0 11.7 23 150 M M 4 30 150
13 74 57 66 -9 0 1 T 0.0 0 8.9 21 160 M M 8 25 160
14 86 58 72 -4 0 7 0.00 0.0 0 5.0 13 90 M M 3 17 70
15 82 63 73 -3 0 8 0.00 0.0 0 6.5 24 310 M M 3 32 310
16 83 60 72 -4 0 7 0.00 0.0 0 12.1 20 310 M M 0 28 310
17 91 62 77 1 0 12 0.00 0.0 0 15.2 28 350 M M 0 34 360
18 98 66 82 6 0 17 0.00 0.0 0 8.8 18 350 M M 0 22 350
19 101 64 83 6 0 18 0.00 0.0 0 6.8 15 160 M M 0 20 140
20 98 68 83 6 0 18 0.00 0.0 0 5.3 17 300 M M 0 23 290
21 102 70 86 9 0 21 0.00 0.0 0 6.1 14 10 M M 0 17 10
22 110 68 89 11 0 24 0.00 0.0 0 6.6 16 150 M M 0 20 360
23 106 72 89 11 0 24 0.00 0.0 0 6.4 20 170 M M 0 24 180
24 105 73 89 11 0 24 0.00 0.0 0 5.8 14 140 M M 0 22 160
25 111 77 94 16 0 29 0.00 0.0 0 8.5 17 350 M M 0 21 350
26 113 77 95 16 0 30 0.00 0.0 0 6.1 14 20 M M 0 18 10
27 96 74 85 6 0 20 0.00 0.0 0 9.6 23 150 M M 0 30 170
28 90 64 77 -2 0 12 0.00 0.0 0 12.9 29 30 M M 0 45 30
29 92 66 79 0 0 14 0.00 0.0 0 14.6 28 340 M M 0 36 350
30 95 66 81 1 0 16 0.00 0.0 0 7.7 16 10 M M 0 21 10
================================================================================
SM 2801 1933 0 424 0.08 0.0 255.1 M 27
================================================================================
AV 93.4 64.4 8.5 FASTST M M 1 MAX(MPH)
MISC ----> # 29 30 # 45 30
================================================================================
NOTES:
# LAST OF SEVERAL OCCURRENCES
COLUMN 17 PEAK WIND IN M.P.H.
PRELIMINARY LOCAL CLIMATOLOGICAL DATA (WS FORM: F-6) , PAGE 2
STATION: RED BLUFF AIRPORT CA
MONTH: JUNE
YEAR: 2020
LATITUDE: 40 9 N
LONGITUDE: 122 15 W
[TEMPERATURE DATA] [PRECIPITATION DATA] SYMBOLS USED IN COLUMN 16
AVERAGE MONTHLY: 78.9 TOTAL FOR MONTH: 0.08 1 = FOG OR MIST
DPTR FM NORMAL: 3.1 DPTR FM NORMAL: -0.39 2 = FOG REDUCING VISIBILITY
HIGHEST: 113 ON 26 GRTST 24HR 0.04 ON 12-12 TO 1/4 MILE OR LESS
LOWEST: 50 ON 8 3 = THUNDER
SNOW, ICE PELLETS, HAIL 4 = ICE PELLETS
TOTAL MONTH: 0.0 INCH 5 = HAIL
GRTST 24HR 0.0 6 = FREEZING RAIN OR DRIZZLE
GRTST DEPTH: 0 7 = DUSTSTORM OR SANDSTORM:
VSBY 1/2 MILE OR LESS
8 = SMOKE OR HAZE
[NO. OF DAYS WITH] [WEATHER - DAYS WITH] 9 = BLOWING SNOW
X = TORNADO
MAX 32 OR BELOW: 0 0.01 INCH OR MORE: 2
MAX 90 OR ABOVE: 20 0.10 INCH OR MORE: 0
MIN 32 OR BELOW: 0 0.50 INCH OR MORE: 0
MIN 0 OR BELOW: 0 1.00 INCH OR MORE: 0
[HDD (BASE 65) ]
TOTAL THIS MO. 0 CLEAR (SCALE 0-3) 28
DPTR FM NORMAL -6 PTCLDY (SCALE 4-7) 2
TOTAL FM JUL 1 2182 CLOUDY (SCALE 8-10) 0
DPTR FM NORMAL -478
[CDD (BASE 65) ]
TOTAL THIS MO. 424
DPTR FM NORMAL 92 [PRESSURE DATA]
TOTAL FM JAN 1 683 HIGHEST SLP 30.23 ON 8
DPTR FM NORMAL 178 LOWEST SLP 29.57 ON 5
[REMARKS]
#FINAL-06-20#