000
CXUS56 KSTO 172212
CF6RBL
PRELIMINARY LOCAL CLIMATOLOGICAL DATA (WS FORM: F-6)
STATION: RED BLUFF AIRPORT CA
MONTH: MARCH
YEAR: 2020
LATITUDE: 40 9 N
LONGITUDE: 122 15 W
TEMPERATURE IN F: :PCPN: SNOW: WIND :SUNSHINE: SKY :PK WND
================================================================================
1 2 3 4 5 6A 6B 7 8 9 10 11 12 13 14 15 16 17 18
12Z AVG MX 2MIN
DY MAX MIN AVG DEP HDD CDD WTR SNW DPTH SPD SPD DIR MIN PSBL S-S WX SPD DR
================================================================================
1 63 47 55 2 10 0 0.00 0.0 0 19.1 30 360 M M 2 39 340
2 74 40 57 4 8 0 0.00 0.0 0 12.4 32 350 M M 0 41 350
3 83 53 68 15 0 3 0.00 0.0 0 10.2 22 360 M M 0 28 350
4 77 44 61 8 4 0 0.00 0.0 0 5.3 12 330 M M 0 14 330
5 75 42 59 6 6 0 0.00 0.0 0 6.4 18 160 M M 0 21 180
6 64 42 53 0 12 0 0.00 0.0 0 6.2 16 170 M M 3 1 22 180
7 56 47 52 -1 13 0 0.57 M 0 7.5 18 170 M M 9 13 23 170
8 58 46 52 -1 13 0 0.00 0.0 0 4.4 15 170 M M 8 1 17 170
9 65 41 53 -1 12 0 0.00 0.0 0 5.1 12 330 M M 3 15 330
10 77 43 60 6 5 0 0.00 0.0 0 9.8 18 350 M M 0 23 360
11 72 47 60 6 5 0 0.00 0.0 0 4.7 13 170 M M 0 17 170
12 81 43 62 8 3 0 0.00 0.0 0 11.2 25 350 M M 0 30 330
13 73 48 61 7 4 0 0.00 0.0 0 14.6 32 150 M M 0 40 150
14 60 44 52 -2 13 0 0.01 0.0 0 14.7 26 160 M M 6 32 140
15 54 39 47 -7 18 0 0.07 0.0 0 11.9 23 130 M M 7 31 170
16 54 40 47 -7 18 0 0.17 0.0 0 5.1 10 150 M M 8 13 140
17 46 43 45 -9 20 0 0.66 0.0 0 10.1 18 130 M M 10 1 25 130
18 53 37 45 -9 20 0 0.09 0.0 0 3.3 9 310 M M 6 1 12 150
19 61 34 48 -7 17 0 0.00 0.0 0 3.1 8 290 M M 1 10 170
20 65 38 52 -3 13 0 0.00 0.0 0 4.7 9 210 M M 1 13 320
21 70 39 55 0 10 0 0.00 0.0 0 7.7 14 160 M M 0 18 170
22 71 41 56 1 9 0 0.00 0.0 0 5.5 12 170 M M 0 14 160
23 68 41 55 0 10 0 0.00 0.0 0 13.0 37 150 M M 3 46 140
24 54 43 49 -6 16 0 0.53 0.0 0 9.2 25 160 M M 7 13 30 160
25 56 39 48 -7 17 0 T M 0 5.4 23 360 M M 5 29 10
26 62 35 49 -6 16 0 0.00 0.0 0 4.6 12 360 M M 0 14 350
27 62 34 48 -7 17 0 0.00 0.0 0 6.8 15 160 M M 6 19 200
28 57 47 52 -4 13 0 0.05 0.0 0 7.7 16 160 M M 10 19 160
29 61 49 55 -1 10 0 T 0.0 0 8.1 15 180 M M 10 1 18 180
30 63 52 58 2 7 0 T 0.0 0 14.9 22 160 M M 9 26 160
31 73 48 61 5 4 0 0.00 0.0 0 10.2 18 170 M M 5 25 160
================================================================================
SM 2008 1326 343 3 2.15 0.0 262.9 M 119
================================================================================
AV 64.8 42.8 8.5 FASTST M M 4 MAX(MPH)
MISC ----> # 37 150 # 46 140
================================================================================
NOTES:
# LAST OF SEVERAL OCCURRENCES
COLUMN 17 PEAK WIND IN M.P.H.
PRELIMINARY LOCAL CLIMATOLOGICAL DATA (WS FORM: F-6) , PAGE 2
STATION: RED BLUFF AIRPORT CA
MONTH: MARCH
YEAR: 2020
LATITUDE: 40 9 N
LONGITUDE: 122 15 W
[TEMPERATURE DATA] [PRECIPITATION DATA] SYMBOLS USED IN COLUMN 16
AVERAGE MONTHLY: 53.8 TOTAL FOR MONTH: 2.15 1 = FOG OR MIST
DPTR FM NORMAL: -0.5 DPTR FM NORMAL: -1.05 2 = FOG REDUCING VISIBILITY
HIGHEST: 83 ON 3 GRTST 24HR 0.66 ON 17-17 TO 1/4 MILE OR LESS
LOWEST: 34 ON 27,19 3 = THUNDER
SNOW, ICE PELLETS, HAIL 4 = ICE PELLETS
TOTAL MONTH: 0.0 INCH 5 = HAIL
GRTST 24HR 0.0 6 = FREEZING RAIN OR DRIZZLE
GRTST DEPTH: 0 7 = DUSTSTORM OR SANDSTORM:
VSBY 1/2 MILE OR LESS
8 = SMOKE OR HAZE
[NO. OF DAYS WITH] [WEATHER - DAYS WITH] 9 = BLOWING SNOW
X = TORNADO
MAX 32 OR BELOW: 0 0.01 INCH OR MORE: 8
MAX 90 OR ABOVE: 0 0.10 INCH OR MORE: 4
MIN 32 OR BELOW: 0 0.50 INCH OR MORE: 3
MIN 0 OR BELOW: 0 1.00 INCH OR MORE: 0
[HDD (BASE 65) ]
TOTAL THIS MO. 343 CLEAR (SCALE 0-3) 16
DPTR FM NORMAL 7 PTCLDY (SCALE 4-7) 10
TOTAL FM JUL 1 2032 CLOUDY (SCALE 8-10) 5
DPTR FM NORMAL -358
[CDD (BASE 65) ]
TOTAL THIS MO. 3
DPTR FM NORMAL 0 [PRESSURE DATA]
TOTAL FM JAN 1 3 HIGHEST SLP 30.27 ON 30
DPTR FM NORMAL 0 LOWEST SLP 29.56 ON 13
[REMARKS]
#FINAL-03-20#