000
CXUS56 KSTO 150920
CF6RDD
PRELIMINARY LOCAL CLIMATOLOGICAL DATA (WS FORM: F-6)
STATION: REDDING CA AIRPORT AND CITY
MONTH: AUGUST
YEAR: 2022
LATITUDE: 40 30 N
LONGITUDE: 122 18 W
TEMPERATURE IN F: :PCPN: SNOW: WIND :SUNSHINE: SKY :PK WND
================================================================================
1 2 3 4 5 6A 6B 7 8 9 10 11 12 13 14 15 16 17 18
12Z AVG MX 2MIN
DY MAX MIN AVG DEP HDD CDD WTR SNW DPTH SPD SPD DIR MIN PSBL S-S WX SPD DR
================================================================================
1 90 76 83 0 0 18 T M M 4.6 16 180 M M 1 19 170
2 104 71 88 5 0 23 0.00 M M 5.4 16 160 M M 0 21 160
3 108 76 92 9 0 27 0.00 0.0 M 5.6 16 160 M M 0 20 170
4 107 79 93 10 0 28 0.00 M M 6.5 17 150 M M 0 23 150
5 97 76 87 4 0 22 0.00 0.0 M 9.4 21 170 M M 0 27 170
6 98 73 86 3 0 21 0.00 0.0 M 5.3 17 180 M M 1 23 200
7 101 69 85 3 0 20 0.00 M M 4.5 16 190 M M 0 22 170
8 100 67 84 2 0 19 T 0.0 M 5.2 18 190 M M 0 28 140
9 99 66 83 1 0 18 0.00 M M 9.3 26 170 M M 0 8 32 170
10 93 65 79 -3 0 14 0.00 M M 4.7 15 200 M M 0 20 200
11 97 61 79 -3 0 14 0.00 0.0 M 4.7 17 200 M M 0 22 160
12 98 61 80 -2 0 15 0.00 0.0 M 4.6 15 160 M M 0 20 180
13 102 64 83 1 0 18 0.00 0.0 M 4.7 14 140 M M 1 17 140
14 105 64 85 4 0 20 0.00 M M 3.7 12 170 M M 3 8 15 160
15 108 66 87 6 0 22 0.00 M M 4.7 14 30 M M 2 8 20 330
16 110 68 89 8 0 24 0.00 0.0 0 3.8 13 170 M M 2 8 17 160
17 110 73 92 11 0 27 0.00 0.0 0 5.0 25 150 M M 0 8 29 150
18 107 80 94 13 0 29 T 0.0 M 7.7 18 20 M M 2 8 23 20
19 108 76 92 12 0 27 0.00 M M 4.6 15 110 M M 0 20 150
20 110 71 91 11 0 26 0.00 M M 5.0 16 160 M M 0 19 160
21 105 71 88 8 0 23 0.00 M M 6.4 21 180 M M 0 25 160
22 103 66 85 5 0 20 0.00 M M 4.5 15 150 M M 0 23 170
23 106 68 87 7 0 22 0.00 M M 4.8 14 160 M M 0 8 18 160
24 104 70 87 7 0 22 0.00 M M 4.0 16 150 M M 0 8 21 140
25 102 67 85 5 0 20 0.00 M M 4.0 20 180 M M 0 8 26 180
26 102 63 83 4 0 18 0.00 M M 4.2 16 160 M M 0 8 22 160
27 100 63 82 3 0 17 0.00 M M 3.1 14 160 M M 0 8 19 130
28 99 63 81 2 0 16 0.00 M M 2.5 13 150 M M 0 8 15 150
29 103 63 83 4 0 18 0.00 M M 4.0 18 180 M M 0 8 22 180
30 104 66 85 6 0 20 0.00 M M 4.5 17 160 M M 0 8 22 190
31 104 65 85 6 0 20 0.00 M M 2.3 13 210 M M 0 8 18 150
================================================================================
SM 3184 2127 0 648 T 0.0 153.3 M 12
================================================================================
AV102.7 68.6 4.9 FASTST M M 0 MAX(MPH)
MISC ----> 26 170 32 170
================================================================================
NOTES:
# LAST OF SEVERAL OCCURRENCES
COLUMN 17 PEAK WIND IN M.P.H.
PRELIMINARY LOCAL CLIMATOLOGICAL DATA (WS FORM: F-6) , PAGE 2
STATION: REDDING CA AIRPORT AND CITY
MONTH: AUGUST
YEAR: 2022
LATITUDE: 40 30 N
LONGITUDE: 122 18 W
[TEMPERATURE DATA] [PRECIPITATION DATA] SYMBOLS USED IN COLUMN 16
AVERAGE MONTHLY: 85.7 TOTAL FOR MONTH: T 1 = FOG OR MIST
DPTR FM NORMAL: 4.7 DPTR FM NORMAL: -0.13 2 = FOG REDUCING VISIBILITY
HIGHEST: 110 ON 20,17 GRTST 24HR T ON 1- 1 TO 1/4 MILE OR LESS
LOWEST: 61 ON 12,11 3 = THUNDER
SNOW, ICE PELLETS, HAIL 4 = ICE PELLETS
TOTAL MONTH: 0.0 INCH 5 = HAIL
GRTST 24HR 0.0 6 = FREEZING RAIN OR DRIZZLE
GRTST DEPTH: 0 7 = DUSTSTORM OR SANDSTORM:
VSBY 1/2 MILE OR LESS
8 = SMOKE OR HAZE
[NO. OF DAYS WITH] [WEATHER - DAYS WITH] 9 = BLOWING SNOW
X = TORNADO
MAX 32 OR BELOW: 0 0.01 INCH OR MORE: 0
MAX 90 OR ABOVE: 31 0.10 INCH OR MORE: 0
MIN 32 OR BELOW: 0 0.50 INCH OR MORE: 0
MIN 0 OR BELOW: 0 1.00 INCH OR MORE: 0
[HDD (BASE 65) ]
TOTAL THIS MO. 0 CLEAR (SCALE 0-3) 30
DPTR FM NORMAL 0 PTCLDY (SCALE 4-7) 1
TOTAL FM JUL 1 0 CLOUDY (SCALE 8-10) 0
DPTR FM NORMAL 0
[CDD (BASE 65) ]
TOTAL THIS MO. 648
DPTR FM NORMAL 152 [PRESSURE DATA]
TOTAL FM JAN 1 1891 HIGHEST SLP 30.03 ON 10
DPTR FM NORMAL 262 LOWEST SLP 29.63 ON 19
[REMARKS]
#FINAL-08-22#