000
CXUS52 KRAH 010945
CF6RDU
PRELIMINARY LOCAL CLIMATOLOGICAL DATA (WS FORM: F-6)
STATION: RALEIGH NC
MONTH: JANUARY
YEAR: 2023
LATITUDE: 35 52 N
LONGITUDE: 78 47 W
TEMPERATURE IN F: :PCPN: SNOW: WIND :SUNSHINE: SKY :PK WND
================================================================================
1 2 3 4 5 6A 6B 7 8 9 10 11 12 13 14 15 16 17 18
12Z AVG MX 2MIN
DY MAX MIN AVG DEP HDD CDD WTR SNW DPTH SPD SPD DIR MIN PSBL S-S WX SPD DR
================================================================================
1 66 48 57 15 8 0 0.00 0.0 0 4.4 12 240 M M 6 1 14 300
2 63 43 53 11 12 0 0.00 0.0 0 2.9 12 230 M M 7 12 14 230
3 73 52 63 21 2 0 T 0.0 0 10.1 20 220 M M 9 1 25 220
4 68 61 65 23 0 0 0.54 0.0 0 11.0 23 230 M M 10 13 29 230
5 70 47 59 17 6 0 0.00 0.0 0 7.0 18 230 M M 5 1 23 220
6 59 40 50 8 15 0 0.00 0.0 0 4.2 13 250 M M 2 19 270
7 54 33 44 2 21 0 0.00 0.0 0 1.7 12 230 M M 6 13 240
8 41 31 36 -6 29 0 0.12 0.0 0 3.5 10 70 M M 8 1 16 360
9 55 32 44 2 21 0 0.04 0.0 0 3.8 13 330 M M 4 12 21 340
10 59 29 44 2 21 0 0.00 0.0 0 3.0 13 240 M M 6 17 250
11 62 32 47 5 18 0 0.00 0.0 0 4.7 12 150 M M 7 16 160
12 68 53 61 19 4 0 0.38 0.0 0 9.2 24 250 M M 9 1 37 290
13 57 43 50 8 15 0 0.15 T 0 9.2 21 230 M M 7 14 29 230
14 45 33 39 -3 26 0 0.01 T 0 7.6 14 320 M M 7 4 23 320
15 52 29 41 -1 24 0 0.00 0.0 0 3.4 12 330 M M 1 17 360
16 58 25 42 0 23 0 0.00 0.0 0 2.9 9 210 M M 6 13 250
17 52 45 49 7 16 0 0.14 0.0 0 8.4 15 230 M M 10 1 20 230
18 69 50 60 18 5 0 0.00 0.0 M 7.6 15 240 M M 9 1 23 240
19 73 52 63 21 2 0 T 0.0 0 12.1 28 210 M M 8 38 210
20 63 41 52 10 13 0 0.00 0.0 0 7.6 18 260 M M 3 26 270
21 51 32 42 0 23 0 0.00 0.0 0 1.7 9 40 M M 6 14 310
22 46 37 42 0 23 0 0.71 0.0 0 4.8 13 90 M M 10 1 16 100
23 55 34 45 3 20 0 0.08 0.0 0 7.2 17 280 M M 7 1 26 290
24 58 29 44 2 21 0 0.00 0.0 0 2.4 10 240 M M 2 16 220
25 65 36 51 9 14 0 0.48 0.0 0 9.7 22 280 M M 10 1 29 220
26 61 38 50 8 15 0 0.02 0.0 0 6.5 21 230 M M 5 28 240
27 52 30 41 -1 24 0 0.00 0.0 0 5.1 15 230 M M 3 23 230
28 62 30 46 4 19 0 0.00 0.0 0 5.1 14 230 M M 3 17 210
29 62 36 49 7 16 0 0.04 0.0 0 4.8 15 190 M M 7 1 18 190
30 67 50 59 17 6 0 0.29 0.0 0 2.5 8 160 M M 9 1 11 180
31 59 50 55 12 10 0 0.11 0.0 0 5.6 14 200 M M 10 12 17 200
================================================================================
SM 1845 1221 472 0 3.11 T 179.7 M 202
================================================================================
AV 59.5 39.4 5.8 FASTST M M 7 MAX(MPH)
MISC ----> 28 210 38 210
================================================================================
NOTES:
# LAST OF SEVERAL OCCURRENCES
COLUMN 17 PEAK WIND IN M.P.H.
PRELIMINARY LOCAL CLIMATOLOGICAL DATA (WS FORM: F-6) , PAGE 2
STATION: RALEIGH NC
MONTH: JANUARY
YEAR: 2023
LATITUDE: 35 52 N
LONGITUDE: 78 47 W
[TEMPERATURE DATA] [PRECIPITATION DATA] SYMBOLS USED IN COLUMN 16
AVERAGE MONTHLY: 49.5 TOTAL FOR MONTH: 3.11 1 = FOG OR MIST
DPTR FM NORMAL: 7.6 DPTR FM NORMAL: -0.32 2 = FOG REDUCING VISIBILITY
HIGHEST: 73 ON 19, 3 GRTST 24HR 0.73 ON 22-23 TO 1/4 MILE OR LESS
LOWEST: 25 ON 16 3 = THUNDER
SNOW, ICE PELLETS, HAIL 4 = ICE PELLETS
TOTAL MONTH: T 5 = HAIL
GRTST 24HR T ON 13-13 6 = FREEZING RAIN OR DRIZZLE
GRTST DEPTH: 0 7 = DUSTSTORM OR SANDSTORM:
VSBY 1/2 MILE OR LESS
8 = SMOKE OR HAZE
[NO. OF DAYS WITH] [WEATHER - DAYS WITH] 9 = BLOWING SNOW
X = TORNADO
MAX 32 OR BELOW: 0 0.01 INCH OR MORE: 14
MAX 90 OR ABOVE: 0 0.10 INCH OR MORE: 9
MIN 32 OR BELOW: 10 0.50 INCH OR MORE: 2
MIN 0 OR BELOW: 0 1.00 INCH OR MORE: 0
[HDD (BASE 65) ]
TOTAL THIS MO. 472 CLEAR (SCALE 0-3) 5
DPTR FM NORMAL -246 PTCLDY (SCALE 4-7) 16
TOTAL FM JUL 1 1624 CLOUDY (SCALE 8-10) 10
DPTR FM NORMAL -315
[CDD (BASE 65) ]
TOTAL THIS MO. 0
DPTR FM NORMAL 0 [PRESSURE DATA]
TOTAL FM JAN 1 0 HIGHEST SLP 30.43 ON 28
DPTR FM NORMAL 0 LOWEST SLP 29.63 ON 26
[REMARKS]
#FINAL-01-23#