000
CXUS52 KRAH 010845
CF6RDU
PRELIMINARY LOCAL CLIMATOLOGICAL DATA (WS FORM: F-6)
STATION: RALEIGH NC
MONTH: OCTOBER
YEAR: 2022
LATITUDE: 35 52 N
LONGITUDE: 78 47 W
TEMPERATURE IN F: :PCPN: SNOW: WIND :SUNSHINE: SKY :PK WND
================================================================================
1 2 3 4 5 6A 6B 7 8 9 10 11 12 13 14 15 16 17 18
12Z AVG MX 2MIN
DY MAX MIN AVG DEP HDD CDD WTR SNW DPTH SPD SPD DIR MIN PSBL S-S WX SPD DR
================================================================================
1 66 58 62 -5 3 0 0.01 0.0 0 7.2 20 140 M M 10 1 26 150
2 66 53 60 -7 5 0 0.14 0.0 0 5.6 14 30 M M 9 1 22 30
3 68 51 60 -7 5 0 0.01 0.0 0 9.3 20 40 M M 8 1 29 30
4 72 49 61 -5 4 0 T 0.0 0 5.1 16 300 M M 6 26 280
5 76 45 61 -5 4 0 0.00 0.0 0 2.6 13 10 M M 2 18 20
6 83 51 67 1 0 2 0.00 0.0 0 2.2 14 230 M M 2 18 240
7 84 54 69 4 0 4 0.00 0.0 0 2.3 13 240 M M 2 18 230
8 67 47 57 -8 8 0 0.00 0.0 0 5.3 16 50 M M 5 21 50
9 72 42 57 -7 8 0 0.00 0.0 0 2.3 12 230 M M 2 16 260
10 74 49 62 -2 3 0 0.00 0.0 0 2.6 12 30 M M 5 15 30
11 73 43 58 -6 7 0 0.00 0.0 0 1.5 9 40 M M 4 1 12 40
12 78 49 64 1 1 0 0.02 0.0 0 4.8 13 180 M M 7 17 160
13 79 62 71 8 0 6 0.08 0.0 0 5.6 14 230 M M 8 1 18 250
14 73 50 62 0 3 0 0.00 0.0 0 2.8 13 40 M M 3 21 360
15 80 46 63 1 2 0 0.00 0.0 0 6.0 18 220 M M 1 23 230
16 82 55 69 7 0 4 T 0.0 0 6.7 13 230 M M 7 17 330
17 80 59 70 9 0 5 0.58 0.0 0 4.9 20 230 M M 8 13 30 280
18 59 39 49 -12 16 0 0.00 0.0 0 5.3 13 300 M M 2 20 290
19 60 34 47 -13 18 0 0.00 0.0 0 3.8 15 250 M M 1 23 300
20 67 35 51 -9 14 0 0.00 0.0 0 3.5 18 230 M M 2 1 22 240
21 71 36 54 -6 11 0 0.00 0.0 0 1.2 9 220 M M 1 11 90
22 74 40 57 -2 8 0 0.00 0.0 0 2.9 8 50 M M 3 11 50
23 70 49 60 1 5 0 0.00 0.0 0 3.4 15 30 M M 6 23 30
24 77 49 63 4 2 0 0.00 0.0 0 1.8 9 80 M M 3 1 12 50
25 73 49 61 3 4 0 0.00 0.0 0 2.9 10 120 M M 7 12 12 110
26 70 55 63 5 2 0 0.00 0.0 0 3.8 10 230 M M 8 12 14 210
27 66 50 58 0 7 0 0.00 0.0 M 6.5 16 30 M M 5 23 40
28 67 47 57 0 8 0 T 0.0 0 8.1 16 30 M M 6 22 30
29 64 54 59 2 6 0 0.01 0.0 0 7.8 15 30 M M 10 1 20 30
30 66 53 60 4 5 0 0.00 0.0 0 3.4 10 50 M M 9 13 50
31 71 57 64 8 1 0 0.43 0.0 0 3.6 24 170 M M 9 13 29 180
================================================================================
SM 2228 1510 160 21 1.28 0.0 134.8 M 161
================================================================================
AV 71.9 48.7 4.3 FASTST M M 5 MAX(MPH)
MISC ----> 24 170 30 280
================================================================================
NOTES:
# LAST OF SEVERAL OCCURRENCES
COLUMN 17 PEAK WIND IN M.P.H.
PRELIMINARY LOCAL CLIMATOLOGICAL DATA (WS FORM: F-6) , PAGE 2
STATION: RALEIGH NC
MONTH: OCTOBER
YEAR: 2022
LATITUDE: 35 52 N
LONGITUDE: 78 47 W
[TEMPERATURE DATA] [PRECIPITATION DATA] SYMBOLS USED IN COLUMN 16
AVERAGE MONTHLY: 60.3 TOTAL FOR MONTH: 1.28 1 = FOG OR MIST
DPTR FM NORMAL: -1.4 DPTR FM NORMAL: -2.09 2 = FOG REDUCING VISIBILITY
HIGHEST: 84 ON 7 GRTST 24HR 2.74 ON 30- 1 TO 1/4 MILE OR LESS
LOWEST: 34 ON 19 3 = THUNDER
SNOW, ICE PELLETS, HAIL 4 = ICE PELLETS
TOTAL MONTH: 0.0 INCH 5 = HAIL
GRTST 24HR 0.0 6 = FREEZING RAIN OR DRIZZLE
GRTST DEPTH: 0 7 = DUSTSTORM OR SANDSTORM:
VSBY 1/2 MILE OR LESS
8 = SMOKE OR HAZE
[NO. OF DAYS WITH] [WEATHER - DAYS WITH] 9 = BLOWING SNOW
X = TORNADO
MAX 32 OR BELOW: 0 0.01 INCH OR MORE: 8
MAX 90 OR ABOVE: 0 0.10 INCH OR MORE: 3
MIN 32 OR BELOW: 0 0.50 INCH OR MORE: 1
MIN 0 OR BELOW: 0 1.00 INCH OR MORE: 0
[HDD (BASE 65) ]
TOTAL THIS MO. 160 CLEAR (SCALE 0-3) 11
DPTR FM NORMAL 0 PTCLDY (SCALE 4-7) 14
TOTAL FM JUL 1 178 CLOUDY (SCALE 8-10) 6
DPTR FM NORMAL 4
[CDD (BASE 65) ]
TOTAL THIS MO. 21
DPTR FM NORMAL -35 [PRESSURE DATA]
TOTAL FM JAN 1 2088 HIGHEST SLP 30.39 ON 29
DPTR FM NORMAL 293 LOWEST SLP 29.58 ON 17
[REMARKS]
#FINAL-10-22#