000
CXUS52 KRAH 011449
CLMRDU
CLIMATE REPORT
NATIONAL WEATHER SERVICE RALEIGH NC
949 AM EST FRI DEC 01 2023
...................................
...THE RALEIGH NC CLIMATE SUMMARY FOR THE MONTH OF NOVEMBER 2023...
CLIMATE NORMAL PERIOD 1991 TO 2020
CLIMATE RECORD PERIOD 1887 TO 2023
WEATHER OBSERVED NORMAL DEPART LAST YEAR`S
VALUE DATE(S) VALUE FROM VALUE
NORMAL
..............................................................
TEMPERATURE (F)
RECORD
HIGH 88 11/01/1950
LOW 11 11/25/1970
HIGHEST 83 11/09 84
LOWEST 23 11/29 26
AVG. MAXIMUM 64.8 63.0 1.8 67.0
AVG. MINIMUM 39.5 40.0 -0.5 45.1
MEAN 52.1 51.5 0.6 56.1
DAYS MAX >= 90 0 0
DAYS MAX <= 32 0 0
DAYS MIN <= 32 6 7
DAYS MIN <= 0 0 0
PRECIPITATION (INCHES)
RECORD
MAXIMUM 9.03 2006
TOTALS 1.49 3.32 -1.83 4.95
DAYS >= .01 4
DAYS >= .10 2
DAYS >= .50 2
DAYS >= 1.00 0
GREATEST
24 HR. TOTAL 1.42 11/21 TO 11/22
DEGREE DAYS
HEATING TOTAL 385 412 -27 307
SINCE 7/1 490 587 -97 485
COOLING TOTAL 5 7 -2 47
SINCE 1/1 1920 1802 118 2135
..............................................................
WIND (MPH)
AVERAGE WIND SPEED 4.4
HIGHEST WIND SPEED/DIRECTION 24/220 DATE 11/22
HIGHEST GUST SPEED/DIRECTION 34/200 DATE 11/22
SKY COVER
POSSIBLE SUNSHINE (PERCENT) MM
AVERAGE SKY COVER 0.45
NUMBER OF DAYS FAIR 13
NUMBER OF DAYS PC 10
NUMBER OF DAYS CLOUDY 7
AVERAGE RH (PERCENT) 61
WEATHER CONDITIONS. NUMBER OF DAYS WITH
THUNDERSTORM 0 MIXED PRECIP 0
HEAVY RAIN 1 RAIN 3
LIGHT RAIN 6 FREEZING RAIN 0
LT FREEZING RAIN 0 HAIL 0
HEAVY SNOW 0 SNOW 0
LIGHT SNOW 0 SLEET 0
FOG 5 FOG W/VIS <= 1/4 MILE 0
HAZE 0
- INDICATES NEGATIVE NUMBERS.
R INDICATES RECORD WAS SET OR TIED.
MM INDICATES DATA IS MISSING.
T INDICATES TRACE AMOUNT.
&&
ON NOVEMBER 9TH A RECORD HIGH TEMPERATURE OF 83 DEGREES TIED THE OLD
RECORD SET IN 2005.
$$