000
CXUS56 KBOI 011002
CF6REO
PRELIMINARY LOCAL CLIMATOLOGICAL DATA (WS FORM: F-6)
STATION: ROME OR
MONTH: AUGUST
YEAR: 2023
LATITUDE: 42 35 N
LONGITUDE: 117 52 W
TEMPERATURE IN F: :PCPN: SNOW: WIND :SUNSHINE: SKY :PK WND
================================================================================
1 2 3 4 5 6A 6B 7 8 9 10 11 12 13 14 15 16 17 18
12Z AVG MX 2MIN
DY MAX MIN AVG DEP HDD CDD WTR SNW DPTH SPD SPD DIR MIN PSBL S-S WX SPD DR
================================================================================
1 98 52 75 0 0 10 0.00 M M 6.3 14 180 M M 0 21 280
2 95 70 83 8 0 18 0.00 M M 7.9 20 140 M M 0 26 90
3 93 61 77 3 0 12 0.29 M M 10.2 32 90 M M 0 45 90
4 84 57 71 -3 0 6 0.82 M M 5.5 37 200 M M 0 48 200
5 85 53 69 -5 0 4 0.00 M M 4.7 17 180 M M 0 23 160
6 84 55 70 -4 0 5 0.00 M M 8.0 22 240 M M 0 30 250
7 76 55 66 -8 0 1 0.00 M M 6.1 29 10 M M 0 38 10
8 86 47 67 -7 0 2 0.00 M M 4.7 13 260 M M 0 18 270
9 92 54 73 -1 0 8 0.00 M M 8.6 24 240 M M 0 36 260
10 91 55 73 0 0 8 0.00 M M 4.3 16 280 M M 0 26 270
11 94 55 75 2 0 10 0.00 M M 6.2 16 350 M M 0 21 260
12 95 55 75 2 0 10 0.00 M M 6.3 18 360 M M 0 26 350
13 93 53 73 0 0 8 0.00 M M 6.0 15 20 M M 0 19 20
14 100 52 76 4 0 11 0.00 M M 4.3 14 40 M M 0 19 30
15 100 62 81 9 0 16 0.00 M M 6.0 14 160 M M 0 19 160
16 103 62 83 11 0 18 0.00 M M 7.3 23 240 M M 0 30 230
17 95 70 83 11 0 18 0.00 M M 7.5 26 250 M M 0 34 260
18 94 61 78 7 0 13 0.00 M M 8.1 21 280 M M 0 30 290
19 89 57 73 2 0 8 0.69 M M 7.3 41 240 M M 0 51 240
20 77 64 71 0 0 6 0.00 M M 7.1 18 170 M M 0 26 160
21 71 59 65 -6 0 0 0.70 M M 9.7 20 230 M M 0 27 230
22 76 56 66 -4 0 1 0.02 M M 7.6 23 230 M M 0 32 230
23 83 50 67 -3 0 2 0.00 M M 3.7 12 260 M M 0 16 290
24 91 51 71 1 0 6 0.00 M M 5.9 15 60 M M 0 20 60
25 89 62 76 6 0 11 0.00 M M 5.7 17 240 M M 0 23 240
26 94 59 77 8 0 12 0.00 M M 6.2 23 360 M M 0 33 360
27 95 57 76 7 0 11 0.00 M M 5.7 12 60 M M 0 19 40
28 97 57 77 8 0 12 0.00 M M 4.6 14 210 M M 0 18 200
29 88 53 71 3 0 6 0.00 M M 11.5 30 250 M M 0 40 250
30 78 42 60 -8 5 0 0.00 M M 5.2 10 70 M M 0 14 10
31 89 42 66 -2 0 1 0.00 M M 6.0 26 200 M M 0 39 200
================================================================================
SM 2775 1738 5 254 2.52 M 204.2 M 0
================================================================================
AV 89.5 56.1 6.6 FASTST M M 0 MAX(MPH)
MISC ----> 41 240 51 240
================================================================================
NOTES:
# LAST OF SEVERAL OCCURRENCES
COLUMN 17 PEAK WIND IN M.P.H.
PRELIMINARY LOCAL CLIMATOLOGICAL DATA (WS FORM: F-6) , PAGE 2
STATION: ROME OR
MONTH: AUGUST
YEAR: 2023
LATITUDE: 42 35 N
LONGITUDE: 117 52 W
[TEMPERATURE DATA] [PRECIPITATION DATA] SYMBOLS USED IN COLUMN 16
AVERAGE MONTHLY: 72.8 TOTAL FOR MONTH: 2.52 1 = FOG OR MIST
DPTR FM NORMAL: 1.1 DPTR FM NORMAL: 2.32 2 = FOG REDUCING VISIBILITY
HIGHEST: 103 ON 16 GRTST 24HR 0.82 ON 4- 4 TO 1/4 MILE OR LESS
LOWEST: 42 ON 31,30 3 = THUNDER
SNOW, ICE PELLETS, HAIL 4 = ICE PELLETS
TOTAL MONTH: M 5 = HAIL
GRTST 24HR M ON M 6 = FREEZING RAIN OR DRIZZLE
GRTST DEPTH: M ON M 7 = DUSTSTORM OR SANDSTORM:
VSBY 1/2 MILE OR LESS
8 = SMOKE OR HAZE
[NO. OF DAYS WITH] [WEATHER - DAYS WITH] 9 = BLOWING SNOW
X = TORNADO
MAX 32 OR BELOW: 0 0.01 INCH OR MORE: 5
MAX 90 OR ABOVE: 17 0.10 INCH OR MORE: 4
MIN 32 OR BELOW: 0 0.50 INCH OR MORE: 3
MIN 0 OR BELOW: 0 1.00 INCH OR MORE: 0
[HDD (BASE 65) ]
TOTAL THIS MO. 5 CLEAR (SCALE 0-3) 31
DPTR FM NORMAL -11 PTCLDY (SCALE 4-7) 0
TOTAL FM JUL 1 5 CLOUDY (SCALE 8-10) 0
DPTR FM NORMAL -16
[CDD (BASE 65) ]
TOTAL THIS MO. 254
DPTR FM NORMAL 30 [PRESSURE DATA]
TOTAL FM JAN 1 639 HIGHEST SLP M ON M
DPTR FM NORMAL 42 LOWEST SLP 29.58 ON 31
[REMARKS]
#FINAL-08-23#