000
CXUS53 KGRB 022214
CF6RHI
PRELIMINARY LOCAL CLIMATOLOGICAL DATA (WS FORM: F-6)
STATION: RHINELANDER WI
MONTH: DECEMBER
YEAR: 2021
LATITUDE: 45 37 N
LONGITUDE: 89 27 W
TEMPERATURE IN F: :PCPN: SNOW: WIND :SUNSHINE: SKY :PK WND
================================================================================
1 2 3 4 5 6A 6B 7 8 9 10 11 12 13 14 15 16 17 18
12Z AVG MX 2MIN
DY MAX MIN AVG DEP HDD CDD WTR SNW DPTH SPD SPD DIR MIN PSBL S-S WX SPD DR
================================================================================
1 41 18 30 6 35 0 T 0.2 2 9.7 20 260 M M 8 1 27 270
2 40 28 34 10 31 0 0.00 0.0 2 8.5 21 300 M M 9 37 300
3 33 28 31 8 34 0 0.02 0.4 2 7.5 17 270 M M 9 1 27 290
4 30 18 24 1 41 0 0.00 0.0 1 10.1 22 270 M M 1 33 290
5 29 20 25 3 40 0 0.50 7.8 8 9.2 21 120 M M 10 126 32 130
6 29 -12 9 -13 56 0 0.02 0.3 6 14.7 28 280 M M 9 189 40 280
7 9 -16 -3 -25 68 0 0.01 0.3 6 4.1 13 190 M M 7 18 15 200
8 18 -14 2 -19 63 0 0.00 0.0 6 2.3 9 260 M M 2 11 270
9 30 17 24 3 41 0 0.06 1.4 6 9.6 21 270 M M 10 18 26 270
10 30 20 25 5 40 0 0.67 8.1 14 5.8 15 300 M M 8 128 24 290
11 32 18 25 5 40 0 0.12 1.7 14 11.6 22 280 M M 5 18 30 360
12 37 16 27 7 38 0 0.00 0.0 11 11.5 18 230 M M 0 8 25 210
13 42 19 31 11 34 0 0.00 0.0 10 5.7 14 230 M M 0 20 230
14 39 21 30 11 35 0 T 0.0 9 11.7 20 120 M M 4 1 29 130
15 54 37 46 27 19 0 0.19 0.0 2 8.7 28 180 M M 10 123 44 180
16 51 11 31 12 34 0 0.02 0.3 2 22.1 41 230 M M 10 168 76 220
17 17 5 11 -7 54 0 T T 2 6.5 20 270 M M 8 8 27 280
18 24 13 19 1 46 0 0.04 0.3 1 3.0 10 310 M M 9 18 14 310
19 25 8 17 -1 48 0 0.00 0.0 1 8.3 17 220 M M 6 27 200
20 29 1 15 -2 50 0 T T 1 9.0 23 270 M M 5 32 260
21 16 5 11 -6 54 0 0.12 3.3 3 8.3 18 290 M M 9 128 29 280
22 13 3 8 -9 57 0 T T 3 4.9 16 280 M M 7 8 22 290
23 31 12 22 5 43 0 0.03 0.2 3 4.2 10 110 M M 6 12 12 110
24 39 11 25 9 40 0 0.07 0.0 1 6.6 17 160 M M 6 12 30 180
25 33 16 25 9 40 0 0.00 0.0 1 5.1 12 310 M M 4 20 310
26 29 13 21 5 44 0 T 0.1 1 7.7 20 80 M M 6 27 110
27 32 9 21 5 44 0 0.38 4.9 6 14.3 24 260 M M 10 68 39 230
28 24 4 14 -2 51 0 0.09 1.8 7 7.5 15 110 M M 7 1 18 100
29 24 2 13 -2 52 0 0.02 0.4 6 8.0 18 280 M M 4 1 28 270
30 23 -1 11 -4 54 0 0.02 0.2 6 5.3 17 240 M M 10 18 25 230
31 25 11 18 3 47 0 0.03 0.6 6 6.7 18 260 M M 10 18 27 270
================================================================================
SM 928 341 1373 0 2.41 32.3 258.2 M 209
================================================================================
AV 29.9 11.0 8.3 FASTST M M 7 MAX(MPH)
MISC ----> 41 230 76 220
================================================================================
NOTES:
# LAST OF SEVERAL OCCURRENCES
COLUMN 17 PEAK WIND IN M.P.H.
PRELIMINARY LOCAL CLIMATOLOGICAL DATA (WS FORM: F-6) , PAGE 2
STATION: RHINELANDER WI
MONTH: DECEMBER
YEAR: 2021
LATITUDE: 45 37 N
LONGITUDE: 89 27 W
[TEMPERATURE DATA] [PRECIPITATION DATA] SYMBOLS USED IN COLUMN 16
AVERAGE MONTHLY: 20.5 TOTAL FOR MONTH: 2.41 1 = FOG OR MIST
DPTR FM NORMAL: 1.6 DPTR FM NORMAL: 1.21 2 = FOG REDUCING VISIBILITY
HIGHEST: 54 ON 15 GRTST 24HR 0.67 ON 10-10 TO 1/4 MILE OR LESS
LOWEST: -16 ON 7 3 = THUNDER
SNOW, ICE PELLETS, HAIL 4 = ICE PELLETS
TOTAL MONTH: 32.3 INCHES 5 = HAIL
GRTST 24HR 8.1 ON 10-10 6 = FREEZING RAIN OR DRIZZLE
GRTST DEPTH: 14 ON 11,10 7 = DUSTSTORM OR SANDSTORM:
VSBY 1/2 MILE OR LESS
8 = SMOKE OR HAZE
[NO. OF DAYS WITH] [WEATHER - DAYS WITH] 9 = BLOWING SNOW
X = TORNADO
MAX 32 OR BELOW: 21 0.01 INCH OR MORE: 18
MAX 90 OR ABOVE: 0 0.10 INCH OR MORE: 6
MIN 32 OR BELOW: 30 0.50 INCH OR MORE: 2
MIN 0 OR BELOW: 4 1.00 INCH OR MORE: 0
[HDD (BASE 65) ]
TOTAL THIS MO. 1373 CLEAR (SCALE 0-3) 4
DPTR FM NORMAL -56 PTCLDY (SCALE 4-7) 14
TOTAL FM JUL 1 3106 CLOUDY (SCALE 8-10) 13
DPTR FM NORMAL -383
[CDD (BASE 65) ]
TOTAL THIS MO. 0
DPTR FM NORMAL 0 [PRESSURE DATA]
TOTAL FM JAN 1 321 HIGHEST SLP 30.45 ON 14
DPTR FM NORMAL 39 LOWEST SLP 28.99 ON 16
[REMARKS]
#FINAL-12-21#