000
CXUS51 KAKQ 011033
CF6RIC
PRELIMINARY LOCAL CLIMATOLOGICAL DATA (WS FORM: F-6)
STATION: RICHMOND VA
MONTH: MAY
YEAR: 2021
LATITUDE: 37 30 N
LONGITUDE: 77 20 W
TEMPERATURE IN F: :PCPN: SNOW: WIND :SUNSHINE: SKY :PK WND
================================================================================
1 2 3 4 5 6A 6B 7 8 9 10 11 12 13 14 15 16 17 18
12Z AVG MX 2MIN
DY MAX MIN AVG DEP HDD CDD WTR SNW DPTH SPD SPD DIR MIN PSBL S-S WX SPD DR
================================================================================
1 72 44 58 -5 7 0 0.00 0.0 0 9.6 22 360 M M 1 27 320
2 85 49 67 4 0 2 0.00 0.0 0 11.1 23 220 M M 6 28 210
3 81 66 74 10 0 9 0.18 0.0 0 11.7 26 210 M M 9 13 35 200
4 90 64 77 13 0 12 0.21 0.0 0 9.6 29 300 M M 5 13 40 300
5 86 59 73 9 0 8 0.02 0.0 0 12.6 24 10 M M 7 1 32 270
6 68 48 58 -6 7 0 0.00 0.0 0 7.2 20 360 M M 3 25 350
7 66 43 55 -9 10 0 0.15 0.0 0 5.4 23 280 M M 6 1 28 300
8 71 42 57 -8 8 0 0.00 0.0 0 9.4 22 270 M M 4 1 28 300
9 78 42 60 -5 5 0 0.00 0.0 0 10.7 23 210 M M 7 29 200
10 71 50 61 -4 4 0 0.04 0.0 0 7.6 20 30 M M 7 1 24 230
11 73 46 60 -6 5 0 T 0.0 0 6.2 15 20 M M 6 19 20
12 64 44 54 -12 11 0 0.00 0.0 0 6.9 18 360 M M 8 24 10
13 73 43 58 -8 7 0 0.00 0.0 0 6.2 17 10 M M 2 22 10
14 74 42 58 -8 7 0 0.00 0.0 0 3.0 16 40 M M 3 20 70
15 79 44 62 -4 3 0 0.00 0.0 0 4.7 10 30 M M 3 M M
16 74 46 60 -7 5 0 0.00 0.0 0 4.0 10 210 M M 8 13 150
17 77 50 64 -3 1 0 0.00 0.0 0 3.5 14 120 M M 7 18 120
18 80 48 64 -3 1 0 0.00 0.0 0 3.3 14 130 M M 5 16 130
19 85 50 68 1 0 3 0.00 0.0 0 3.9 12 210 M M 2 14 220
20 91 55 73 5 0 8 0.00 0.0 0 4.6 21 110 M M 4 25 120
21 83 53 68 0 0 3 0.00 0.0 0 5.4 14 90 M M 1 17 90
22 91 55 73 5 0 8 0.00 0.0 0 4.8 13 250 M M 7 20 300
23 93 69 81 13 0 16 T 0.0 0 7.0 20 250 M M 6 23 260
24 80 62 71 2 0 6 T 0.0 0 10.4 17 90 M M 8 23 50
25 81 62 72 3 0 7 T 0.0 0 5.5 13 150 M M 8 18 150
26 95 68 82 13 0 17 0.00 0.0 0 9.0 22 250 M M 6 1 26 250
27 91 69 80 10 0 15 0.00 0.0 0 5.7 14 320 M M 4 18 30
28 94 66 80 10 0 15 0.28 0.0 0 8.0 30 270 M M 7 1 37 270
29 71 53 62 -8 3 0 0.81 0.0 0 11.7 22 10 M M 10 1 29 360
30 60 51 56 -14 9 0 0.64 0.0 0 10.1 18 10 M M 9 1 23 10
31 76 50 63 -8 2 0 0.00 0.0 0 5.0 13 310 M M 5 17 340
================================================================================
SM 2453 1633 95 129 2.33 0.0 223.8 M 174
================================================================================
AV 79.1 52.7 7.2 FASTST M M 6 MAX(MPH)
MISC ----> 30 270 40 300
================================================================================
NOTES:
# LAST OF SEVERAL OCCURRENCES
COLUMN 17 PEAK WIND IN M.P.H.
PRELIMINARY LOCAL CLIMATOLOGICAL DATA (WS FORM: F-6) , PAGE 2
STATION: RICHMOND VA
MONTH: MAY
YEAR: 2021
LATITUDE: 37 30 N
LONGITUDE: 77 20 W
[TEMPERATURE DATA] [PRECIPITATION DATA] SYMBOLS USED IN COLUMN 16
AVERAGE MONTHLY: 65.9 TOTAL FOR MONTH: 2.33 1 = FOG OR MIST
DPTR FM NORMAL: -0.8 DPTR FM NORMAL: -1.67 2 = FOG REDUCING VISIBILITY
HIGHEST: 95 ON 26 GRTST 24HR 1.08 ON 28-29 TO 1/4 MILE OR LESS
LOWEST: 42 ON 14, 9 3 = THUNDER
SNOW, ICE PELLETS, HAIL 4 = ICE PELLETS
TOTAL MONTH: 0.0 INCH 5 = HAIL
GRTST 24HR 0.0 6 = FREEZING RAIN OR DRIZZLE
GRTST DEPTH: 0 7 = DUSTSTORM OR SANDSTORM:
VSBY 1/2 MILE OR LESS
8 = SMOKE OR HAZE
[NO. OF DAYS WITH] [WEATHER - DAYS WITH] 9 = BLOWING SNOW
X = TORNADO
MAX 32 OR BELOW: 0 0.01 INCH OR MORE: 8
MAX 90 OR ABOVE: 7 0.10 INCH OR MORE: 6
MIN 32 OR BELOW: 0 0.50 INCH OR MORE: 2
MIN 0 OR BELOW: 0 1.00 INCH OR MORE: 0
[HDD (BASE 65) ]
TOTAL THIS MO. 95 CLEAR (SCALE 0-3) 6
DPTR FM NORMAL 23 PTCLDY (SCALE 4-7) 21
TOTAL FM JUL 1 3434 CLOUDY (SCALE 8-10) 4
DPTR FM NORMAL -296
[CDD (BASE 65) ]
TOTAL THIS MO. 129
DPTR FM NORMAL 3 [PRESSURE DATA]
TOTAL FM JAN 1 171 HIGHEST SLP 30.54 ON 21
DPTR FM NORMAL 3 LOWEST SLP 29.68 ON 28
[REMARKS]
#FINAL-05-21#