000
CXUS55 KGJT 010910
CF6RIL
PRELIMINARY LOCAL CLIMATOLOGICAL DATA (WS FORM: F-6)
STATION: RIFLE CO
MONTH: APRIL
YEAR: 2022
LATITUDE: 39 31 N
LONGITUDE: 107 43 W
TEMPERATURE IN F: :PCPN: SNOW: WIND :SUNSHINE: SKY :PK WND
================================================================================
1 2 3 4 5 6A 6B 7 8 9 10 11 12 13 14 15 16 17 18
12Z AVG MX 2MIN
DY MAX MIN AVG DEP HDD CDD WTR SNW DPTH SPD SPD DIR MIN PSBL S-S WX SPD DR
================================================================================
1 58 36 47 2 18 0 0.03 M M 4.5 18 270 M M 3 1 28 250
2 67 31 49 4 16 0 0.00 M M 5.8 31 270 M M 1 46 270
3 56 37 47 2 18 0 T M M 4.0 20 150 M M 5 26 320
4 63 30 47 2 18 0 0.00 M M 6.5 26 260 M M 2 36 270
5 60 33 47 1 18 0 0.00 M M 16.7 43 310 M M 5 59 320
6 50 28 39 -7 26 0 0.00 M M 10.7 23 300 M M 2 33 280
7 60 21 41 -5 24 0 0.00 M M 3.9 16 360 M M 0 24 10
8 68 25 47 1 18 0 0.00 M M 3.9 14 270 M M 0 22 280
9 75 32 54 8 11 0 T M M 8.0 38 240 M M 2 52 250
10 51 36 44 -2 21 0 0.00 M M 11.6 28 300 M M 2 37 300
11 66 32 49 2 16 0 T M M 12.2 37 210 M M 3 3 58 230
12 60 27 44 -3 21 0 0.08 M M 10.8 46 220 M M 9 128 68 220
13 42 24 33 -14 32 0 0.00 M M 8.6 31 260 M M 7 40 250
14 56 21 39 -8 26 0 0.00 M M 6.8 30 260 M M 2 43 280
15 66 28 47 0 18 0 0.00 M M 9.6 32 260 M M 2 46 240
16 68 33 51 3 14 0 T M M 8.5 39 240 M M 3 55 240
17 65 34 50 2 15 0 T M M 7.9 29 260 M M 6 44 210
18 75 30 53 5 12 0 0.00 M M 6.6 28 270 M M 0 37 280
19 78 34 56 8 9 0 0.00 M M 8.8 30 260 M M 1 42 340
20 71 37 54 5 11 0 0.00 M M 10.7 30 260 M M 1 42 250
21 81 37 59 10 6 0 0.00 M M 9.9 36 210 M M 0 49 220
22 75 36 56 7 9 0 0.11 M M 12.6 45 260 M M 4 1 63 260
23 53 36 45 -4 20 0 0.24 M M 10.5 31 260 M M 8 1 40 260
24 54 34 44 -6 21 0 0.03 M M 3.9 21 10 M M 6 32 350
25 61 28 45 -5 20 0 0.00 M M 3.3 15 270 M M 0 21 280
26 70 30 50 0 15 0 0.00 M M 5.2 21 220 M M 0 27 230
27 77 42 60 9 5 0 0.00 M M 5.9 30 260 M M 0 40 260
28 76 37 57 6 8 0 0.00 M M 7.4 24 220 M M 0 35 210
29 64 38 51 0 14 0 0.00 M M 13.3 33 270 M M 3 40 270
30 67 27 47 -5 18 0 0.00 M M 3.8 17 260 M M 0 22 260
================================================================================
SM 1933 954 498 0 0.49 M 241.9 M 77
================================================================================
AV 64.4 31.8 8.1 FASTST M M 3 MAX(MPH)
MISC ----> 46 220 68 220
================================================================================
NOTES:
# LAST OF SEVERAL OCCURRENCES
COLUMN 17 PEAK WIND IN M.P.H.
PRELIMINARY LOCAL CLIMATOLOGICAL DATA (WS FORM: F-6) , PAGE 2
STATION: RIFLE CO
MONTH: APRIL
YEAR: 2022
LATITUDE: 39 31 N
LONGITUDE: 107 43 W
[TEMPERATURE DATA] [PRECIPITATION DATA] SYMBOLS USED IN COLUMN 16
AVERAGE MONTHLY: 48.1 TOTAL FOR MONTH: 0.49 1 = FOG OR MIST
DPTR FM NORMAL: 0.4 DPTR FM NORMAL: -0.52 2 = FOG REDUCING VISIBILITY
HIGHEST: 81 ON 21 GRTST 24HR 0.24 ON 23-23 TO 1/4 MILE OR LESS
LOWEST: 21 ON 14, 7 3 = THUNDER
SNOW, ICE PELLETS, HAIL 4 = ICE PELLETS
TOTAL MONTH: M 5 = HAIL
GRTST 24HR M ON M 6 = FREEZING RAIN OR DRIZZLE
GRTST DEPTH: M ON M 7 = DUSTSTORM OR SANDSTORM:
VSBY 1/2 MILE OR LESS
8 = SMOKE OR HAZE
[NO. OF DAYS WITH] [WEATHER - DAYS WITH] 9 = BLOWING SNOW
X = TORNADO
MAX 32 OR BELOW: 0 0.01 INCH OR MORE: 5
MAX 90 OR ABOVE: 0 0.10 INCH OR MORE: 2
MIN 32 OR BELOW: 15 0.50 INCH OR MORE: 0
MIN 0 OR BELOW: 0 1.00 INCH OR MORE: 0
[HDD (BASE 65) ]
TOTAL THIS MO. 498 CLEAR (SCALE 0-3) 21
DPTR FM NORMAL -20 PTCLDY (SCALE 4-7) 7
TOTAL FM JUL 1 6083 CLOUDY (SCALE 8-10) 2
DPTR FM NORMAL -16
[CDD (BASE 65) ]
TOTAL THIS MO. 0
DPTR FM NORMAL 0 [PRESSURE DATA]
TOTAL FM JAN 1 0 HIGHEST SLP M ON M
DPTR FM NORMAL 0 LOWEST SLP 29.05 ON 11
[REMARKS]
#FINAL-04-22#