000
CXUS55 KRIW 011010
CF6RKS
PRELIMINARY LOCAL CLIMATOLOGICAL DATA (WS FORM: F-6)
STATION: ROCK SPRINGS WY
MONTH: APRIL
YEAR: 2023
LATITUDE: 41 35 N
LONGITUDE: 109 4 W
TEMPERATURE IN F: :PCPN: SNOW: WIND :SUNSHINE: SKY :PK WND
================================================================================
1 2 3 4 5 6A 6B 7 8 9 10 11 12 13 14 15 16 17 18
12Z AVG MX 2MIN
DY MAX MIN AVG DEP HDD CDD WTR SNW DPTH SPD SPD DIR MIN PSBL S-S WX SPD DR
================================================================================
1 47 24 36 -2 29 0 0.00 M M 11.3 26 240 M M 5 38 260
2 36 26 31 -7 34 0 0.05 M M 10.0 23 260 M M 9 1 34 260
3 26 19 23 -16 42 0 M M M 20.7 36 60 M M 10 129 44 50
4 21 13 17 -22 48 0 M M M 24.3 46 40 M M 10 1289 62 50
5 26 11 19 -20 46 0 T M M 14.0 26 260 M M 6 1 33 260
6 30 12 21 -18 44 0 0.00 M M 7.6 16 230 M M 0 22 230
7 35 11 23 -16 42 0 0.00 M M 3.7 9 270 M M 0 13 270
8 43 21 32 -8 33 0 0.00 M M 7.5 16 230 M M 1 1 21 250
9 50 27 39 -1 26 0 0.00 M M 10.4 21 270 M M 0 28 260
10 60 33 47 7 18 0 0.00 M M 6.9 17 170 M M 0 24 170
11 66 30 48 8 17 0 0.00 M M 7.1 23 210 M M 0 1 28 210
12 65 43 54 14 11 0 0.00 M M 15.9 33 200 M M 0 40 210
13 53 25 39 -1 26 0 0.01 M M 14.9 31 260 M M 3 12 39 250
14 37 24 31 -10 34 0 0.00 M M 12.0 26 290 M M 5 35 290
15 43 21 32 -9 33 0 0.00 M M 11.9 21 260 M M 0 31 250
16 58 26 42 1 23 0 0.00 M M 5.2 17 240 M M 0 23 190
17 62 38 50 9 15 0 0.00 M M 8.4 21 270 M M 2 29 270
18 53 24 39 -3 26 0 T M M 16.7 45 280 M M 4 1 63 280
19 35 21 28 -14 37 0 0.00 M M 18.9 33 270 M M 4 43 300
20 39 18 29 -13 36 0 0.00 M M 18.4 26 280 M M 2 36 270
21 43 23 33 -9 32 0 T M M 18.4 35 270 M M 8 18 48 280
22 38 24 31 -11 34 0 0.02 M M 7.0 18 250 M M 8 1 25 250
23 48 22 35 -8 30 0 0.00 M M 8.2 16 280 M M 1 23 250
24 53 28 41 -2 24 0 0.06 M M 8.8 23 270 M M 4 1 30 300
25 39 29 34 -9 31 0 T M M 12.4 23 250 M M 8 1 30 240
26 57 29 43 -1 22 0 0.00 M M 12.4 24 260 M M 1 32 260
27 59 28 44 0 21 0 0.02 M M 19.3 39 280 M M 4 1 55 250
28 58 22 40 -4 25 0 0.00 M M 8.5 21 260 M M 0 27 50
29 70 35 53 8 12 0 0.00 M M 13.8 28 270 M M 0 37 260
30 72 39 56 11 9 0 0.00 M M 7.3 21 290 M M 0 30 260
================================================================================
SM 1422 746 860 0 0.16 M 361.9 M 95
================================================================================
AV 47.4 24.9 12.1 FASTST M M 3 MAX(MPH)
MISC ----> 46 40 63 280
================================================================================
NOTES:
# LAST OF SEVERAL OCCURRENCES
COLUMN 17 PEAK WIND IN M.P.H.
PRELIMINARY LOCAL CLIMATOLOGICAL DATA (WS FORM: F-6) , PAGE 2
STATION: ROCK SPRINGS WY
MONTH: APRIL
YEAR: 2023
LATITUDE: 41 35 N
LONGITUDE: 109 4 W
[TEMPERATURE DATA] [PRECIPITATION DATA] SYMBOLS USED IN COLUMN 16
AVERAGE MONTHLY: 36.1 TOTAL FOR MONTH: 0.16 1 = FOG OR MIST
DPTR FM NORMAL: -5.1 DPTR FM NORMAL: -0.75 2 = FOG REDUCING VISIBILITY
HIGHEST: 72 ON 30 GRTST 24HR 0.10 ON 2- 3 TO 1/4 MILE OR LESS
LOWEST: 11 ON 7, 5 3 = THUNDER
SNOW, ICE PELLETS, HAIL 4 = ICE PELLETS
TOTAL MONTH: M 5 = HAIL
GRTST 24HR M ON M 6 = FREEZING RAIN OR DRIZZLE
GRTST DEPTH: M ON M 7 = DUSTSTORM OR SANDSTORM:
VSBY 1/2 MILE OR LESS
8 = SMOKE OR HAZE
[NO. OF DAYS WITH] [WEATHER - DAYS WITH] 9 = BLOWING SNOW
X = TORNADO
MAX 32 OR BELOW: 4 0.01 INCH OR MORE: 5
MAX 90 OR ABOVE: 0 0.10 INCH OR MORE: 0
MIN 32 OR BELOW: 25 0.50 INCH OR MORE: 0
MIN 0 OR BELOW: 0 1.00 INCH OR MORE: 0
[HDD (BASE 65) ]
TOTAL THIS MO. 860 CLEAR (SCALE 0-3) 17
DPTR FM NORMAL 148 PTCLDY (SCALE 4-7) 10
TOTAL FM JUL 1 7987 CLOUDY (SCALE 8-10) 3
DPTR FM NORMAL 524
[CDD (BASE 65) ]
TOTAL THIS MO. 0
DPTR FM NORMAL 0 [PRESSURE DATA]
TOTAL FM JAN 1 0 HIGHEST SLP 30.45 ON 6
DPTR FM NORMAL 0 LOWEST SLP 29.40 ON 13
[REMARKS]
#FINAL-04-23#