000
CXUS52 KFFC 011110
CF6RMG
PRELIMINARY LOCAL CLIMATOLOGICAL DATA (WS FORM: F-6)
STATION: ROME
MONTH: DECEMBER
YEAR: 2022
LATITUDE: 34 20 N
LONGITUDE: 85 10 W
TEMPERATURE IN F: :PCPN: SNOW: WIND :SUNSHINE: SKY :PK WND
================================================================================
1 2 3 4 5 6A 6B 7 8 9 10 11 12 13 14 15 16 17 18
12Z AVG MX 2MIN
DY MAX MIN AVG DEP HDD CDD WTR SNW DPTH SPD SPD DIR MIN PSBL S-S WX SPD DR
================================================================================
1 54 33 44 -3 21 0 0.00 M M 5.0 14 360 M M 0 20 360
2 63 31 47 0 18 0 0.00 M M 4.4 17 150 M M 3 23 150
3 61 48 55 8 10 0 0.33 M M 2.3 14 20 M M 9 1 19 10
4 56 40 48 1 17 0 0.00 M M 5.0 12 320 M M 4 14 330
5 50 47 49 2 16 0 2.23 M M 3.4 10 150 M M 10 1 15 120
6 57 49 53 7 12 0 0.41 M M 3.5 9 150 M M 10 1 13 170
7 70 55 63 17 2 0 0.08 M M 2.1 9 250 M M 10 12 14 250
8 73 60 67 21 0 2 0.00 M M 2.6 12 220 M M 8 12 16 210
9 66 59 63 17 2 0 0.26 M M 2.1 10 190 M M 10 1 14 180
10 60 54 57 11 8 0 0.07 M M 4.6 12 150 M M 10 1 15 150
11 55 53 54 9 11 0 0.33 M M 3.6 10 170 M M 10 1 14 150
12 61 M M M M M 0.00 M M 4.2 M M M M 7 1 M M
13 53 47 50 5 15 0 0.00 M M 7.6 16 150 M M 10 23 140
14 51 46 49 4 16 0 0.61 M M 7.9 16 130 M M 10 1 24 130
15 55 35 45 0 20 0 0.51 M M 5.1 17 110 M M 4 12 22 260
16 51 30 41 -4 24 0 0.00 M M 4.5 17 270 M M 2 26 290
17 50 30 40 -4 25 0 0.00 M M 5.5 16 270 M M 4 25 260
18 47 25 36 -8 29 0 0.00 M M 5.0 14 350 M M 0 28 340
19 49 24 37 -7 28 0 0.00 M M 2.7 8 70 M M 2 12 70
20 44 39 42 -2 23 0 0.04 M M 2.0 10 130 M M 10 18 14 140
21 53 40 47 3 18 0 0.00 M M 4.0 12 130 M M 10 17 130
22 50 42 46 2 19 0 0.20 M M 5.3 22 270 M M 10 18 34 240
23 50 10 30 -14 35 0 T M M 14.4 31 290 M M 3 1 46 290
24 27 9 18 -25 47 0 0.00 M M 8.5 15 280 M M 1 23 300
25 36 13 25 -18 40 0 0.00 M M 3.4 12 260 M M 0 17 280
26 36 15 26 -17 39 0 0.03 M M 1.0 8 10 M M 4 1 12 350
27 50 26 38 -5 27 0 0.00 M M 0.9 8 190 M M 3 1 12 210
28 59 21 40 -3 25 0 0.00 M M 3.2 13 140 M M 2 22 200
29 70 39 55 12 10 0 0.00 M M 4.6 12 180 M M 4 20 180
30 65 35 50 7 15 0 0.00 M M 3.4 15 130 M M 4 21 150
31 65 47 56 14 9 0 0.04 M M 1.6 9 180 M M 8 12 11 190
================================================================================
SM 1687 1102 581 2 5.14 M 133.4 M 182
================================================================================
AV 54.4 36.7 4.3 FASTST M M 6 MAX(MPH)
MISC ----> 31 290 46 290
================================================================================
NOTES:
# LAST OF SEVERAL OCCURRENCES
COLUMN 17 PEAK WIND IN M.P.H.
PRELIMINARY LOCAL CLIMATOLOGICAL DATA (WS FORM: F-6) , PAGE 2
STATION: ROME
MONTH: DECEMBER
YEAR: 2022
LATITUDE: 34 20 N
LONGITUDE: 85 10 W
[TEMPERATURE DATA] [PRECIPITATION DATA] SYMBOLS USED IN COLUMN 16
AVERAGE MONTHLY: 45.6 TOTAL FOR MONTH: 5.14 1 = FOG OR MIST
DPTR FM NORMAL: 0.9 DPTR FM NORMAL: 0.14 2 = FOG REDUCING VISIBILITY
HIGHEST: 73 ON 8 GRTST 24HR 2.64 ON 5- 6 TO 1/4 MILE OR LESS
LOWEST: 9 ON 24 3 = THUNDER
SNOW, ICE PELLETS, HAIL 4 = ICE PELLETS
TOTAL MONTH: M 5 = HAIL
GRTST 24HR M ON M 6 = FREEZING RAIN OR DRIZZLE
GRTST DEPTH: M ON M 7 = DUSTSTORM OR SANDSTORM:
VSBY 1/2 MILE OR LESS
8 = SMOKE OR HAZE
[NO. OF DAYS WITH] [WEATHER - DAYS WITH] 9 = BLOWING SNOW
X = TORNADO
MAX 32 OR BELOW: 1 0.01 INCH OR MORE: 13
MAX 90 OR ABOVE: 0 0.10 INCH OR MORE: 8
MIN 32 OR BELOW: 11 0.50 INCH OR MORE: 3
MIN 0 OR BELOW: 0 1.00 INCH OR MORE: 1
[HDD (BASE 65) ]
TOTAL THIS MO. 581 CLEAR (SCALE 0-3) 9
DPTR FM NORMAL -49 PTCLDY (SCALE 4-7) 10
TOTAL FM JUL 1 1100 CLOUDY (SCALE 8-10) 12
DPTR FM NORMAL -96
[CDD (BASE 65) ]
TOTAL THIS MO. 2
DPTR FM NORMAL 1 [PRESSURE DATA]
TOTAL FM JAN 1 2099 HIGHEST SLP 30.48 ON 1
DPTR FM NORMAL 260 LOWEST SLP 29.67 ON 15
[REMARKS]
#FINAL-12-22#