000
CXUS52 KFFC 011010
CF6RMG
PRELIMINARY LOCAL CLIMATOLOGICAL DATA (WS FORM: F-6)
STATION: ROME
MONTH: JUNE
YEAR: 2020
LATITUDE: 34 20 N
LONGITUDE: 85 10 W
TEMPERATURE IN F: :PCPN: SNOW: WIND :SUNSHINE: SKY :PK WND
================================================================================
1 2 3 4 5 6A 6B 7 8 9 10 11 12 13 14 15 16 17 18
12Z AVG MX 2MIN
DY MAX MIN AVG DEP HDD CDD WTR SNW DPTH SPD SPD DIR MIN PSBL S-S WX SPD DR
================================================================================
1 85 57 71 -2 0 6 0.00 0.0 M 5.0 13 130 M M 2 18 130
2 88 62 75 2 0 10 0.00 M M 1.6 12 170 M M 2 14 170
3 92 66 79 6 0 14 0.00 M M 3.4 15 300 M M 1 1 20 300
4 89 68 79 5 0 14 0.01 M M 3.6 16 260 M M 2 21 220
5 89 71 80 6 0 15 0.33 M M 3.9 14 260 M M 3 13 19 250
6 91 68 80 6 0 15 0.00 M M 1.8 8 130 M M 0 18 11 150
7 91 70 81 7 0 16 0.00 M M 2.7 12 140 M M 1 16 110
8 87 73 80 5 0 15 0.00 M M 5.8 14 120 M M 5 19 140
9 89 73 81 6 0 16 1.25 M M 4.3 17 250 M M 7 138 26 250
10 90 70 80 5 0 15 0.16 M M 6.3 21 180 M M 7 13 26 260
11 85 63 74 -1 0 9 0.00 M M 6.6 16 10 M M 2 20 10
12 87 68 78 3 0 13 0.00 M M 9.4 18 20 M M 4 23 10
13 88 65 77 1 0 12 0.00 M M 3.9 10 20 M M 3 12 20
14 89 61 75 -1 0 10 0.01 M M 3.4 21 20 M M 1 38 26 20
15 84 60 72 -4 0 7 0.00 M M 3.3 16 90 M M 4 1 23 90
16 81 56 69 -7 0 4 0.00 M M 3.5 10 30 M M 5 13 10
17 77 61 69 -7 0 4 T M M 3.6 10 20 M M 8 13 330
18 85 58 72 -5 0 7 0.00 M M 1.2 9 360 M M 5 1 14 350
19 89 62 76 -1 0 11 0.04 M M 2.4 17 10 M M 2 21 360
20 92 63 78 1 0 13 0.00 0.0 M 2.0 9 340 M M 2 12 14 340
21 92 66 79 2 0 14 0.26 0.0 M 2.6 21 180 M M 2 138 33 170
22 91 66 79 2 0 14 0.00 0.0 M 4.9 17 160 M M 5 123 23 230
23 88 72 80 2 0 15 0.56 0.0 M 6.0 15 280 M M 7 1 20 210
24 78 69 74 -4 0 9 0.21 M M 3.7 13 270 M M 6 13 19 290
25 84 69 77 -1 0 12 0.00 0.0 M 3.3 10 230 M M 7 12 15 230
26 80 68 74 -4 0 9 0.06 0.0 M 4.6 15 280 M M 6 18 22 280
27 85 67 76 -2 0 11 0.32 0.0 M 2.6 26 270 M M 3 138 36 290
28 91 69 80 2 0 15 T 0.0 M 4.9 15 250 M M 5 1 21 250
29 92 70 81 3 0 16 0.03 M M 3.5 23 340 M M 2 13 33 340
30 88 69 79 1 0 14 0.22 0.0 M 3.3 26 330 M M 2 13 33 340
================================================================================
SM 2617 1980 0 355 3.46 0.0 117.1 M 111
================================================================================
AV 87.2 66.0 3.9 FASTST M M 4 MAX(MPH)
MISC ----> # 26 270 36 290
================================================================================
NOTES:
# LAST OF SEVERAL OCCURRENCES
COLUMN 17 PEAK WIND IN M.P.H.
PRELIMINARY LOCAL CLIMATOLOGICAL DATA (WS FORM: F-6) , PAGE 2
STATION: ROME
MONTH: JUNE
YEAR: 2020
LATITUDE: 34 20 N
LONGITUDE: 85 10 W
[TEMPERATURE DATA] [PRECIPITATION DATA] SYMBOLS USED IN COLUMN 16
AVERAGE MONTHLY: 76.6 TOTAL FOR MONTH: 3.46 1 = FOG OR MIST
DPTR FM NORMAL: 0.7 DPTR FM NORMAL: -0.64 2 = FOG REDUCING VISIBILITY
HIGHEST: 92 ON 29,21 GRTST 24HR 1.27 ON 9-10 TO 1/4 MILE OR LESS
LOWEST: 56 ON 16 3 = THUNDER
SNOW, ICE PELLETS, HAIL 4 = ICE PELLETS
TOTAL MONTH: 0.0 INCH 5 = HAIL
GRTST 24HR 0.0 6 = FREEZING RAIN OR DRIZZLE
GRTST DEPTH: M ON M 7 = DUSTSTORM OR SANDSTORM:
VSBY 1/2 MILE OR LESS
8 = SMOKE OR HAZE
[NO. OF DAYS WITH] [WEATHER - DAYS WITH] 9 = BLOWING SNOW
X = TORNADO
MAX 32 OR BELOW: 0 0.01 INCH OR MORE: 13
MAX 90 OR ABOVE: 9 0.10 INCH OR MORE: 8
MIN 32 OR BELOW: 0 0.50 INCH OR MORE: 2
MIN 0 OR BELOW: 0 1.00 INCH OR MORE: 1
[HDD (BASE 65) ]
TOTAL THIS MO. 0 CLEAR (SCALE 0-3) 13
DPTR FM NORMAL -1 PTCLDY (SCALE 4-7) 17
TOTAL FM JUL 1 2506 CLOUDY (SCALE 8-10) 0
DPTR FM NORMAL -743
[CDD (BASE 65) ]
TOTAL THIS MO. 355
DPTR FM NORMAL 25 [PRESSURE DATA]
TOTAL FM JAN 1 558 HIGHEST SLP 30.23 ON 16
DPTR FM NORMAL 60 LOWEST SLP 29.80 ON 23
[REMARKS]
#FINAL-06-20#