000
CXUS56 KSGX 011045
CF6RNM
PRELIMINARY LOCAL CLIMATOLOGICAL DATA (WS FORM: F-6)
STATION: RAMONA AIRPORT CA
MONTH: SEPTEMBER
YEAR: 2022
LATITUDE: 33 2 N
LONGITUDE: 116 55 W
TEMPERATURE IN F: :PCPN: SNOW: WIND :SUNSHINE: SKY :PK WND
================================================================================
1 2 3 4 5 6A 6B 7 8 9 10 11 12 13 14 15 16 17 18
12Z AVG MX 2MIN
DY MAX MIN AVG DEP HDD CDD WTR SNW DPTH SPD SPD DIR MIN PSBL S-S WX SPD DR
================================================================================
1 104 66 85 11 0 20 0.00 M M 3.5 14 210 M M 0 25 180
2 102 69 86 12 0 21 0.00 M M 4.8 16 270 M M 1 30 230
3 103 71 87 13 0 22 0.02 M M 5.9 18 270 M M 1 29 310
4 104 72 88 14 0 23 T M M 6.1 21 270 M M 2 3 24 280
5 104 68 86 12 0 21 0.00 M M 4.6 16 270 M M 0 35 240
6 104 63 84 11 0 19 0.00 M M 4.2 16 280 M M 0 26 230
7 107 66 87 14 0 22 0.00 M M 4.7 21 100 M M 1 28 90
8 99 67 83 10 0 18 T M M 4.4 17 300 M M 1 20 290
9 88 70 79 6 0 14 0.32 M M 12.2 29 60 M M 7 128 47 30
10 80 70 75 3 0 10 T M M 6.2 13 290 M M 7 8 15 280
11 89 69 79 7 0 14 0.62 M M 4.4 29 110 M M 6 13 38 110
12 84 69 77 5 0 12 0.01 M M 4.1 15 260 M M 7 1 18 270
13 84 65 75 3 0 10 0.00 M M 4.9 17 270 M M 6 12 21 260
14 81 58 70 -2 0 5 0.00 M M 4.6 15 270 M M 4 12 20 270
15 83 55 69 -2 0 4 0.00 M M 4.4 14 250 M M 4 18 270
16 83 51 67 -4 0 2 0.00 M M 4.1 14 260 M M 0 1 20 260
17 82 51 67 -4 0 2 0.00 M M 3.5 15 290 M M 5 128 18 270
18 81 54 68 -3 0 3 0.00 M M 4.6 14 270 M M 4 18 270
19 84 53 69 -1 0 4 0.00 M M 4.4 15 260 M M 3 12 19 280
20 86 51 69 -1 0 4 0.00 M M 4.8 15 270 M M 2 12 18 270
21 83 52 68 -2 0 3 0.00 M M 4.9 15 260 M M 2 1 21 310
22 91 48 70 0 0 5 0.00 M M 3.8 14 260 M M 0 18 290
23 90 59 75 5 0 10 0.00 M M 1.4 10 310 M M 0 M M
24 94 59 77 8 0 12 0.00 M M 4.7 14 260 M M 0 31 310
25 94 57 76 7 0 11 0.00 M M 4.3 16 310 M M 0 23 310
26 95 60 78 9 0 13 0.00 M M 4.3 16 300 M M 0 28 320
27 100 59 80 12 0 15 0.00 M M 4.6 15 260 M M 0 28 320
28 99 60 80 12 0 15 0.00 M M 3.2 M 310 M M M M 310
29 92 58 75 7 0 10 0.00 M M 4.5 14 290 M M 2 25 300
30 85 52 69 1 0 4 0.00 M M 5.1 14 320 M M 2 12 22 260
================================================================================
SM 2755 1822 0 348 0.97 M 141.2 M 67
================================================================================
AV 91.8 60.7 4.7 FASTST M M 2 MAX(MPH)
MISC ----> # 29 60 47 30
================================================================================
NOTES:
# LAST OF SEVERAL OCCURRENCES
COLUMN 17 PEAK WIND IN M.P.H.
PRELIMINARY LOCAL CLIMATOLOGICAL DATA (WS FORM: F-6) , PAGE 2
STATION: RAMONA AIRPORT CA
MONTH: SEPTEMBER
YEAR: 2022
LATITUDE: 33 2 N
LONGITUDE: 116 55 W
[TEMPERATURE DATA] [PRECIPITATION DATA] SYMBOLS USED IN COLUMN 16
AVERAGE MONTHLY: 76.3 TOTAL FOR MONTH: 0.97 1 = FOG OR MIST
DPTR FM NORMAL: 5.1 DPTR FM NORMAL: 0.82 2 = FOG REDUCING VISIBILITY
HIGHEST: 107 ON 7 GRTST 24HR 0.63 ON 11-12 TO 1/4 MILE OR LESS
LOWEST: 48 ON 22 3 = THUNDER
SNOW, ICE PELLETS, HAIL 4 = ICE PELLETS
TOTAL MONTH: M 5 = HAIL
GRTST 24HR M ON M 6 = FREEZING RAIN OR DRIZZLE
GRTST DEPTH: M ON M 7 = DUSTSTORM OR SANDSTORM:
VSBY 1/2 MILE OR LESS
8 = SMOKE OR HAZE
[NO. OF DAYS WITH] [WEATHER - DAYS WITH] 9 = BLOWING SNOW
X = TORNADO
MAX 32 OR BELOW: 0 0.01 INCH OR MORE: 4
MAX 90 OR ABOVE: 16 0.10 INCH OR MORE: 2
MIN 32 OR BELOW: 0 0.50 INCH OR MORE: 1
MIN 0 OR BELOW: 0 1.00 INCH OR MORE: 0
[HDD (BASE 65) ]
TOTAL THIS MO. 0 CLEAR (SCALE 0-3) 19
DPTR FM NORMAL -11 PTCLDY (SCALE 4-7) 10
TOTAL FM JUL 1 0 CLOUDY (SCALE 8-10) 1
DPTR FM NORMAL -10
[CDD (BASE 65) ]
TOTAL THIS MO. 348
DPTR FM NORMAL 152 [PRESSURE DATA]
TOTAL FM JAN 1 1297 HIGHEST SLP 30.01 ON 24
DPTR FM NORMAL 409 LOWEST SLP 29.49 ON 9
[REMARKS]
#FINAL-09-22#