000
CXUS55 KREV 012354
CF6RNO
PRELIMINARY LOCAL CLIMATOLOGICAL DATA (WS FORM: F-6)
STATION: RENO-TAHOE INTL AIRPORT NV
MONTH: JULY
YEAR: 2020
LATITUDE: 39 30 N
LONGITUDE: 119 47 W
TEMPERATURE IN F: :PCPN: SNOW: WIND :SUNSHINE: SKY :PK WND
================================================================================
1 2 3 4 5 6A 6B 7 8 9 10 11 12 13 14 15 16 17 18
12Z AVG MX 2MIN
DY MAX MIN AVG DEP HDD CDD WTR SNW DPTH SPD SPD DIR MIN PSBL S-S WX SPD DR
================================================================================
1 87 55 71 -1 0 6 0.00 0.0 0 7.9 24 290 M M 1 32 290
2 88 56 72 0 0 7 0.00 0.0 0 6.9 22 280 M M 2 27 280
3 89 55 72 -1 0 7 0.00 0.0 0 8.0 26 290 M M 1 34 280
4 90 54 72 -1 0 7 0.00 0.0 0 8.0 23 290 M M 0 29 290
5 93 55 74 1 0 9 0.00 0.0 0 7.9 25 280 M M 0 32 280
6 93 55 74 0 0 9 0.00 0.0 0 7.7 33 280 M M 0 39 270
7 89 53 71 -3 0 6 0.00 0.0 0 7.8 22 270 M M 0 27 280
8 90 56 73 -1 0 8 0.00 0.0 0 8.2 24 280 M M 1 31 280
9 91 56 74 0 0 9 0.00 0.0 0 9.8 26 290 M M 0 31 290
10 97 57 77 3 0 12 0.00 0.0 0 6.0 20 280 M M M 26 280
11 98 59 79 4 0 14 0.00 0.0 0 7.8 25 300 M M M 31 280
12 98 61 80 5 0 15 0.00 0.0 0 6.9 30 260 M M 0 39 250
13 96 58 77 2 0 12 0.00 0.0 0 7.6 25 290 M M 0 31 290
14 95 60 78 3 0 13 0.00 0.0 0 3.8 20 360 M M 0 22 10
15 96 64 80 5 0 15 0.00 0.0 0 4.6 16 30 M M 2 19 30
16 99 62 81 5 0 16 T 0.0 0 5.4 40 190 M M 4 3 50 220
17 98 64 81 5 0 16 T 0.0 0 7.6 25 300 M M 1 32 290
18 98 61 80 4 0 15 0.00 0.0 0 6.2 26 270 M M 2 31 290
19 100 64 82 6 0 17 0.00 0.0 0 7.2 31 180 M M 3 38 160
20 99 64 82 6 0 17 T 0.0 0 6.0 26 290 M M 5 34 280
21 100 66 83 7 0 18 T 0.0 0 6.2 28 160 M M 5 3 39 180
22 92 66 79 3 0 14 0.11 0.0 0 6.3 39 190 M M 6 3 54 200
23 90 57 74 -2 0 9 0.00 0.0 0 8.1 35 170 M M 3 41 180
24 92 61 77 1 0 12 0.01 0.0 0 6.1 28 180 M M 3 3 34 190
25 94 60 77 1 0 12 0.00 0.0 0 6.5 24 290 M M 2 31 270
26 98 63 81 5 0 16 0.12 0.0 0 5.6 23 290 M M 4 3 34 140
27 93 63 78 2 0 13 T 0.0 0 6.8 25 300 M M 5 3 30 290
28 96 61 79 3 0 14 0.00 0.0 0 6.9 18 270 M M 1 27 280
29 98 65 82 6 0 17 0.00 0.0 0 6.4 22 290 M M 0 27 290
30 99 61 80 4 0 15 0.00 0.0 0 6.6 23 290 M M 0 29 290
31 98 60 79 3 0 14 0.00 0.0 0 6.0 23 290 M M 0 31 280
================================================================================
SM 2934 1852 0 384 0.24 0.0 212.8 M 51
================================================================================
AV 94.6 59.7 6.9 FASTST M M 2 MAX(MPH)
MISC ----> 40 190 54 200
================================================================================
NOTES:
# LAST OF SEVERAL OCCURRENCES
COLUMN 17 PEAK WIND IN M.P.H.
PRELIMINARY LOCAL CLIMATOLOGICAL DATA (WS FORM: F-6) , PAGE 2
STATION: RENO-TAHOE INTL AIRPORT NV
MONTH: JULY
YEAR: 2020
LATITUDE: 39 30 N
LONGITUDE: 119 47 W
[TEMPERATURE DATA] [PRECIPITATION DATA] SYMBOLS USED IN COLUMN 16
AVERAGE MONTHLY: 77.2 TOTAL FOR MONTH: 0.24 1 = FOG OR MIST
DPTR FM NORMAL: 2.3 DPTR FM NORMAL: 0.06 2 = FOG REDUCING VISIBILITY
HIGHEST: 100 ON 21,19 GRTST 24HR 0.12 ON 26-26 TO 1/4 MILE OR LESS
LOWEST: 53 ON 7 3 = THUNDER
SNOW, ICE PELLETS, HAIL 4 = ICE PELLETS
TOTAL MONTH: 0.0 INCH 5 = HAIL
GRTST 24HR 0.0 6 = FREEZING RAIN OR DRIZZLE
GRTST DEPTH: 0 7 = DUSTSTORM OR SANDSTORM:
VSBY 1/2 MILE OR LESS
8 = SMOKE OR HAZE
[NO. OF DAYS WITH] [WEATHER - DAYS WITH] 9 = BLOWING SNOW
X = TORNADO
MAX 32 OR BELOW: 0 0.01 INCH OR MORE: 3
MAX 90 OR ABOVE: 27 0.10 INCH OR MORE: 2
MIN 32 OR BELOW: 0 0.50 INCH OR MORE: 0
MIN 0 OR BELOW: 0 1.00 INCH OR MORE: 0
[HDD (BASE 65) ]
TOTAL THIS MO. 0 CLEAR (SCALE 0-3) 22
DPTR FM NORMAL -5 PTCLDY (SCALE 4-7) 7
TOTAL FM JUL 1 0 CLOUDY (SCALE 8-10) 2
DPTR FM NORMAL 0
[CDD (BASE 65) ]
TOTAL THIS MO. 384
DPTR FM NORMAL 70 [PRESSURE DATA]
TOTAL FM JAN 1 604 HIGHEST SLP M ON M
DPTR FM NORMAL 117 LOWEST SLP 25.63 ON 31
[REMARKS]
...THE RENO-TAHOE INTL AIRPORT NV CLIMATE SUMMARY FOR THE MONTH OF
JULY 2020...
THE AVERAGE TEMPERATURE FOR JULY 2020 AT THE RENO-TAHOE
INTERNATIONAL AIRPORT WAS 77.2 DEGREES WHICH IS 2.3 DEGREES ABOVE
NORMAL. THE HIGHEST TEMPERATURE FOR JULY WAS 100 DEGREES WHICH
OCCURRED ON THE 19TH AND THE 21ST. THE LOWEST TEMPERATURE FOR THE
MONTH WAS 53 DEGREES WHICH OCCURRED ON THE 7TH.
FOR JULY 2020, 0.24 INCHES OF PRECIPITATION WAS RECORDED AT THE RENO-
TAHOE INTERNATIONAL AIRPORT. THIS IS 0.06 INCHES ABOVE NORMAL. NO
SNOWFALL OCCURRED DURING THE MONTH.
THE AVERAGE WIND SPEED FOR JULY 2020 WAS 6.9 MPH. THE PEAK WIND GUST
FOR THE MONTH WAS 54 MPH FROM THE SOUTH ON THE 22ND.
#FINAL-07-20#