000
CXUS55 KABQ 011110
CF6ROW
PRELIMINARY LOCAL CLIMATOLOGICAL DATA (WS FORM: F-6)
STATION: ROSWELL NM
MONTH: JANUARY
YEAR: 2022
LATITUDE: 33 17 N
LONGITUDE: 104 32 W
TEMPERATURE IN F: :PCPN: SNOW: WIND :SUNSHINE: SKY :PK WND
================================================================================
1 2 3 4 5 6A 6B 7 8 9 10 11 12 13 14 15 16 17 18
12Z AVG MX 2MIN
DY MAX MIN AVG DEP HDD CDD WTR SNW DPTH SPD SPD DIR MIN PSBL S-S WX SPD DR
================================================================================
1 62 19 41 0 24 0 T 0.0 0 18.5 43 250 M M 4 1 56 260
2 46 10 28 -13 37 0 0.00 0.0 0 4.3 10 230 M M 0 16 160
3 52 17 35 -6 30 0 0.00 0.0 0 2.8 10 140 M M 0 14 160
4 67 16 42 1 23 0 0.00 0.0 0 3.8 12 130 M M 0 14 130
5 64 27 46 5 19 0 0.00 0.0 0 4.7 13 170 M M 0 17 180
6 44 27 36 -5 29 0 0.00 0.0 0 6.6 18 10 M M 0 24 20
7 58 20 39 -2 26 0 0.00 0.0 0 4.5 10 160 M M 0 16 160
8 76 27 52 10 13 0 0.00 0.0 0 6.7 22 260 M M 0 28 260
9 50 28 39 -3 26 0 0.00 0.0 0 9.6 21 360 M M 0 26 360
10 52 21 37 -5 28 0 0.00 0.0 0 5.2 15 180 M M 3 19 160
11 58 30 44 2 21 0 T 0.0 0 7.6 17 170 M M 2 25 160
12 65 25 45 3 20 0 0.00 0.0 0 3.3 9 190 M M 0 12 190
13 68 27 48 6 17 0 0.00 0.0 0 3.4 9 260 M M 0 12 160
14 76 30 53 11 12 0 0.00 0.0 0 11.8 30 30 M M 1 42 40
15 51 27 39 -3 26 0 0.00 0.0 0 9.5 24 30 M M 2 33 10
16 69 19 44 2 21 0 0.00 0.0 0 4.1 10 220 M M 0 12 220
17 63 23 43 0 22 0 0.00 0.0 0 5.2 10 180 M M 0 14 180
18 71 34 53 10 12 0 0.00 0.0 0 11.3 28 280 M M 0 38 300
19 51 32 42 -1 23 0 T 0.0 0 12.5 24 40 M M 2 31 30
20 36 23 30 -13 35 0 0.03 0.3 T 5.5 17 20 M M 8 22 20
21 54 14 34 -9 31 0 0.00 0.0 0 7.6 18 170 M M 0 23 150
22 48 23 36 -8 29 0 0.00 0.0 0 5.9 14 150 M M 0 17 160
23 53 25 39 -5 26 0 0.00 0.0 0 4.5 12 230 M M 4 15 210
24 63 23 43 -1 22 0 0.00 0.0 0 5.9 21 360 M M 0 8 28 10
25 61 28 45 1 20 0 0.00 0.0 0 6.7 20 100 M M 0 27 110
26 42 23 33 -11 32 0 0.00 0.0 0 7.2 21 40 M M 6 28 40
27 54 21 38 -6 27 0 0.00 0.0 0 9.5 21 40 M M 5 128 30 40
28 53 23 38 -6 27 0 0.00 0.0 0 5.1 12 10 M M 0 16 360
29 60 19 40 -5 25 0 0.00 0.0 0 4.4 12 200 M M 0 16 190
30 56 26 41 -4 24 0 T 0.0 0 5.8 16 280 M M 2 23 280
31 69 23 46 1 19 0 0.00 0.0 0 4.7 15 170 M M 0 19 160
================================================================================
SM 1792 730 746 0 0.03 0.3 208.2 M 39
================================================================================
AV 57.8 23.5 6.7 FASTST M M 1 MAX(MPH)
MISC ----> 43 250 56 260
================================================================================
NOTES:
# LAST OF SEVERAL OCCURRENCES
COLUMN 17 PEAK WIND IN M.P.H.
PRELIMINARY LOCAL CLIMATOLOGICAL DATA (WS FORM: F-6) , PAGE 2
STATION: ROSWELL NM
MONTH: JANUARY
YEAR: 2022
LATITUDE: 33 17 N
LONGITUDE: 104 32 W
[TEMPERATURE DATA] [PRECIPITATION DATA] SYMBOLS USED IN COLUMN 16
AVERAGE MONTHLY: 40.7 TOTAL FOR MONTH: 0.03 1 = FOG OR MIST
DPTR FM NORMAL: -2.0 DPTR FM NORMAL: -0.33 2 = FOG REDUCING VISIBILITY
HIGHEST: 76 ON 14, 8 GRTST 24HR 0.18 ON 31- 1 TO 1/4 MILE OR LESS
LOWEST: 10 ON 2 3 = THUNDER
SNOW, ICE PELLETS, HAIL 4 = ICE PELLETS
TOTAL MONTH: 0.3 INCH 5 = HAIL
GRTST 24HR 0.3 ON 20-20 6 = FREEZING RAIN OR DRIZZLE
GRTST DEPTH: T 7 = DUSTSTORM OR SANDSTORM:
VSBY 1/2 MILE OR LESS
8 = SMOKE OR HAZE
[NO. OF DAYS WITH] [WEATHER - DAYS WITH] 9 = BLOWING SNOW
X = TORNADO
MAX 32 OR BELOW: 0 0.01 INCH OR MORE: 1
MAX 90 OR ABOVE: 0 0.10 INCH OR MORE: 0
MIN 32 OR BELOW: 30 0.50 INCH OR MORE: 0
MIN 0 OR BELOW: 0 1.00 INCH OR MORE: 0
[HDD (BASE 65) ]
TOTAL THIS MO. 746 CLEAR (SCALE 0-3) 26
DPTR FM NORMAL 55 PTCLDY (SCALE 4-7) 5
TOTAL FM JUL 1 1587 CLOUDY (SCALE 8-10) 0
DPTR FM NORMAL -358
[CDD (BASE 65) ]
TOTAL THIS MO. 0
DPTR FM NORMAL 0 [PRESSURE DATA]
TOTAL FM JAN 1 0 HIGHEST SLP 30.69 ON 10
DPTR FM NORMAL 0 LOWEST SLP 29.45 ON 1
[REMARKS]
#FINAL-01-22#