000
CXUS56 KFGZ 010910
CF6RQE
PRELIMINARY LOCAL CLIMATOLOGICAL DATA (WS FORM: F-6)
STATION: WINDOW ROCK AZ AIRPORT
MONTH: NOVEMBER
YEAR: 2021
LATITUDE: 35 39 N
LONGITUDE: 109 4 W
TEMPERATURE IN F: :PCPN: SNOW: WIND :SUNSHINE: SKY :PK WND
================================================================================
1 2 3 4 5 6A 6B 7 8 9 10 11 12 13 14 15 16 17 18
12Z AVG MX 2MIN
DY MAX MIN AVG DEP HDD CDD WTR SNW DPTH SPD SPD DIR MIN PSBL S-S WX SPD DR
================================================================================
1 65 28 47 3 18 0 0.00 M M 3.5 17 240 M M 0 23 240
2 65 34 50 7 15 0 0.00 M M 3.9 16 310 M M 2 22 270
3 66 26 46 3 19 0 0.00 M M 2.3 12 350 M M 0 8 17 40
4 69 22 46 3 19 0 0.00 M M 1.6 10 280 M M 0 13 280
5 72 22 47 5 18 0 0.00 M M 2.2 13 110 M M 0 16 240
6 71 23 47 5 18 0 0.00 M M 3.2 18 250 M M 0 27 250
7 70 24 47 5 18 0 0.00 M M 5.1 21 230 M M 0 29 220
8 69 32 51 10 14 0 0.00 M M 6.8 20 210 M M 0 8 28 210
9 62 25 44 3 21 0 0.00 M M 4.8 20 240 M M 3 25 230
10 59 29 44 3 21 0 0.00 M M 4.9 17 350 M M 1 23 360
11 63 18 41 1 24 0 0.00 M M 3.9 10 280 M M 0 M M
12 65 20 43 3 22 0 0.00 M M 2.1 10 270 M M 0 13 270
13 68 20 44 4 21 0 0.00 M M 2.2 15 340 M M 0 19 340
14 70 22 46 7 19 0 0.00 M M 2.5 12 10 M M 0 15 360
15 71 23 47 8 18 0 0.00 M M 2.3 10 270 M M 0 15 250
16 63 22 43 5 22 0 0.00 M M 4.1 21 240 M M 0 8 25 250
17 61 20 41 3 24 0 0.00 M M 3.3 14 320 M M 0 17 320
18 61 13 37 -1 28 0 0.00 M M 2.3 10 200 M M 0 14 170
19 62 17 40 3 25 0 0.00 M M 3.0 15 270 M M 0 20 220
20 60 18 39 2 26 0 0.00 M M 3.4 15 270 M M 1 18 280
21 53 19 36 -1 29 0 0.00 M M 2.7 13 90 M M 0 17 60
22 62 9 36 0 29 0 0.00 M M 1.5 14 100 M M 0 17 100
23 57 23 40 4 25 0 0.04 M M 3.9 14 230 M M 6 8 19 240
24 50 27 39 3 26 0 0.03 M M 7.0 14 360 M M 4 18 10
25 46 11 29 -6 36 0 0.00 M M 3.5 14 100 M M 0 18 50
26 56 8 32 -3 33 0 0.00 M M 2.3 12 100 M M 0 14 90
27 57 15 36 2 29 0 0.00 M M 2.5 12 190 M M 0 18 180
28 62 16 39 5 26 0 0.00 M M 2.2 10 180 M M 0 14 170
29 67 16 42 8 23 0 0.00 M M 1.5 9 100 M M 0 14 130
30 64 17 41 8 24 0 0.00 0.0 0 2.0 12 100 M M 0 14 100
================================================================================
SM 1886 619 690 0 0.07 0.0 96.5 M 17
================================================================================
AV 62.9 20.6 3.2 FASTST M M 1 MAX(MPH)
MISC ----> # 21 230 29 220
================================================================================
NOTES:
# LAST OF SEVERAL OCCURRENCES
COLUMN 17 PEAK WIND IN M.P.H.
PRELIMINARY LOCAL CLIMATOLOGICAL DATA (WS FORM: F-6) , PAGE 2
STATION: WINDOW ROCK AZ AIRPORT
MONTH: NOVEMBER
YEAR: 2021
LATITUDE: 35 39 N
LONGITUDE: 109 4 W
[TEMPERATURE DATA] [PRECIPITATION DATA] SYMBOLS USED IN COLUMN 16
AVERAGE MONTHLY: 41.8 TOTAL FOR MONTH: 0.07 1 = FOG OR MIST
DPTR FM NORMAL: 3.2 DPTR FM NORMAL: -0.68 2 = FOG REDUCING VISIBILITY
HIGHEST: 72 ON 5 GRTST 24HR 0.07 ON 23-24 TO 1/4 MILE OR LESS
LOWEST: 8 ON 26 3 = THUNDER
SNOW, ICE PELLETS, HAIL 4 = ICE PELLETS
TOTAL MONTH: 0.0 INCH 5 = HAIL
GRTST 24HR 0.0 6 = FREEZING RAIN OR DRIZZLE
GRTST DEPTH: 0 7 = DUSTSTORM OR SANDSTORM:
VSBY 1/2 MILE OR LESS
8 = SMOKE OR HAZE
[NO. OF DAYS WITH] [WEATHER - DAYS WITH] 9 = BLOWING SNOW
X = TORNADO
MAX 32 OR BELOW: 0 0.01 INCH OR MORE: 2
MAX 90 OR ABOVE: 0 0.10 INCH OR MORE: 0
MIN 32 OR BELOW: 29 0.50 INCH OR MORE: 0
MIN 0 OR BELOW: 0 1.00 INCH OR MORE: 0
[HDD (BASE 65) ]
TOTAL THIS MO. 690 CLEAR (SCALE 0-3) 28
DPTR FM NORMAL -104 PTCLDY (SCALE 4-7) 2
TOTAL FM JUL 1 1274 CLOUDY (SCALE 8-10) 0
DPTR FM NORMAL -164
[CDD (BASE 65) ]
TOTAL THIS MO. 0
DPTR FM NORMAL 0 [PRESSURE DATA]
TOTAL FM JAN 1 599 HIGHEST SLP M ON M
DPTR FM NORMAL 186 LOWEST SLP 29.83 ON 23
[REMARKS]
#FINAL-11-21#