000
CXUS51 KBTV 010700
CF6RUT
PRELIMINARY LOCAL CLIMATOLOGICAL DATA (WS FORM: F-6)
STATION: RUTLAND VT
MONTH: JUNE
YEAR: 2021
LATITUDE: 43 31 N
LONGITUDE: 72 57 W
TEMPERATURE IN F: :PCPN: SNOW: WIND :SUNSHINE: SKY :PK WND
================================================================================
1 2 3 4 5 6A 6B 7 8 9 10 11 12 13 14 15 16 17 18
12Z AVG MX 2MIN
DY MAX MIN AVG DEP HDD CDD WTR SNW DPTH SPD SPD DIR MIN PSBL S-S WX SPD DR
================================================================================
1 73 43 58 M 7 0 0.01 M M 6.9 15 260 M M 2 20 250
2 77 47 62 M 3 0 0.01 M M 5.1 12 120 M M 3 M M
3 73 57 65 M 0 0 M M M 3.4 12 170 M M 8 1 M M
4 78 61 70 M 0 5 T M M 4.0 10 250 M M 5 1 M M
5 85 58 72 M 0 7 0.01 M M 6.5 13 230 M M 3 1 25 230
6 87 62 75 M 0 10 T M M 6.6 12 190 M M 2 18 200
7 89 62 76 M 0 11 0.00 M M 6.4 12 230 M M 2 M M
8 85 68 77 M 0 12 M M M 4.9 9 290 M M 5 1 M M
9 82 58 70 M 0 5 0.00 M M 5.0 12 320 M M 4 1 M M
10 71 51 61 M 4 0 0.00 M M 5.7 10 130 M M 0 M M
11 69 55 62 M 3 0 0.01 M M 6.6 12 120 M M 7 M M
12 75 55 65 M 0 0 0.00 M M 4.4 10 120 M M 5 12 M M
13 80 53 67 M 0 2 0.00 M M 5.2 13 120 M M 0 M M
14 65 57 61 M 4 0 0.00 M M 11.0 20 120 M M 8 13 26 120
15 74 56 65 M 0 0 T M M 5.3 14 320 M M 6 12 22 330
16 68 49 59 M 6 0 0.00 M M 6.4 14 350 M M 6 12 21 340
17 74 44 59 M 6 0 0.00 M M 8.1 13 260 M M 0 18 260
18 80 46 63 M 2 0 0.00 M M 7.6 13 220 M M 2 17 220
19 81 63 72 M 0 7 T M M 6.9 15 240 M M 5 20 280
20 82 61 72 M 0 7 0.00 M M 6.4 12 120 M M 2 22 210
21 90 64 77 M 0 12 0.03 M M 8.8 21 290 M M 4 13 36 290
22 70 52 61 M 4 0 0.02 M M 4.9 10 320 M M 9 16 340
23 69 45 57 M 8 0 0.01 M M 5.5 12 320 M M 1 M M
24 78 46 62 M 3 0 0.00 M M 7.8 14 140 M M 1 17 190
25 80 53 67 M 0 2 0.00 M M 7.3 13 120 M M 0 M M
26 80 60 70 M 0 5 0.00 M M 7.5 10 190 M M 2 24 180
27 88 69 79 M 0 14 0.00 M M 7.2 14 230 M M 3 21 250
28 91 77 84 M 0 19 T M M 9.0 14 240 M M 3 22 230
29 88 70 79 M 0 14 T M M 5.4 14 180 M M 3 3 M M
30 86 71 79 M 0 14 T M M 5.8 15 10 M M 3 1 29 10
================================================================================
SM 2368 1713 50 146 0.10 M 191.7 M 104
================================================================================
AV 78.9 57.1 6.4 FASTST M M 3 MAX(MPH)
MISC ----> 21 290 36 290
================================================================================
NOTES:
# LAST OF SEVERAL OCCURRENCES
COLUMN 17 PEAK WIND IN M.P.H.
PRELIMINARY LOCAL CLIMATOLOGICAL DATA (WS FORM: F-6) , PAGE 2
STATION: RUTLAND VT
MONTH: JUNE
YEAR: 2021
LATITUDE: 43 31 N
LONGITUDE: 72 57 W
[TEMPERATURE DATA] [PRECIPITATION DATA] SYMBOLS USED IN COLUMN 16
AVERAGE MONTHLY: 68.0 TOTAL FOR MONTH: 0.10 1 = FOG OR MIST
DPTR FM NORMAL: 0.0 DPTR FM NORMAL: M 2 = FOG REDUCING VISIBILITY
HIGHEST: 91 ON 28 GRTST 24HR 0.03 ON 21-21 TO 1/4 MILE OR LESS
LOWEST: 43 ON 1 3 = THUNDER
SNOW, ICE PELLETS, HAIL 4 = ICE PELLETS
TOTAL MONTH: M 5 = HAIL
GRTST 24HR M ON M 6 = FREEZING RAIN OR DRIZZLE
GRTST DEPTH: M ON M 7 = DUSTSTORM OR SANDSTORM:
VSBY 1/2 MILE OR LESS
8 = SMOKE OR HAZE
[NO. OF DAYS WITH] [WEATHER - DAYS WITH] 9 = BLOWING SNOW
X = TORNADO
MAX 32 OR BELOW: 0 0.01 INCH OR MORE: 7
MAX 90 OR ABOVE: 2 0.10 INCH OR MORE: 0
MIN 32 OR BELOW: 0 0.50 INCH OR MORE: 0
MIN 0 OR BELOW: 0 1.00 INCH OR MORE: 0
[HDD (BASE 65) ]
TOTAL THIS MO. 50 CLEAR (SCALE 0-3) 16
DPTR FM NORMAL M PTCLDY (SCALE 4-7) 13
TOTAL FM JUL 1 6841 CLOUDY (SCALE 8-10) 1
DPTR FM NORMAL M
[CDD (BASE 65) ]
TOTAL THIS MO. 146
DPTR FM NORMAL M [PRESSURE DATA]
TOTAL FM JAN 1 177 HIGHEST SLP M ON M
DPTR FM NORMAL M LOWEST SLP M ON M
[REMARKS]
#FINAL-06-21#