000
CXUS56 KSTO 010216
CF6SAC
PRELIMINARY LOCAL CLIMATOLOGICAL DATA (WS FORM: F-6)
STATION: SACRAMENTO EXEC. AIRPORT CA
MONTH: OCTOBER
YEAR: 2021
LATITUDE: 38 31 N
LONGITUDE: 121 30 W
TEMPERATURE IN F: :PCPN: SNOW: WIND :SUNSHINE: SKY :PK WND
================================================================================
1 2 3 4 5 6A 6B 7 8 9 10 11 12 13 14 15 16 17 18
12Z AVG MX 2MIN
DY MAX MIN AVG DEP HDD CDD WTR SNW DPTH SPD SPD DIR MIN PSBL S-S WX SPD DR
================================================================================
1 89 51 70 1 0 5 0.00 0.0 M 1.3 8 320 M M 0 13 300
2 90 53 72 3 0 7 0.00 0.0 M 1.9 8 340 M M 0 11 20
3 90 54 72 3 0 7 0.00 0.0 M 1.8 8 350 M M 0 9 20
4 89 52 71 3 0 6 0.00 0.0 M 1.5 8 210 M M 0 8 13 220
5 82 58 70 2 0 5 0.00 0.0 M 9.0 17 220 M M 1 23 220
6 75 55 65 -3 0 0 0.00 M M 8.5 18 230 M M 0 23 230
7 73 54 64 -4 1 0 0.00 M M 8.1 15 220 M M 3 22 230
8 68 51 60 -7 5 0 T 0.0 M 8.1 16 220 M M 3 23 210
9 75 46 61 -6 4 0 0.00 0.0 M 5.4 14 350 M M 0 18 350
10 79 46 63 -4 2 0 0.00 0.0 M 3.3 10 300 M M 0 18 200
11 70 55 63 -3 2 0 0.00 0.0 M 19.2 32 320 M M 1 43 330
12 71 46 59 -7 6 0 0.00 0.0 M 11.2 24 330 M M 0 30 350
13 72 44 58 -8 7 0 T 0.0 M 3.1 10 200 M M 3 14 160
14 78 43 61 -4 4 0 0.00 0.0 M 5.3 20 340 M M 0 24 350
15 80 42 61 -4 4 0 0.00 M M 1.2 7 260 M M 0 17 280
16 83 45 64 -1 1 0 0.00 M M 2.0 8 10 M M 0 13 280
17 76 47 62 -2 3 0 0.04 0.0 M 8.5 24 230 M M 2 8 35 230
18 64 44 54 -10 11 0 T 0.0 M 2.7 9 250 M M 1 15 190
19 68 40 54 -10 11 0 T 0.0 M 3.5 10 110 M M 1 16 140
20 69 56 63 0 2 0 T 0.0 M 3.0 10 120 M M 10 15 150
21 74 58 66 3 0 1 0.32 0.0 M 4.7 16 240 M M 8 1 20 260
22 67 56 62 -1 3 0 0.29 M M 7.3 15 230 M M 4 1 21 220
23 64 52 58 -4 7 0 0.19 M M 4.8 14 230 M M 8 1 18 220
24 60 54 57 -5 8 0 5.41 0.0 M 12.2 25 140 M M 10 1 41 150
25 66 51 59 -3 6 0 0.46 0.0 M 7.1 15 240 M M 4 1 19 250
26 67 50 59 -2 6 0 0.00 0.0 M 4.6 12 240 M M 6 14 240
27 72 53 63 2 2 0 0.00 0.0 M 5.9 16 330 M M 3 21 330
28 74 49 62 2 3 0 0.00 0.0 M 0.9 9 120 M M 1 128 11 120
29 74 50 62 2 3 0 0.00 0.0 M 1.6 9 200 M M 1 128 12 190
30 69 56 63 3 2 0 0.00 0.0 M 8.0 16 240 M M 5 21 240
31 67 47 57 -2 8 0 0.00 0.0 M 2.3 10 250 M M 2 1 17 120
================================================================================
SM 2295 1558 111 31 6.71 0.0 168.0 M 77
================================================================================
AV 74.0 50.3 5.4 FASTST M M 2 MAX(MPH)
MISC ----> 32 320 43 330
================================================================================
NOTES:
# LAST OF SEVERAL OCCURRENCES
COLUMN 17 PEAK WIND IN M.P.H.
PRELIMINARY LOCAL CLIMATOLOGICAL DATA (WS FORM: F-6) , PAGE 2
STATION: SACRAMENTO EXEC. AIRPORT CA
MONTH: OCTOBER
YEAR: 2021
LATITUDE: 38 31 N
LONGITUDE: 121 30 W
[TEMPERATURE DATA] [PRECIPITATION DATA] SYMBOLS USED IN COLUMN 16
AVERAGE MONTHLY: 62.1 TOTAL FOR MONTH: 6.71 1 = FOG OR MIST
DPTR FM NORMAL: -2.4 DPTR FM NORMAL: 5.86 2 = FOG REDUCING VISIBILITY
HIGHEST: 90 ON 3, 2 GRTST 24HR 5.41 ON 24-24 TO 1/4 MILE OR LESS
LOWEST: 40 ON 19 3 = THUNDER
SNOW, ICE PELLETS, HAIL 4 = ICE PELLETS
TOTAL MONTH: 0.0 INCH 5 = HAIL
GRTST 24HR 0.0 6 = FREEZING RAIN OR DRIZZLE
GRTST DEPTH: M ON M 7 = DUSTSTORM OR SANDSTORM:
VSBY 1/2 MILE OR LESS
8 = SMOKE OR HAZE
[NO. OF DAYS WITH] [WEATHER - DAYS WITH] 9 = BLOWING SNOW
X = TORNADO
MAX 32 OR BELOW: 0 0.01 INCH OR MORE: 6
MAX 90 OR ABOVE: 2 0.10 INCH OR MORE: 5
MIN 32 OR BELOW: 0 0.50 INCH OR MORE: 1
MIN 0 OR BELOW: 0 1.00 INCH OR MORE: 1
[HDD (BASE 65) ]
TOTAL THIS MO. 111 CLEAR (SCALE 0-3) 22
DPTR FM NORMAL 32 PTCLDY (SCALE 4-7) 6
TOTAL FM JUL 1 111 CLOUDY (SCALE 8-10) 3
DPTR FM NORMAL 26
[CDD (BASE 65) ]
TOTAL THIS MO. 31
DPTR FM NORMAL -34 [PRESSURE DATA]
TOTAL FM JAN 1 1486 HIGHEST SLP 30.34 ON 27
DPTR FM NORMAL 194 LOWEST SLP 29.56 ON 24
[REMARKS]
#FINAL-10-21#