000
CXUS56 KSTO 131722
CF6SAC
PRELIMINARY LOCAL CLIMATOLOGICAL DATA (WS FORM: F-6)
STATION: SACRAMENTO EXEC. AIRPORT CA
MONTH: FEBRUARY
YEAR: 2021
LATITUDE: 38 31 N
LONGITUDE: 121 30 W
TEMPERATURE IN F: :PCPN: SNOW: WIND :SUNSHINE: SKY :PK WND
================================================================================
1 2 3 4 5 6A 6B 7 8 9 10 11 12 13 14 15 16 17 18
12Z AVG MX 2MIN
DY MAX MIN AVG DEP HDD CDD WTR SNW DPTH SPD SPD DIR MIN PSBL S-S WX SPD DR
================================================================================
1 66 44 55 7 10 0 0.03 0.0 0 4.7 14 200 M M 4 23 190
2 59 46 53 4 12 0 0.25 0.0 0 5.1 12 130 M M 8 1 14 120
3 58 36 47 -2 18 0 0.00 0.0 0 5.8 14 320 M M 4 1 19 100
4 62 39 51 2 14 0 0.00 0.0 0 6.6 14 20 M M 0 21 320
5 64 34 49 0 16 0 0.00 0.0 0 1.8 7 310 M M 0 1 11 210
6 64 34 49 0 16 0 0.00 0.0 0 1.5 7 140 M M 0 18 9 150
7 67 38 53 3 12 0 0.00 0.0 0 2.3 7 270 M M 0 128 11 290
8 63 39 51 1 14 0 0.00 0.0 0 2.0 12 100 M M 2 18 15 90
9 66 50 58 8 7 0 T 0.0 0 3.3 12 250 M M 6 13 250
10 68 44 56 6 9 0 0.00 0.0 0 3.9 9 210 M M 1 13 200
11 57 48 53 3 12 0 0.50 0.0 0 7.0 13 220 M M 4 1 19 230
12 62 42 52 2 13 0 T 0.0 0 4.7 12 220 M M 3 14 270
13 66 44 55 4 10 0 0.00 0.0 0 8.6 18 300 M M 3 27 210
14 56 42 49 -2 16 0 T 0.0 0 4.4 10 290 M M 6 14 310
15 61 42 52 1 13 0 T 0.0 0 7.3 14 160 M M 7 18 19 200
16 63 40 52 1 13 0 0.00 0.0 0 4.4 13 290 M M 2 128 16 280
17 62 42 52 1 13 0 0.00 0.0 0 12.2 25 350 M M 0 31 310
18 61 34 48 -4 17 0 0.00 0.0 0 2.8 10 310 M M 3 14 140
19 57 47 52 0 13 0 0.07 0.0 0 5.2 15 210 M M 7 1 21 210
20 58 40 49 -3 16 0 0.05 0.0 0 7.2 16 320 M M 2 1 22 330
21 64 39 52 0 13 0 0.00 0.0 0 4.8 13 10 M M 0 17 320
22 70 37 54 2 11 0 0.00 0.0 0 0.9 8 170 M M 0 10 130
23 76 46 61 9 4 0 0.00 0.0 0 11.7 25 340 M M 0 34 340
24 67 39 53 1 12 0 0.00 0.0 0 17.1 32 340 M M 0 44 330
25 66 41 54 1 11 0 0.00 0.0 0 6.9 20 350 M M 0 28 350
26 67 34 51 -2 14 0 0.00 0.0 0 4.2 18 340 M M 0 24 340
27 64 43 54 1 11 0 0.00 0.0 0 13.5 23 310 M M 0 30 320
28 66 41 54 1 11 0 0.00 0.0 0 5.0 18 320 M M 0 24 310
================================================================================
SM 1780 1145 351 0 0.90 0.0 164.9 M 62
================================================================================
AV 63.6 40.9 5.9 FASTST M M 2 MAX(MPH)
MISC ----> # 32 340 # 44 330
================================================================================
NOTES:
# LAST OF SEVERAL OCCURRENCES
COLUMN 17 PEAK WIND IN M.P.H.
PRELIMINARY LOCAL CLIMATOLOGICAL DATA (WS FORM: F-6) , PAGE 2
STATION: SACRAMENTO EXEC. AIRPORT CA
MONTH: FEBRUARY
YEAR: 2021
LATITUDE: 38 31 N
LONGITUDE: 121 30 W
[TEMPERATURE DATA] [PRECIPITATION DATA] SYMBOLS USED IN COLUMN 16
AVERAGE MONTHLY: 52.2 TOTAL FOR MONTH: 0.90 1 = FOG OR MIST
DPTR FM NORMAL: 1.4 DPTR FM NORMAL: -2.57 2 = FOG REDUCING VISIBILITY
HIGHEST: 76 ON 23 GRTST 24HR 0.50 ON 11-11 TO 1/4 MILE OR LESS
LOWEST: 34 ON 26,18 3 = THUNDER
SNOW, ICE PELLETS, HAIL 4 = ICE PELLETS
TOTAL MONTH: 0.0 INCH 5 = HAIL
GRTST 24HR 0.0 6 = FREEZING RAIN OR DRIZZLE
GRTST DEPTH: 0 7 = DUSTSTORM OR SANDSTORM:
VSBY 1/2 MILE OR LESS
8 = SMOKE OR HAZE
[NO. OF DAYS WITH] [WEATHER - DAYS WITH] 9 = BLOWING SNOW
X = TORNADO
MAX 32 OR BELOW: 0 0.01 INCH OR MORE: 5
MAX 90 OR ABOVE: 0 0.10 INCH OR MORE: 2
MIN 32 OR BELOW: 0 0.50 INCH OR MORE: 1
MIN 0 OR BELOW: 0 1.00 INCH OR MORE: 0
[HDD (BASE 65) ]
TOTAL THIS MO. 351 CLEAR (SCALE 0-3) 19
DPTR FM NORMAL -45 PTCLDY (SCALE 4-7) 9
TOTAL FM JUL 1 1752 CLOUDY (SCALE 8-10) 0
DPTR FM NORMAL -258
[CDD (BASE 65) ]
TOTAL THIS MO. 0
DPTR FM NORMAL 0 [PRESSURE DATA]
TOTAL FM JAN 1 0 HIGHEST SLP 30.47 ON 21
DPTR FM NORMAL 0 LOWEST SLP 29.86 ON 11
[REMARKS]
#FINAL-02-21#