978
CXUS56 KSTO 031729
CF6SAC
PRELIMINARY LOCAL CLIMATOLOGICAL DATA (WS FORM: F-6)
STATION: SACRAMENTO EXEC. AIRPORT CA
MONTH: OCTOBER
YEAR: 2020
LATITUDE: 38 31 N
LONGITUDE: 121 30 W
TEMPERATURE IN F: :PCPN: SNOW: WIND :SUNSHINE: SKY :PK WND
================================================================================
1 2 3 4 5 6A 6B 7 8 9 10 11 12 13 14 15 16 17 18
12Z AVG MX 2MIN
DY MAX MIN AVG DEP HDD CDD WTR SNW DPTH SPD SPD DIR MIN PSBL S-S WX SPD DR
================================================================================
1 95 60 78 10 0 13 0.00 0.0 0 1.0 6 180 M M 0 8 8 170
2 93 60 77 9 0 12 0.00 0.0 0 1.8 8 290 M M 0 8 12 320
3 95 58 77 9 0 12 0.00 0.0 0 0.7 6 80 M M 0 18 8 250
4 93 55 74 6 0 9 0.00 0.0 0 1.9 7 230 M M 0 8 12 280
5 95 52 74 7 0 9 0.00 0.0 0 2.3 10 320 M M 0 8 13 310
6 93 54 74 7 0 9 0.00 0.0 0 1.5 8 330 M M 0 10 320
7 86 55 71 4 0 6 0.00 0.0 0 3.8 10 210 M M 0 8 15 220
8 74 56 65 -1 0 0 0.00 0.0 0 7.3 14 190 M M 0 8 20 200
9 75 54 65 -1 0 0 0.00 0.0 0 4.6 9 210 M M 0 8 13 170
10 79 57 68 2 0 3 0.00 0.0 0 7.0 17 230 M M 0 21 220
11 84 55 70 4 0 5 0.00 0.0 0 6.0 17 340 M M 1 1 22 330
12 88 50 69 4 0 4 0.00 0.0 0 3.2 12 310 M M 0 15 320
13 92 51 72 7 0 7 0.00 0.0 0 1.6 10 320 M M 0 15 320
14 95 60 78 13 0 13 0.00 0.0 0 10.4 22 330 M M 1 28 320
15 94 60 77 13 0 12 0.00 0.0 0 5.9 16 350 M M 0 20 350
16 96 55 76 12 0 11 0.00 0.0 0 3.5 13 360 M M 0 18 330
17 93 51 72 8 0 7 0.00 0.0 0 1.9 6 190 M M 0 8 190
18 92 54 73 10 0 8 0.00 0.0 0 1.7 9 330 M M 0 11 320
19 90 53 72 9 0 7 0.00 0.0 0 1.9 9 290 M M 0 8 12 330
20 90 53 72 9 0 7 0.00 0.0 0 1.0 8 290 M M 0 10 320
21 88 52 70 8 0 5 0.00 0.0 0 1.9 9 360 M M 0 12 340
22 80 53 67 5 0 2 0.00 0.0 0 10.3 21 340 M M 0 26 330
23 79 47 63 1 2 0 0.00 0.0 0 5.4 13 320 M M 0 17 300
24 72 50 61 0 4 0 0.00 0.0 0 7.3 15 250 M M 0 1 20 220
25 71 51 61 0 4 0 0.00 0.0 0 13.1 29 350 M M 1 18 37 350
26 75 49 62 1 3 0 0.00 0.0 0 15.1 24 320 M M 0 33 350
27 75 45 60 0 5 0 0.00 0.0 0 3.4 9 350 M M 0 11 270
28 78 41 60 0 5 0 0.00 0.0 M 0.5 6 280 M M 0 8 7 270
29 78 42 60 0 5 0 0.00 0.0 0 0.5 5 280 M M 0 18 9 20
30 79 42 61 2 4 0 0.00 0.0 0 0.9 8 350 M M 0 11 330
31 80 42 61 2 4 0 0.00 0.0 0 1.0 9 10 M M 0 8 12 350
================================================================================
SM 2647 1617 36 161 0.00 0.0 128.4 M 3
================================================================================
AV 85.4 52.2 4.1 FASTST M M 0 MAX(MPH)
MISC ----> # 29 350 # 37 350
================================================================================
NOTES:
# LAST OF SEVERAL OCCURRENCES
COLUMN 17 PEAK WIND IN M.P.H.
PRELIMINARY LOCAL CLIMATOLOGICAL DATA (WS FORM: F-6) , PAGE 2
STATION: SACRAMENTO EXEC. AIRPORT CA
MONTH: OCTOBER
YEAR: 2020
LATITUDE: 38 31 N
LONGITUDE: 121 30 W
[TEMPERATURE DATA] [PRECIPITATION DATA] SYMBOLS USED IN COLUMN 16
AVERAGE MONTHLY: 68.8 TOTAL FOR MONTH: 0.00 1 = FOG OR MIST
DPTR FM NORMAL: 4.9 DPTR FM NORMAL: -0.95 2 = FOG REDUCING VISIBILITY
HIGHEST: 96 ON 16 GRTST 24HR 0.00 ON 31-31 TO 1/4 MILE OR LESS
LOWEST: 41 ON 28 3 = THUNDER
SNOW, ICE PELLETS, HAIL 4 = ICE PELLETS
TOTAL MONTH: 0.0 INCH 5 = HAIL
GRTST 24HR 0.0 6 = FREEZING RAIN OR DRIZZLE
GRTST DEPTH: 0 7 = DUSTSTORM OR SANDSTORM:
VSBY 1/2 MILE OR LESS
8 = SMOKE OR HAZE
[NO. OF DAYS WITH] [WEATHER - DAYS WITH] 9 = BLOWING SNOW
X = TORNADO
MAX 32 OR BELOW: 0 0.01 INCH OR MORE: 0
MAX 90 OR ABOVE: 14 0.10 INCH OR MORE: 0
MIN 32 OR BELOW: 0 0.50 INCH OR MORE: 0
MIN 0 OR BELOW: 0 1.00 INCH OR MORE: 0
[HDD (BASE 65) ]
TOTAL THIS MO. 36 CLEAR (SCALE 0-3) 31
DPTR FM NORMAL -52 PTCLDY (SCALE 4-7) 0
TOTAL FM JUL 1 36 CLOUDY (SCALE 8-10) 0
DPTR FM NORMAL -62
[CDD (BASE 65) ]
TOTAL THIS MO. 161
DPTR FM NORMAL 108 [PRESSURE DATA]
TOTAL FM JAN 1 1820 HIGHEST SLP M ON M
DPTR FM NORMAL 643 LOWEST SLP 29.72 ON 21
[REMARKS]
#FINAL-10-20#