000
CXUS56 KSGX 011245
CF6SAN
PRELIMINARY LOCAL CLIMATOLOGICAL DATA (WS FORM: F-6)
STATION: SAN DIEGO INTL AIRPORT CA
MONTH: AUGUST
YEAR: 2020
LATITUDE: 32 43 N
LONGITUDE: 117 10 W
TEMPERATURE IN F: :PCPN: SNOW: WIND :SUNSHINE: SKY :PK WND
================================================================================
1 2 3 4 5 6A 6B 7 8 9 10 11 12 13 14 15 16 17 18
12Z AVG MX 2MIN
DY MAX MIN AVG DEP HDD CDD WTR SNW DPTH SPD SPD DIR MIN PSBL S-S WX SPD DR
================================================================================
1 72 62 67 -4 0 2 0.00 0.0 0 5.1 13 170 M M 6 128 19 190
2 73 61 67 -4 0 2 0.00 0.0 0 4.8 10 180 M M 8 12 23 190
3 72 64 68 -3 0 3 0.00 0.0 0 5.8 10 190 M M 6 18 21 190
4 73 63 68 -3 0 3 T 0.0 0 6.6 12 290 M M 8 1 19 200
5 73 65 69 -2 0 4 0.00 0.0 0 6.0 12 270 M M 7 8 24 200
6 73 65 69 -2 0 4 0.00 0.0 0 5.9 12 270 M M 5 21 210
7 76 64 70 -1 0 5 0.00 0.0 0 5.5 15 290 M M 4 8 19 290
8 76 64 70 -1 0 5 0.00 0.0 0 6.0 16 290 M M 4 20 280
9 75 66 71 0 0 6 0.00 0.0 0 6.9 16 280 M M 5 20 290
10 74 65 70 -1 0 5 0.00 0.0 0 6.8 16 290 M M 6 8 21 280
11 74 66 70 -2 0 5 0.00 0.0 0 7.7 17 290 M M 5 23 290
12 76 64 70 -2 0 5 0.00 0.0 0 6.2 15 280 M M 6 1 17 290
13 84 69 77 5 0 12 0.00 0.0 0 6.2 16 290 M M 7 8 19 280
14 87 68 78 6 0 13 0.00 0.0 0 5.4 15 290 M M 4 18 290
15 85 72 79 7 0 14 0.00 0.0 0 4.9 13 190 M M 5 21 220
16 78 72 75 3 0 10 0.00 0.0 0 6.3 14 190 M M 5 23 200
17 83 71 77 5 0 12 0.00 0.0 0 4.1 13 280 M M 6 8 18 210
18 83 72 78 6 0 13 0.00 0.0 0 4.8 15 190 M M 4 23 190
19 82 72 77 5 0 12 0.00 0.0 0 4.9 10 200 M M 4 18 20 210
20 85 72 79 7 0 14 0.00 0.0 0 3.7 16 170 M M 5 18 25 180
21 85 71 78 6 0 13 0.00 0.0 0 4.1 12 170 M M 7 8 19 190
22 88 76 82 10 0 17 0.00 0.0 0 4.0 15 170 M M 4 21 210
23 85 75 80 8 0 15 0.00 0.0 0 5.9 15 270 M M 4 18 280
24 82 74 78 6 0 13 0.00 0.0 0 8.1 17 290 M M 7 21 320
25 81 73 77 5 0 12 0.00 0.0 0 8.0 17 290 M M 6 21 290
26 79 70 75 3 0 10 0.00 0.0 0 8.1 17 290 M M 7 22 290
27 81 70 76 4 0 11 0.00 0.0 0 7.6 16 290 M M 4 20 280
28 78 69 74 2 0 9 0.00 0.0 0 8.1 16 280 M M 7 8 20 300
29 77 68 73 1 0 8 0.00 0.0 0 6.9 14 290 M M 6 8 18 290
30 77 67 72 0 0 7 0.00 0.0 0 6.8 16 270 M M 5 22 260
31 76 68 72 0 0 7 0.00 0.0 0 5.8 15 270 M M 8 24 270
================================================================================
SM 2443 2118 0 271 T 0.0 187.0 M 175
================================================================================
AV 78.8 68.3 6.0 FASTST M M 6 MAX(MPH)
MISC ----> # 17 290 # 25 180
================================================================================
NOTES:
# LAST OF SEVERAL OCCURRENCES
COLUMN 17 PEAK WIND IN M.P.H.
PRELIMINARY LOCAL CLIMATOLOGICAL DATA (WS FORM: F-6) , PAGE 2
STATION: SAN DIEGO INTL AIRPORT CA
MONTH: AUGUST
YEAR: 2020
LATITUDE: 32 43 N
LONGITUDE: 117 10 W
[TEMPERATURE DATA] [PRECIPITATION DATA] SYMBOLS USED IN COLUMN 16
AVERAGE MONTHLY: 73.6 TOTAL FOR MONTH: T 1 = FOG OR MIST
DPTR FM NORMAL: 2.0 DPTR FM NORMAL: -0.02 2 = FOG REDUCING VISIBILITY
HIGHEST: 88 ON 22 GRTST 24HR T ON 4- 4 TO 1/4 MILE OR LESS
LOWEST: 61 ON 2 3 = THUNDER
SNOW, ICE PELLETS, HAIL 4 = ICE PELLETS
TOTAL MONTH: 0.0 INCH 5 = HAIL
GRTST 24HR 0.0 6 = FREEZING RAIN OR DRIZZLE
GRTST DEPTH: 0 7 = DUSTSTORM OR SANDSTORM:
VSBY 1/2 MILE OR LESS
8 = SMOKE OR HAZE
[NO. OF DAYS WITH] [WEATHER - DAYS WITH] 9 = BLOWING SNOW
X = TORNADO
MAX 32 OR BELOW: 0 0.01 INCH OR MORE: 0
MAX 90 OR ABOVE: 0 0.10 INCH OR MORE: 0
MIN 32 OR BELOW: 0 0.50 INCH OR MORE: 0
MIN 0 OR BELOW: 0 1.00 INCH OR MORE: 0
[HDD (BASE 65) ]
TOTAL THIS MO. 0 CLEAR (SCALE 0-3) 0
DPTR FM NORMAL 0 PTCLDY (SCALE 4-7) 29
TOTAL FM JUL 1 0 CLOUDY (SCALE 8-10) 2
DPTR FM NORMAL -1
[CDD (BASE 65) ]
TOTAL THIS MO. 271
DPTR FM NORMAL 68 [PRESSURE DATA]
TOTAL FM JAN 1 765 HIGHEST SLP M ON M
DPTR FM NORMAL 297 LOWEST SLP 29.65 ON M
[REMARKS]
#FINAL-08-20#