000
CXUS54 KEWX 011221
CF6SAT
PRELIMINARY LOCAL CLIMATOLOGICAL DATA (WS FORM: F-6)
STATION: SAN ANTONIO
MONTH: OCTOBER
YEAR: 2022
LATITUDE: 29 31 N
LONGITUDE: 98 28 W
TEMPERATURE IN F: :PCPN: SNOW: WIND :SUNSHINE: SKY :PK WND
================================================================================
1 2 3 4 5 6A 6B 7 8 9 10 11 12 13 14 15 16 17 18
12Z AVG MX 2MIN
DY MAX MIN AVG DEP HDD CDD WTR SNW DPTH SPD SPD DIR MIN PSBL S-S WX SPD DR
================================================================================
1 88 59 74 -2 0 9 0.00 0.0 0 4.2 12 110 M M 0 18 100
2 84 58 71 -5 0 6 0.00 0.0 0 4.1 14 110 M M 6 21 110
3 87 62 75 0 0 10 0.00 0.0 0 3.5 12 150 M M 8 14 110
4 86 66 76 1 0 11 0.00 0.0 0 4.1 13 140 M M 6 17 140
5 88 60 74 -1 0 9 0.00 0.0 0 3.7 12 160 M M 3 16 100
6 90 62 76 1 0 11 0.00 0.0 0 4.5 16 110 M M 3 21 130
7 85 66 76 2 0 11 0.00 0.0 0 4.0 13 120 M M 9 15 110
8 89 64 77 3 0 12 0.00 0.0 0 7.0 15 60 M M 5 24 100
9 87 65 76 2 0 11 0.00 0.0 0 6.3 17 150 M M 4 22 130
10 88 64 76 3 0 11 0.00 0.0 0 8.1 20 130 M M 4 27 140
11 87 65 76 3 0 11 0.00 0.0 0 7.9 20 150 M M 7 25 170
12 94 73 84 11 0 19 0.00 0.0 0 7.4 15 220 M M 5 23 220
13 93 68 81 9 0 16 0.00 0.0 0 7.2 15 40 M M 2 23 20
14 90 70 80 8 0 15 0.00 0.0 0 7.3 21 130 M M 7 26 140
15 92 74 83 11 0 18 T 0.0 0 11.2 22 140 M M 7 29 150
16 91 73 82 10 0 17 0.00 0.0 0 7.0 21 50 M M 6 28 40
17 73 61 67 -4 0 2 0.64 0.0 0 10.5 22 30 M M 8 1 33 40
18 72 52 62 -9 3 0 0.00 0.0 0 7.7 20 10 M M 6 27 360
19 74 46 60 -10 5 0 0.00 0.0 0 5.5 13 180 M M 0 19 190
20 81 50 66 -4 0 1 0.00 0.0 0 6.3 17 220 M M 0 24 260
21 84 56 70 0 0 5 0.00 0.0 0 8.5 21 160 M M 1 27 160
22 86 64 75 6 0 10 0.00 0.0 0 12.1 21 150 M M 4 32 180
23 87 68 78 9 0 13 0.00 0.0 0 15.5 25 150 M M 8 36 140
24 89 65 77 8 0 12 0.03 0.0 0 13.8 33 320 M M 8 13 44 310
25 80 54 67 -1 0 2 0.00 0.0 0 8.2 23 330 M M 2 33 300
26 78 47 63 -5 2 0 0.00 0.0 0 6.9 14 170 M M 1 19 100
27 80 52 66 -2 0 1 0.06 0.0 0 7.4 20 140 M M 6 1 26 150
28 72 57 65 -2 0 0 0.30 0.0 0 9.9 24 330 M M 7 13 33 340
29 74 52 63 -4 2 0 0.00 0.0 0 8.5 20 320 M M 4 26 350
30 80 50 65 -1 0 0 0.00 0.0 0 3.4 9 200 M M 3 16 310
31 80 53 67 1 0 2 0.02 0.0 0 5.4 16 150 M M 7 3 20 150
================================================================================
SM 2609 1876 12 245 1.05 0.0 227.1 M 147
================================================================================
AV 84.2 60.5 7.3 FASTST M M 5 MAX(MPH)
MISC ----> 33 320 44 310
================================================================================
NOTES:
# LAST OF SEVERAL OCCURRENCES
COLUMN 17 PEAK WIND IN M.P.H.
PRELIMINARY LOCAL CLIMATOLOGICAL DATA (WS FORM: F-6) , PAGE 2
STATION: SAN ANTONIO
MONTH: OCTOBER
YEAR: 2022
LATITUDE: 29 31 N
LONGITUDE: 98 28 W
[TEMPERATURE DATA] [PRECIPITATION DATA] SYMBOLS USED IN COLUMN 16
AVERAGE MONTHLY: 72.3 TOTAL FOR MONTH: 1.05 1 = FOG OR MIST
DPTR FM NORMAL: 1.0 DPTR FM NORMAL: -2.70 2 = FOG REDUCING VISIBILITY
HIGHEST: 94 ON 12 GRTST 24HR 0.64 ON 17-17 TO 1/4 MILE OR LESS
LOWEST: 46 ON 19 3 = THUNDER
SNOW, ICE PELLETS, HAIL 4 = ICE PELLETS
TOTAL MONTH: 0.0 INCH 5 = HAIL
GRTST 24HR 0.0 6 = FREEZING RAIN OR DRIZZLE
GRTST DEPTH: 0 7 = DUSTSTORM OR SANDSTORM:
VSBY 1/2 MILE OR LESS
8 = SMOKE OR HAZE
[NO. OF DAYS WITH] [WEATHER - DAYS WITH] 9 = BLOWING SNOW
X = TORNADO
MAX 32 OR BELOW: 0 0.01 INCH OR MORE: 5
MAX 90 OR ABOVE: 6 0.10 INCH OR MORE: 2
MIN 32 OR BELOW: 0 0.50 INCH OR MORE: 1
MIN 0 OR BELOW: 0 1.00 INCH OR MORE: 0
[HDD (BASE 65) ]
TOTAL THIS MO. 12 CLEAR (SCALE 0-3) 9
DPTR FM NORMAL -22 PTCLDY (SCALE 4-7) 20
TOTAL FM JUL 1 12 CLOUDY (SCALE 8-10) 2
DPTR FM NORMAL -22
[CDD (BASE 65) ]
TOTAL THIS MO. 245
DPTR FM NORMAL 16 [PRESSURE DATA]
TOTAL FM JAN 1 3860 HIGHEST SLP 30.34 ON 19
DPTR FM NORMAL 786 LOWEST SLP 29.61 ON 24
[REMARKS]
#FINAL-10-22#