000
CXUS52 KCHS 011542
CF6SAV
PRELIMINARY LOCAL CLIMATOLOGICAL DATA (WS FORM: F-6)
STATION: SAVANNAH GA
MONTH: JUNE
YEAR: 2022
LATITUDE: 32 7 N
LONGITUDE: 81 12 W
TEMPERATURE IN F: :PCPN: SNOW: WIND :SUNSHINE: SKY :PK WND
================================================================================
1 2 3 4 5 6A 6B 7 8 9 10 11 12 13 14 15 16 17 18
12Z AVG MX 2MIN
DY MAX MIN AVG DEP HDD CDD WTR SNW DPTH SPD SPD DIR MIN PSBL S-S WX SPD DR
================================================================================
1 92 66 79 1 0 14 0.00 0.0 0 5.1 13 180 M M 2 1 16 140
2 93 69 81 3 0 16 T 0.0 0 6.9 35 140 M M 3 3 44 140
3 95 71 83 5 0 18 0.55 0.0 0 6.5 31 180 M M 4 13 37 180
4 85 69 77 -1 0 12 0.12 0.0 0 7.4 22 100 M M 6 13 25 60
5 86 68 77 -1 0 12 0.01 0.0 0 8.1 20 100 M M 5 23 100
6 84 69 77 -2 0 12 0.03 0.0 0 7.9 20 110 M M 6 3 23 100
7 89 68 79 0 0 14 0.00 0.0 0 5.3 13 120 M M 3 1 16 150
8 90 73 82 3 0 17 0.05 0.0 0 6.5 22 290 M M 5 3 27 280
9 91 73 82 3 0 17 0.52 0.0 0 9.6 24 10 M M 6 13 31 360
10 91 71 81 2 0 16 0.00 0.0 0 4.9 15 270 M M 4 20 270
11 90 75 83 3 0 18 0.04 0.0 0 5.1 17 90 M M 7 3 21 100
12 90 74 82 2 0 17 0.00 0.0 0 8.9 20 180 M M 4 22 190
13 95 75 85 5 0 20 0.00 0.0 0 7.1 17 170 M M 4 21 170
14 98 74 86 6 0 21 0.00 0.0 0 6.9 32 330 M M 6 3 39 330
15 97 72 85 5 0 20 0.00 0.0 0 7.2 20 110 M M 3 22 110
16 91 74 83 3 0 18 0.00 0.0 0 7.5 23 80 M M 5 28 80
17 97 71 84 4 0 19 0.85 0.0 0 7.7 37 340 M M 5 138 50 340
18 94 71 83 2 0 18 0.00 0.0 0 6.3 15 310 M M 5 8 21 280
19 87 71 79 -2 0 14 0.00 0.0 0 9.5 17 60 M M 2 23 40
20 88 63 76 -5 0 11 0.00 0.0 0 5.2 17 150 M M 3 1 20 150
21 95 67 81 0 0 16 0.00 0.0 0 5.6 16 180 M M 5 8 21 140
22 96 71 84 3 0 19 0.00 0.0 0 6.1 17 160 M M 2 21 170
23 102 72 87 6 0 22 T 0.0 0 8.9 23 100 M M 5 26 110
24 91 76 84 2 0 19 T 0.0 0 11.9 20 110 M M 5 3 26 100
25 91 72 82 0 0 17 0.00 0.0 0 9.1 21 120 M M 4 26 90
26 90 69 80 -2 0 15 0.00 0.0 0 6.8 18 100 M M 3 24 110
27 93 67 80 -2 0 15 0.00 0.0 0 5.0 13 130 M M 5 18 130
28 87 74 81 -1 0 16 0.56 0.0 0 5.3 20 110 M M 7 13 24 70
29 87 72 80 -2 0 15 0.04 0.0 0 4.9 20 10 M M 7 13 25 10
30 89 73 81 -1 0 16 0.29 0.0 0 8.7 20 110 M M 7 13 24 110
================================================================================
SM 2744 2130 0 494 3.06 0.0 211.9 M 138
================================================================================
AV 91.5 71.0 7.1 FASTST M M 5 MAX(MPH)
MISC ----> 37 340 50 340
================================================================================
NOTES:
# LAST OF SEVERAL OCCURRENCES
COLUMN 17 PEAK WIND IN M.P.H.
PRELIMINARY LOCAL CLIMATOLOGICAL DATA (WS FORM: F-6) , PAGE 2
STATION: SAVANNAH GA
MONTH: JUNE
YEAR: 2022
LATITUDE: 32 7 N
LONGITUDE: 81 12 W
[TEMPERATURE DATA] [PRECIPITATION DATA] SYMBOLS USED IN COLUMN 16
AVERAGE MONTHLY: 81.2 TOTAL FOR MONTH: 3.06 1 = FOG OR MIST
DPTR FM NORMAL: 1.1 DPTR FM NORMAL: -3.59 2 = FOG REDUCING VISIBILITY
HIGHEST: 102 ON 23 GRTST 24HR 0.85 ON 17-17 TO 1/4 MILE OR LESS
LOWEST: 63 ON 20 3 = THUNDER
SNOW, ICE PELLETS, HAIL 4 = ICE PELLETS
TOTAL MONTH: 0.0 INCH 5 = HAIL
GRTST 24HR 0.0 6 = FREEZING RAIN OR DRIZZLE
GRTST DEPTH: 0 7 = DUSTSTORM OR SANDSTORM:
VSBY 1/2 MILE OR LESS
8 = SMOKE OR HAZE
[NO. OF DAYS WITH] [WEATHER - DAYS WITH] 9 = BLOWING SNOW
X = TORNADO
MAX 32 OR BELOW: 0 0.01 INCH OR MORE: 11
MAX 90 OR ABOVE: 21 0.10 INCH OR MORE: 6
MIN 32 OR BELOW: 0 0.50 INCH OR MORE: 4
MIN 0 OR BELOW: 0 1.00 INCH OR MORE: 0
[HDD (BASE 65) ]
TOTAL THIS MO. 0 CLEAR (SCALE 0-3) 5
DPTR FM NORMAL 0 PTCLDY (SCALE 4-7) 25
TOTAL FM JUL 1 1441 CLOUDY (SCALE 8-10) 0
DPTR FM NORMAL -234
[CDD (BASE 65) ]
TOTAL THIS MO. 494
DPTR FM NORMAL 39 [PRESSURE DATA]
TOTAL FM JAN 1 1047 HIGHEST SLP 30.25 ON 20
DPTR FM NORMAL 131 LOWEST SLP 29.75 ON 5
[REMARKS]
#FINAL-06-22#