000
CXUS56 KLOX 011155
CF6SBA
PRELIMINARY LOCAL CLIMATOLOGICAL DATA (WS FORM: F-6)
STATION: SANTA BARBARA AIRPORT CA
MONTH: MAY
YEAR: 2023
LATITUDE: 34 25 N
LONGITUDE: 119 50 W
TEMPERATURE IN F: :PCPN: SNOW: WIND :SUNSHINE: SKY :PK WND
================================================================================
1 2 3 4 5 6A 6B 7 8 9 10 11 12 13 14 15 16 17 18
12Z AVG MX 2MIN
DY MAX MIN AVG DEP HDD CDD WTR SNW DPTH SPD SPD DIR MIN PSBL S-S WX SPD DR
================================================================================
1 69 47 58 -1 7 0 0.00 M M 8.1 23 250 M M 4 34 270
2 62 44 53 -6 12 0 T M M 3.3 12 150 M M 5 15 150
3 64 45 55 -4 10 0 0.41 M M 7.3 16 130 M M 6 1 19 130
4 65 49 57 -3 8 0 0.14 M M 5.9 14 130 M M 8 1 17 140
5 65 50 58 -2 7 0 0.04 M M 5.0 14 270 M M 6 1 18 250
6 66 46 56 -4 9 0 0.00 M M 6.2 22 260 M M 2 27 270
7 67 48 58 -2 7 0 0.00 M M 5.4 13 230 M M 1 17 230
8 72 49 61 1 4 0 0.00 M M 4.5 17 250 M M 0 22 250
9 67 50 59 -1 6 0 0.00 M M 7.5 22 260 M M 5 28 270
10 69 51 60 0 5 0 0.00 M M 6.4 14 140 M M 0 18 350
11 70 49 60 0 5 0 0.00 M M 4.8 13 220 M M 0 16 240
12 70 50 60 0 5 0 0.00 M M 4.7 12 240 M M 0 1 14 240
13 66 56 61 1 4 0 0.00 M M 6.0 12 250 M M 8 128 15 230
14 69 56 63 3 2 0 0.00 M M 6.0 10 260 M M 10 18 14 90
15 63 57 60 0 5 0 0.00 M M 4.9 13 260 M M 10 18 14 260
16 66 55 61 1 4 0 0.00 M M 4.9 10 240 M M 9 18 17 180
17 66 56 61 1 4 0 0.00 M M 6.5 15 80 M M 9 18 20 80
18 66 57 62 2 3 0 0.00 M M 5.8 10 270 M M 10 18 13 130
19 67 57 62 2 3 0 0.00 M M 4.3 14 260 M M 10 1 17 270
20 68 58 63 3 2 0 0.00 M M 5.6 12 110 M M 6 1 15 240
21 64 58 61 0 4 0 0.00 M M 4.8 12 260 M M 8 1 14 270
22 64 57 61 0 4 0 0.00 M M 4.9 13 260 M M 10 1 15 240
23 65 57 61 0 4 0 0.00 M M 4.4 10 250 M M 10 18 13 240
24 68 60 64 3 1 0 0.00 M M 6.1 14 240 M M 9 16 250
25 67 60 64 3 1 0 0.00 M M 5.6 13 240 M M 10 16 240
26 68 55 62 1 3 0 0.00 M M 5.5 16 260 M M 9 20 250
27 68 50 59 -2 6 0 0.00 M M 4.8 13 240 M M 3 16 240
28 66 58 62 1 3 0 0.00 M M 4.6 10 250 M M 10 8 13 220
29 68 60 64 3 1 0 0.00 M M 5.2 15 270 M M 10 17 260
30 68 60 64 3 1 0 0.00 M M 4.6 17 250 M M 10 21 250
31 68 55 62 1 3 0 0.00 M M 5.1 14 130 M M 6 17 130
================================================================================
SM 2071 1660 143 0 0.59 M 168.7 M 204
================================================================================
AV 66.8 53.5 5.4 FASTST M M 7 MAX(MPH)
MISC ----> 23 250 34 270
================================================================================
NOTES:
# LAST OF SEVERAL OCCURRENCES
COLUMN 17 PEAK WIND IN M.P.H.
PRELIMINARY LOCAL CLIMATOLOGICAL DATA (WS FORM: F-6) , PAGE 2
STATION: SANTA BARBARA AIRPORT CA
MONTH: MAY
YEAR: 2023
LATITUDE: 34 25 N
LONGITUDE: 119 50 W
[TEMPERATURE DATA] [PRECIPITATION DATA] SYMBOLS USED IN COLUMN 16
AVERAGE MONTHLY: 60.2 TOTAL FOR MONTH: 0.59 1 = FOG OR MIST
DPTR FM NORMAL: -0.1 DPTR FM NORMAL: 0.17 2 = FOG REDUCING VISIBILITY
HIGHEST: 72 ON 8 GRTST 24HR 0.44 ON 3- 4 TO 1/4 MILE OR LESS
LOWEST: 44 ON 2 3 = THUNDER
SNOW, ICE PELLETS, HAIL 4 = ICE PELLETS
TOTAL MONTH: M 5 = HAIL
GRTST 24HR M ON M 6 = FREEZING RAIN OR DRIZZLE
GRTST DEPTH: M ON M 7 = DUSTSTORM OR SANDSTORM:
VSBY 1/2 MILE OR LESS
8 = SMOKE OR HAZE
[NO. OF DAYS WITH] [WEATHER - DAYS WITH] 9 = BLOWING SNOW
X = TORNADO
MAX 32 OR BELOW: 0 0.01 INCH OR MORE: 3
MAX 90 OR ABOVE: 0 0.10 INCH OR MORE: 2
MIN 32 OR BELOW: 0 0.50 INCH OR MORE: 0
MIN 0 OR BELOW: 0 1.00 INCH OR MORE: 0
[HDD (BASE 65) ]
TOTAL THIS MO. 143 CLEAR (SCALE 0-3) 7
DPTR FM NORMAL -14 PTCLDY (SCALE 4-7) 9
TOTAL FM JUL 1 2202 CLOUDY (SCALE 8-10) 15
DPTR FM NORMAL 2
[CDD (BASE 65) ]
TOTAL THIS MO. 0
DPTR FM NORMAL -10 [PRESSURE DATA]
TOTAL FM JAN 1 0 HIGHEST SLP 30.11 ON 15
DPTR FM NORMAL -18 LOWEST SLP 29.80 ON 17
[REMARKS]
#FINAL-05-23#