000
CXUS53 KMKX 010910
CF6SBM
PRELIMINARY LOCAL CLIMATOLOGICAL DATA (WS FORM: F-6)
STATION: SHEBOYGAN WI
MONTH: NOVEMBER
YEAR: 2021
LATITUDE: 43 46 N
LONGITUDE: 87 51 W
TEMPERATURE IN F: :PCPN: SNOW: WIND :SUNSHINE: SKY :PK WND
================================================================================
1 2 3 4 5 6A 6B 7 8 9 10 11 12 13 14 15 16 17 18
12Z AVG MX 2MIN
DY MAX MIN AVG DEP HDD CDD WTR SNW DPTH SPD SPD DIR MIN PSBL S-S WX SPD DR
================================================================================
1 47 33 40 -2 25 0 T M M 11.3 26 270 M M 5 37 250
2 44 28 36 -6 29 0 T M M 8.9 18 300 M M 1 26 290
3 44 24 34 -7 31 0 0.00 M M 5.6 13 270 M M 5 17 260
4 47 23 35 -6 30 0 0.00 M M 4.5 14 210 M M 4 18 200
5 55 34 45 5 20 0 0.00 M M 12.3 25 230 M M 1 33 200
6 63 40 52 12 13 0 0.00 M M 12.7 22 220 M M 1 29 210
7 68 42 55 15 10 0 0.00 M M 8.6 16 180 M M 0 8 21 210
8 67 46 57 18 8 0 0.00 M M 7.1 14 260 M M 0 18 30
9 57 30 44 5 21 0 0.00 M M 5.1 13 360 M M 0 18 20
10 54 28 41 3 24 0 T M M 7.0 21 150 M M 3 33 130
11 56 36 46 8 19 0 0.30 M M 16.0 29 240 M M 7 1 40 150
12 42 34 38 0 27 0 0.02 M M 10.1 24 240 M M 7 1 30 240
13 41 33 37 0 28 0 0.00 M M 11.3 22 280 M M 7 31 280
14 36 31 34 -3 31 0 0.05 M M 10.6 20 330 M M 10 1 29 340
15 38 22 30 -6 35 0 0.00 M M 5.7 13 280 M M 1 16 280
16 50 22 36 0 29 0 0.00 M M 8.5 23 150 M M 5 37 150
17 53 35 44 8 21 0 0.00 M M 12.0 25 270 M M 4 36 290
18 35 28 32 -3 33 0 T M M 14.3 25 270 M M 8 36 270
19 39 24 32 -3 33 0 0.00 M M 9.2 20 190 M M 1 26 200
20 47 26 37 3 28 0 0.00 M M 9.0 18 240 M M 5 1 24 210
21 51 25 38 4 27 0 T M M 12.0 37 300 M M 5 54 300
22 33 21 27 -7 38 0 0.00 M M 13.1 23 280 M M 1 34 280
23 43 15 29 -4 36 0 0.00 M M 9.8 23 200 M M 0 30 200
24 49 36 43 10 22 0 0.00 M M 11.1 22 190 M M 0 28 190
25 46 19 33 1 32 0 0.01 M M 12.1 22 340 M M 9 1 32 320
26 29 17 23 -9 42 0 0.00 M M 5.6 13 310 M M 5 21 290
27 40 27 34 2 31 0 T M M 7.6 16 320 M M 10 22 310
28 38 17 28 -3 37 0 0.00 M M 10.8 23 300 M M 1 37 300
29 38 17 28 -3 37 0 0.02 M M 5.6 15 170 M M 7 18 23 150
30 44 28 36 5 29 0 0.00 M M 9.1 21 300 M M 2 1 31 320
================================================================================
SM 1394 841 826 0 0.40 M 286.6 M 115
================================================================================
AV 46.5 28.0 9.6 FASTST M M 4 MAX(MPH)
MISC ----> 37 300 54 300
================================================================================
NOTES:
# LAST OF SEVERAL OCCURRENCES
COLUMN 17 PEAK WIND IN M.P.H.
PRELIMINARY LOCAL CLIMATOLOGICAL DATA (WS FORM: F-6) , PAGE 2
STATION: SHEBOYGAN WI
MONTH: NOVEMBER
YEAR: 2021
LATITUDE: 43 46 N
LONGITUDE: 87 51 W
[TEMPERATURE DATA] [PRECIPITATION DATA] SYMBOLS USED IN COLUMN 16
AVERAGE MONTHLY: 37.3 TOTAL FOR MONTH: 0.40 1 = FOG OR MIST
DPTR FM NORMAL: 1.0 DPTR FM NORMAL: -1.56 2 = FOG REDUCING VISIBILITY
HIGHEST: 68 ON 7 GRTST 24HR 0.30 ON 11-11 TO 1/4 MILE OR LESS
LOWEST: 15 ON 23 3 = THUNDER
SNOW, ICE PELLETS, HAIL 4 = ICE PELLETS
TOTAL MONTH: M 5 = HAIL
GRTST 24HR M ON M 6 = FREEZING RAIN OR DRIZZLE
GRTST DEPTH: M ON M 7 = DUSTSTORM OR SANDSTORM:
VSBY 1/2 MILE OR LESS
8 = SMOKE OR HAZE
[NO. OF DAYS WITH] [WEATHER - DAYS WITH] 9 = BLOWING SNOW
X = TORNADO
MAX 32 OR BELOW: 1 0.01 INCH OR MORE: 5
MAX 90 OR ABOVE: 0 0.10 INCH OR MORE: 1
MIN 32 OR BELOW: 20 0.50 INCH OR MORE: 0
MIN 0 OR BELOW: 0 1.00 INCH OR MORE: 0
[HDD (BASE 65) ]
TOTAL THIS MO. 826 CLEAR (SCALE 0-3) 14
DPTR FM NORMAL -35 PTCLDY (SCALE 4-7) 13
TOTAL FM JUL 1 1191 CLOUDY (SCALE 8-10) 3
DPTR FM NORMAL -416
[CDD (BASE 65) ]
TOTAL THIS MO. 0
DPTR FM NORMAL 0 [PRESSURE DATA]
TOTAL FM JAN 1 677 HIGHEST SLP 30.49 ON 19
DPTR FM NORMAL 271 LOWEST SLP 29.34 ON 11
[REMARKS]
#FINAL-11-21#