000
CXUS53 KIWX 010910
CF6SBN
PRELIMINARY LOCAL CLIMATOLOGICAL DATA (WS FORM: F-6)
STATION: SOUTH BEND
MONTH: JANUARY
YEAR: 2024
LATITUDE: 41 42 N
LONGITUDE: 86 19 W
TEMPERATURE IN F: :PCPN: SNOW: WIND :SUNSHINE: SKY :PK WND
================================================================================
1 2 3 4 5 6A 6B 7 8 9 10 11 12 13 14 15 16 17 18
12Z AVG MX 2MIN
DY MAX MIN AVG DEP HDD CDD WTR SNW DPTH SPD SPD DIR MIN PSBL S-S WX SPD DR
================================================================================
1 35 30 33 7 32 0 0.01 T 0 8.4 15 290 M M 10 18 21 320
2 37 28 33 7 32 0 0.00 0.0 0 12.7 22 210 M M 8 30 200
3 36 32 34 8 31 0 0.01 T 0 7.7 21 350 M M 10 168 27 350
4 33 21 27 2 38 0 0.00 0.0 0 4.0 15 350 M M 8 21 350
5 36 23 30 5 35 0 0.00 0.0 0 7.2 14 110 M M 5 18 150
6 35 29 32 7 33 0 T T 0 7.0 14 110 M M 10 18 18 100
7 35 32 34 9 31 0 0.07 0.5 1 7.8 17 270 M M 10 18 22 290
8 36 32 34 9 31 0 T T 0 9.8 22 120 M M 10 29 100
9 37 33 35 11 30 0 1.03 2.3 2 11.0 21 110 M M 10 1 32 110
10 36 31 34 10 31 0 0.12 T T 14.4 25 320 M M 10 18 37 320
11 35 27 31 7 34 0 0.02 0.4 T 9.4 22 270 M M 9 18 33 270
12 35 30 33 9 32 0 0.55 3.6 0 15.7 29 220 M M 9 12 44 220
13 32 6 19 -5 46 0 0.15 6.1 4 19.6 31 220 M M 10 128 46 230
14 6 -9 -1 -25 66 0 T 0.1 6 16.2 25 250 M M 3 89 35 250
15 5 -9 -2 -26 67 0 0.00 0.0 6 10.1 17 220 M M 2 8 23 210
16 4 -2 1 -23 64 0 T T 5 15.0 22 230 M M 3 8 32 220
17 20 0 10 -14 55 0 T T 5 14.5 25 230 M M 3 8 33 230
18 26 20 23 -1 42 0 0.16 2.5 6 5.1 12 220 M M 10 18 17 200
19 25 14 20 -4 45 0 0.18 5.9 7 8.5 23 290 M M 10 128 32 280
20 24 -1 12 -11 53 0 0.07 0.8 10 8.1 21 300 M M 7 128 29 280
21 19 -2 9 -14 56 0 T T 9 7.8 14 180 M M 1 1 20 200
22 33 15 24 1 41 0 0.06 0.0 8 13.1 18 210 M M 9 168 27 220
23 38 33 36 13 29 0 0.37 0.0 5 6.3 13 120 M M 10 126 17 130
24 40 34 37 14 28 0 0.38 0.0 4 3.4 13 110 M M 10 12 17 110
25 41 35 38 15 27 0 0.42 0.0 2 5.1 12 30 M M 10 12 15 90
26 40 35 38 14 27 0 0.32 0.0 1 3.1 13 50 M M 10 12 20 40
27 41 34 38 14 27 0 0.26 0.0 0 4.9 15 30 M M 10 12 20 30
28 39 33 36 12 29 0 0.24 T 0 13.4 20 360 M M 10 1 27 360
29 35 32 34 10 31 0 0.00 0.0 0 10.1 20 200 M M 10 1 26 200
30 38 33 36 12 29 0 0.10 0.0 0 8.5 20 190 M M 10 1 25 200
31 40 36 38 14 27 0 0.01 0.0 0 10.3 21 220 M M 10 1 28 220
================================================================================
SM 972 685 1179 0 4.53 22.2 298.2 M 257
================================================================================
AV 31.4 22.1 9.6 FASTST M M 8 MAX(MPH)
MISC ----> 31 220 46 230
================================================================================
NOTES:
# LAST OF SEVERAL OCCURRENCES
COLUMN 17 PEAK WIND IN M.P.H.
PRELIMINARY LOCAL CLIMATOLOGICAL DATA (WS FORM: F-6) , PAGE 2
STATION: SOUTH BEND
MONTH: JANUARY
YEAR: 2024
LATITUDE: 41 42 N
LONGITUDE: 86 19 W
[TEMPERATURE DATA] [PRECIPITATION DATA] SYMBOLS USED IN COLUMN 16
AVERAGE MONTHLY: 26.7 TOTAL FOR MONTH: 4.53 1 = FOG OR MIST
DPTR FM NORMAL: 2.6 DPTR FM NORMAL: 1.87 2 = FOG REDUCING VISIBILITY
HIGHEST: 41 ON 27,25 GRTST 24HR 1.03 ON 9- 9 TO 1/4 MILE OR LESS
LOWEST: -9 ON 15,14 3 = THUNDER
SNOW, ICE PELLETS, HAIL 4 = ICE PELLETS
TOTAL MONTH: 22.6 INCHES 5 = HAIL
GRTST 24HR 6.1 ON 13-13 6 = FREEZING RAIN OR DRIZZLE
GRTST DEPTH: 10 ON 20 7 = DUSTSTORM OR SANDSTORM:
VSBY 1/2 MILE OR LESS
8 = SMOKE OR HAZE
[NO. OF DAYS WITH] [WEATHER - DAYS WITH] 9 = BLOWING SNOW
X = TORNADO
MAX 32 OR BELOW: 9 0.01 INCH OR MORE: 20
MAX 90 OR ABOVE: 0 0.10 INCH OR MORE: 13
MIN 32 OR BELOW: 22 0.50 INCH OR MORE: 2
MIN 0 OR BELOW: 6 1.00 INCH OR MORE: 1
[HDD (BASE 65) ]
TOTAL THIS MO. 1179 CLEAR (SCALE 0-3) 3
DPTR FM NORMAL -89 PTCLDY (SCALE 4-7) 5
TOTAL FM JUL 1 3065 CLOUDY (SCALE 8-10) 23
DPTR FM NORMAL -610
[CDD (BASE 65) ]
TOTAL THIS MO. 0
DPTR FM NORMAL 0 [PRESSURE DATA]
TOTAL FM JAN 1 0 HIGHEST SLP 30.70 ON 21
DPTR FM NORMAL 0 LOWEST SLP 28.94 ON 9
[REMARKS]
#FINAL-01-24#