000
CXUS56 KLOX 011156
CF6SBP
PRELIMINARY LOCAL CLIMATOLOGICAL DATA (WS FORM: F-6)
STATION: SAN LUIS OBISPO AIRPORT CA
MONTH: OCTOBER
YEAR: 2023
LATITUDE: 35 13 N
LONGITUDE: 120 38 W
TEMPERATURE IN F: :PCPN: SNOW: WIND :SUNSHINE: SKY :PK WND
================================================================================
1 2 3 4 5 6A 6B 7 8 9 10 11 12 13 14 15 16 17 18
12Z AVG MX 2MIN
DY MAX MIN AVG DEP HDD CDD WTR SNW DPTH SPD SPD DIR MIN PSBL S-S WX SPD DR
================================================================================
1 75 56 66 1 0 1 0.00 M M 4.1 18 320 M M 4 8 21 320
2 76 53 65 0 0 0 0.00 M M 8.9 24 310 M M 2 29 320
3 87 55 71 6 0 6 0.00 M M 8.1 24 320 M M 0 29 320
4 93 52 73 8 0 8 0.00 M M 4.3 18 310 M M 0 18 21 310
5 101 57 79 14 0 14 0.00 M M 4.4 18 310 M M 0 22 310
6 106 62 84 19 0 19 0.00 M M 4.6 22 320 M M 0 24 320
7 96 62 79 14 0 14 0.00 M M 3.2 12 220 M M 0 14 220
8 83 56 70 6 0 5 0.00 M M 4.7 14 300 M M 2 18 16 310
9 75 60 68 4 0 3 0.00 M M 7.7 18 310 M M 6 18 21 310
10 75 57 66 2 0 1 0.00 M M 11.9 28 310 M M 4 34 320
11 79 59 69 5 0 4 0.00 M M 13.4 25 310 M M 0 31 300
12 88 54 71 7 0 6 0.00 M M 8.7 26 310 M M 0 32 310
13 81 51 66 2 0 1 0.00 M M 4.3 20 320 M M 0 18 22 310
14 84 51 68 4 0 3 0.00 M M 6.2 21 320 M M 4 128 24 300
15 85 52 69 5 0 4 0.00 M M 6.0 22 310 M M 3 12 26 320
16 81 56 69 5 0 4 0.00 M M 5.9 22 310 M M 4 128 26 310
17 95 56 76 13 0 11 T M M 6.0 25 310 M M 0 29 310
18 91 53 72 9 0 7 0.00 M M 3.7 14 300 M M 0 17 320
19 84 57 71 8 0 6 0.00 M M 4.0 9 270 M M 4 128 11 290
20 78 57 68 5 0 3 0.00 M M 6.3 22 310 M M 4 128 25 310
21 75 54 65 2 0 0 0.00 M M 8.2 23 310 M M 0 28 310
22 76 51 64 1 1 0 T M M 7.4 18 310 M M 7 18 23 320
23 79 56 68 5 0 3 T M M 9.2 26 320 M M 5 32 330
24 77 56 67 5 0 2 0.00 M M 10.7 24 310 M M 5 18 29 310
25 67 54 61 -1 4 0 0.00 M M 5.1 13 130 M M 7 18 16 150
26 76 50 63 1 2 0 0.00 M M 8.7 24 310 M M 0 29 320
27 78 48 63 1 2 0 0.00 M M 8.1 23 320 M M 0 28 320
28 72 49 61 -1 4 0 0.00 M M 7.6 21 310 M M 0 24 310
29 82 46 64 2 1 0 0.00 M M 4.2 15 220 M M 0 17 210
30 82 41 62 0 3 0 0.00 M M 3.4 14 310 M M 0 19 340
31 87 44 66 5 0 1 0.00 M M 3.8 18 320 M M 0 21 310
================================================================================
SM 2564 1665 17 126 T M 202.8 M 61
================================================================================
AV 82.7 53.7 6.5 FASTST M M 2 MAX(MPH)
MISC ----> 28 310 34 320
================================================================================
NOTES:
# LAST OF SEVERAL OCCURRENCES
COLUMN 17 PEAK WIND IN M.P.H.
PRELIMINARY LOCAL CLIMATOLOGICAL DATA (WS FORM: F-6) , PAGE 2
STATION: SAN LUIS OBISPO AIRPORT CA
MONTH: OCTOBER
YEAR: 2023
LATITUDE: 35 13 N
LONGITUDE: 120 38 W
[TEMPERATURE DATA] [PRECIPITATION DATA] SYMBOLS USED IN COLUMN 16
AVERAGE MONTHLY: 68.2 TOTAL FOR MONTH: T 1 = FOG OR MIST
DPTR FM NORMAL: 4.7 DPTR FM NORMAL: -0.92 2 = FOG REDUCING VISIBILITY
HIGHEST: 106 ON 6 GRTST 24HR T ON 30- 1 TO 1/4 MILE OR LESS
LOWEST: 41 ON 30 3 = THUNDER
SNOW, ICE PELLETS, HAIL 4 = ICE PELLETS
TOTAL MONTH: M 5 = HAIL
GRTST 24HR M ON M 6 = FREEZING RAIN OR DRIZZLE
GRTST DEPTH: M ON M 7 = DUSTSTORM OR SANDSTORM:
VSBY 1/2 MILE OR LESS
8 = SMOKE OR HAZE
[NO. OF DAYS WITH] [WEATHER - DAYS WITH] 9 = BLOWING SNOW
X = TORNADO
MAX 32 OR BELOW: 0 0.01 INCH OR MORE: 0
MAX 90 OR ABOVE: 6 0.10 INCH OR MORE: 0
MIN 32 OR BELOW: 0 0.50 INCH OR MORE: 0
MIN 0 OR BELOW: 0 1.00 INCH OR MORE: 0
[HDD (BASE 65) ]
TOTAL THIS MO. 17 CLEAR (SCALE 0-3) 20
DPTR FM NORMAL -85 PTCLDY (SCALE 4-7) 11
TOTAL FM JUL 1 22 CLOUDY (SCALE 8-10) 0
DPTR FM NORMAL -153
[CDD (BASE 65) ]
TOTAL THIS MO. 126
DPTR FM NORMAL 72 [PRESSURE DATA]
TOTAL FM JAN 1 539 HIGHEST SLP 30.14 ON 30
DPTR FM NORMAL 217 LOWEST SLP 29.73 ON 12
[REMARKS]
#FINAL-10-23#