000
CXUS56 KLOX 011155
CF6SDB
PRELIMINARY LOCAL CLIMATOLOGICAL DATA (WS FORM: F-6)
STATION: SANDBERG CA
MONTH: MAY
YEAR: 2023
LATITUDE: 34 45 N
LONGITUDE: 118 44 W
TEMPERATURE IN F: :PCPN: SNOW: WIND :SUNSHINE: SKY :PK WND
================================================================================
1 2 3 4 5 6A 6B 7 8 9 10 11 12 13 14 15 16 17 18
12Z AVG MX 2MIN
DY MAX MIN AVG DEP HDD CDD WTR SNW DPTH SPD SPD DIR MIN PSBL S-S WX SPD DR
================================================================================
1 49 39 44 -12 21 0 0.00 M M 10.6 24 170 M M 9 128 36 150
2 49 35 42 -14 23 0 0.00 M M 16.3 25 170 M M 7 12 46 170
3 49 33 41 -15 24 0 0.01 M M 16.5 24 170 M M 7 12 41 180
4 48 32 40 -16 25 0 0.24 M M 13.9 23 200 M M 9 12 39 170
5 50 38 44 -13 21 0 0.00 M M 7.7 17 150 M M 9 12 27 140
6 50 38 44 -13 21 0 0.00 M M 10.3 18 320 M M 4 23 300
7 59 41 50 -7 15 0 0.00 M M 14.1 20 330 M M 3 12 30 340
8 61 42 52 -6 13 0 0.00 M M 16.3 25 320 M M 1 12 32 320
9 55 42 49 -9 16 0 0.01 M M 14.0 23 330 M M 5 12 36 340
10 60 41 51 -7 14 0 0.00 M M 16.6 37 320 M M 4 12 53 300
11 70 44 57 -1 8 0 0.00 M M 14.4 29 330 M M 0 39 340
12 81 51 66 7 0 1 0.00 M M 14.4 29 320 M M 0 39 320
13 84 61 73 14 0 8 0.00 M M 12.3 24 60 M M 0 34 70
14 80 60 70 11 0 5 0.00 M M 12.9 24 190 M M 0 34 200
15 82 64 73 14 0 8 0.00 M M 10.0 18 150 M M 0 24 150
16 83 63 73 13 0 8 0.00 M M 12.5 17 170 M M 1 29 170
17 85 63 74 14 0 9 0.00 M M 12.5 21 320 M M 0 29 320
18 81 64 73 13 0 8 0.00 M M 13.5 26 330 M M 0 37 340
19 80 62 71 11 0 6 0.00 M M 14.5 26 320 M M 0 37 320
20 80 59 70 9 0 5 0.00 M M 11.1 25 320 M M 0 33 310
21 82 62 72 11 0 7 0.00 M M 8.8 18 150 M M 1 25 140
22 79 60 70 9 0 5 T M M 11.1 20 160 M M 0 29 160
23 69 44 57 -5 8 0 0.00 M M 12.8 24 170 M M 2 12 38 160
24 63 43 53 -9 12 0 0.00 M M 14.0 23 170 M M 4 128 38 190
25 61 42 52 -10 13 0 0.00 M M 14.1 20 160 M M 5 128 30 190
26 67 43 55 -7 10 0 0.00 M M 12.3 30 320 M M 4 128 40 330
27 75 50 63 0 2 0 0.00 M M 11.6 16 310 M M 0 35 320
28 66 49 58 -5 7 0 0.00 M M 11.7 16 310 M M 2 128 28 310
29 61 47 54 -9 11 0 0.00 M M 14.0 20 170 M M 7 128 35 180
30 59 45 52 -12 13 0 T M M 12.0 22 200 M M 7 128 35 200
31 67 47 57 -7 8 0 0.00 M M 12.0 25 310 M M 5 128 36 340
================================================================================
SM 2085 1504 285 70 0.26 M 398.8 M 96
================================================================================
AV 67.3 48.5 12.9 FASTST M M 3 MAX(MPH)
MISC ----> 37 320 53 300
================================================================================
NOTES:
# LAST OF SEVERAL OCCURRENCES
COLUMN 17 PEAK WIND IN M.P.H.
PRELIMINARY LOCAL CLIMATOLOGICAL DATA (WS FORM: F-6) , PAGE 2
STATION: SANDBERG CA
MONTH: MAY
YEAR: 2023
LATITUDE: 34 45 N
LONGITUDE: 118 44 W
[TEMPERATURE DATA] [PRECIPITATION DATA] SYMBOLS USED IN COLUMN 16
AVERAGE MONTHLY: 57.9 TOTAL FOR MONTH: 0.26 1 = FOG OR MIST
DPTR FM NORMAL: -1.8 DPTR FM NORMAL: -0.15 2 = FOG REDUCING VISIBILITY
HIGHEST: 85 ON 17 GRTST 24HR 0.24 ON 4- 4 TO 1/4 MILE OR LESS
LOWEST: 32 ON 4 3 = THUNDER
SNOW, ICE PELLETS, HAIL 4 = ICE PELLETS
TOTAL MONTH: M 5 = HAIL
GRTST 24HR M ON M 6 = FREEZING RAIN OR DRIZZLE
GRTST DEPTH: M ON M 7 = DUSTSTORM OR SANDSTORM:
VSBY 1/2 MILE OR LESS
8 = SMOKE OR HAZE
[NO. OF DAYS WITH] [WEATHER - DAYS WITH] 9 = BLOWING SNOW
X = TORNADO
MAX 32 OR BELOW: 0 0.01 INCH OR MORE: 3
MAX 90 OR ABOVE: 0 0.10 INCH OR MORE: 1
MIN 32 OR BELOW: 1 0.50 INCH OR MORE: 0
MIN 0 OR BELOW: 0 1.00 INCH OR MORE: 0
[HDD (BASE 65) ]
TOTAL THIS MO. 285 CLEAR (SCALE 0-3) 17
DPTR FM NORMAL 66 PTCLDY (SCALE 4-7) 11
TOTAL FM JUL 1 3872 CLOUDY (SCALE 8-10) 3
DPTR FM NORMAL 367
[CDD (BASE 65) ]
TOTAL THIS MO. 70
DPTR FM NORMAL 15 [PRESSURE DATA]
TOTAL FM JAN 1 96 HIGHEST SLP M ON M
DPTR FM NORMAL 30 LOWEST SLP 29.70 ON 1
[REMARKS]
#FINAL-05-23#