000
CXUS56 KLOX 011155
CF6SDB
PRELIMINARY LOCAL CLIMATOLOGICAL DATA (WS FORM: F-6)
STATION: SANDBERG CA
MONTH: JULY
YEAR: 2021
LATITUDE: 34 45 N
LONGITUDE: 118 44 W
TEMPERATURE IN F: :PCPN: SNOW: WIND :SUNSHINE: SKY :PK WND
================================================================================
1 2 3 4 5 6A 6B 7 8 9 10 11 12 13 14 15 16 17 18
12Z AVG MX 2MIN
DY MAX MIN AVG DEP HDD CDD WTR SNW DPTH SPD SPD DIR MIN PSBL S-S WX SPD DR
================================================================================
1 90 65 78 4 0 13 0.00 M M 10.4 21 140 M M 0 30 150
2 90 67 79 5 0 14 0.00 M M 11.1 20 160 M M 0 32 150
3 94 70 82 8 0 17 0.00 M M 11.0 22 150 M M 0 35 150
4 91 71 81 7 0 16 0.00 M M 8.7 15 310 M M 0 21 300
5 91 70 81 6 0 16 0.00 M M 10.0 18 320 M M 0 32 310
6 92 70 81 6 0 16 0.00 M M 15.3 23 320 M M 0 35 320
7 99 70 85 10 0 20 0.00 M M 12.2 23 320 M M 0 33 330
8 97 73 85 10 0 20 0.00 M M 11.2 17 160 M M 0 24 170
9 98 77 88 12 0 23 0.00 M M 11.3 22 320 M M 0 33 340
10 98 79 89 13 0 24 0.00 M M 16.1 23 330 M M 0 40 330
11 98 80 89 13 0 24 0.00 M M 16.4 26 330 M M 0 39 320
12 99 81 90 14 0 25 0.00 M M 14.5 22 320 M M 0 41 320
13 89 70 80 4 0 15 0.00 M M 12.1 18 170 M M 0 26 170
14 88 68 78 2 0 13 0.00 M M 17.9 29 170 M M 0 39 170
15 88 67 78 1 0 13 0.00 M M 14.9 25 170 M M 0 35 160
16 88 65 77 0 0 12 0.00 M M 10.4 21 160 M M 0 30 170
17 93 67 80 3 0 15 0.00 M M 10.1 18 170 M M 0 25 170
18 96 71 84 7 0 19 T M M 9.1 17 160 M M 4 23 170
19 94 72 83 6 0 18 0.00 M M 10.3 17 140 M M 0 39 10
20 93 72 83 6 0 18 0.00 M M 9.0 18 320 M M 0 33 320
21 95 71 83 6 0 18 0.00 M M 11.0 23 320 M M 0 35 310
22 92 69 81 4 0 16 0.00 M M 11.4 17 190 M M 0 24 140
23 90 68 79 2 0 14 0.00 M M 11.7 20 150 M M 0 33 160
24 88 68 78 1 0 13 0.00 M M 11.2 21 170 M M 0 8 31 160
25 88 65 77 0 0 12 0.00 M M 10.6 21 170 M M 0 31 160
26 84 63 74 -3 0 9 0.01 M M 8.1 21 60 M M 5 29 60
27 90 68 79 2 0 14 0.00 M M 10.2 17 190 M M 0 26 130
28 92 71 82 5 0 17 0.00 M M 12.7 21 320 M M 0 30 190
29 96 73 85 8 0 20 0.00 M M 10.2 22 320 M M 0 30 330
30 94 73 84 7 0 19 0.00 M M 11.1 21 200 M M 0 31 200
31 93 72 83 6 0 18 0.00 M M 9.2 18 140 M M 0 30 160
================================================================================
SM 2868 2186 0 521 0.01 M 359.3 M 9
================================================================================
AV 92.5 70.5 11.6 FASTST M M 0 MAX(MPH)
MISC ----> 29 170 41 320
================================================================================
NOTES:
# LAST OF SEVERAL OCCURRENCES
COLUMN 17 PEAK WIND IN M.P.H.
PRELIMINARY LOCAL CLIMATOLOGICAL DATA (WS FORM: F-6) , PAGE 2
STATION: SANDBERG CA
MONTH: JULY
YEAR: 2021
LATITUDE: 34 45 N
LONGITUDE: 118 44 W
[TEMPERATURE DATA] [PRECIPITATION DATA] SYMBOLS USED IN COLUMN 16
AVERAGE MONTHLY: 81.5 TOTAL FOR MONTH: 0.01 1 = FOG OR MIST
DPTR FM NORMAL: 5.2 DPTR FM NORMAL: -0.08 2 = FOG REDUCING VISIBILITY
HIGHEST: 99 ON 12, 7 GRTST 24HR 0.01 ON 26-26 TO 1/4 MILE OR LESS
LOWEST: 63 ON 26 3 = THUNDER
SNOW, ICE PELLETS, HAIL 4 = ICE PELLETS
TOTAL MONTH: M 5 = HAIL
GRTST 24HR M ON M 6 = FREEZING RAIN OR DRIZZLE
GRTST DEPTH: M ON M 7 = DUSTSTORM OR SANDSTORM:
VSBY 1/2 MILE OR LESS
8 = SMOKE OR HAZE
[NO. OF DAYS WITH] [WEATHER - DAYS WITH] 9 = BLOWING SNOW
X = TORNADO
MAX 32 OR BELOW: 0 0.01 INCH OR MORE: 1
MAX 90 OR ABOVE: 24 0.10 INCH OR MORE: 0
MIN 32 OR BELOW: 0 0.50 INCH OR MORE: 0
MIN 0 OR BELOW: 0 1.00 INCH OR MORE: 0
[HDD (BASE 65) ]
TOTAL THIS MO. 0 CLEAR (SCALE 0-3) 29
DPTR FM NORMAL -4 PTCLDY (SCALE 4-7) 2
TOTAL FM JUL 1 0 CLOUDY (SCALE 8-10) 0
DPTR FM NORMAL 0
[CDD (BASE 65) ]
TOTAL THIS MO. 521
DPTR FM NORMAL 168 [PRESSURE DATA]
TOTAL FM JAN 1 1049 HIGHEST SLP M ON M
DPTR FM NORMAL 453 LOWEST SLP M ON M
[REMARKS]
#FINAL-07-21#