311
CXUS56 KLOX 020714
CF6SDB
PRELIMINARY LOCAL CLIMATOLOGICAL DATA (WS FORM: F-6)
STATION: SANDBERG CA
MONTH: FEBRUARY
YEAR: 2020
LATITUDE: 34 45 N
LONGITUDE: 118 44 W
TEMPERATURE IN F: :PCPN: SNOW: WIND :SUNSHINE: SKY :PK WND
================================================================================
1 2 3 4 5 6A 6B 7 8 9 10 11 12 13 14 15 16 17 18
12Z AVG MX 2MIN
DY MAX MIN AVG DEP HDD CDD WTR SNW DPTH SPD SPD DIR MIN PSBL S-S WX SPD DR
================================================================================
1 68 52 60 17 5 0 0.00 0.0 0 11.0 17 50 M M 0 21 50
2 64 32 48 5 17 0 T M 0 16.7 56 320 M M 1 18 67 310
3 35 26 31 -12 34 0 T M 0 13.6 31 340 M M 5 44 340
4 42 23 33 -10 32 0 0.00 0.0 0 15.5 33 60 M M 0 43 70
5 56 31 44 1 21 0 0.00 0.0 0 8.5 21 320 M M 0 25 320
6 67 45 56 13 9 0 0.00 0.0 0 9.0 24 320 M M 0 29 320
7 70 49 60 17 5 0 0.00 0.0 0 8.6 16 320 M M 0 21 340
8 64 43 54 11 11 0 0.00 0.0 0 14.4 28 330 M M 0 32 330
9 48 35 42 -1 23 0 0.00 0.0 0 20.6 44 60 M M 5 128 57 60
10 M 36 M M M M 0.00 0.0 0 14.2 40 50 M M 4 55 60
11 54 40 47 4 18 0 0.00 0.0 0 14.9 35 60 M M 0 41 60
12 57 42 50 6 15 0 0.00 0.0 0 9.2 16 180 M M 0 22 180
13 59 44 52 8 13 0 0.00 0.0 0 6.7 14 60 M M 0 18 50
14 59 44 52 8 13 0 0.00 0.0 0 9.2 24 330 M M 0 27 330
15 59 42 51 7 14 0 0.00 0.0 0 19.6 33 330 M M 0 41 340
16 57 44 51 7 14 0 0.00 0.0 0 25.2 45 320 M M 0 53 320
17 62 39 51 7 14 0 0.00 0.0 0 13.6 40 320 M M 0 49 330
18 61 47 54 10 11 0 0.00 0.0 0 8.2 17 60 M M 0 21 60
19 61 43 52 8 13 0 0.00 0.0 0 11.6 23 320 M M 0 27 320
20 60 47 54 10 11 0 0.00 0.0 0 18.3 26 70 M M 0 35 60
21 62 43 53 9 12 0 T M 0 16.4 25 60 M M 6 12 31 60
22 51 39 45 1 20 0 0.18 M 0 9.8 24 170 M M 7 128 30 160
23 57 39 48 4 17 0 0.00 0.0 0 12.9 37 330 M M 5 128 40 330
24 65 42 54 9 11 0 0.00 0.0 0 16.4 40 320 M M 1 12 48 320
25 60 48 54 9 11 0 0.00 0.0 0 19.3 33 60 M M 0 40 60
26 61 44 53 8 12 0 0.00 0.0 0 17.8 30 60 M M 0 37 60
27 64 50 57 12 8 0 0.00 0.0 0 15.7 24 60 M M 0 29 70
28 69 54 62 17 3 0 0.00 0.0 0 10.9 21 60 M M 0 25 60
29 61 42 52 7 13 0 0.00 0.0 0 11.8 18 170 M M 1 1 24 160
================================================================================
SM 1653 1205 400 0 0.18 0.0 399.6 M 35
================================================================================
AV 59.0 41.6 13.8 FASTST M M 1 MAX(MPH)
MISC ----> # 56 320 # 67 310
================================================================================
NOTES:
# LAST OF SEVERAL OCCURRENCES
COLUMN 17 PEAK WIND IN M.P.H.
PRELIMINARY LOCAL CLIMATOLOGICAL DATA (WS FORM: F-6) , PAGE 2
STATION: SANDBERG CA
MONTH: FEBRUARY
YEAR: 2020
LATITUDE: 34 45 N
LONGITUDE: 118 44 W
[TEMPERATURE DATA] [PRECIPITATION DATA] SYMBOLS USED IN COLUMN 16
AVERAGE MONTHLY: 50.3 TOTAL FOR MONTH: 0.18 1 = FOG OR MIST
DPTR FM NORMAL: 6.5 DPTR FM NORMAL: -3.06 2 = FOG REDUCING VISIBILITY
HIGHEST: 70 ON 7 GRTST 24HR 0.18 ON 22-22 TO 1/4 MILE OR LESS
LOWEST: 23 ON 4 3 = THUNDER
SNOW, ICE PELLETS, HAIL 4 = ICE PELLETS
TOTAL MONTH: 0.0 INCH 5 = HAIL
GRTST 24HR 0.0 6 = FREEZING RAIN OR DRIZZLE
GRTST DEPTH: 0 7 = DUSTSTORM OR SANDSTORM:
VSBY 1/2 MILE OR LESS
8 = SMOKE OR HAZE
[NO. OF DAYS WITH] [WEATHER - DAYS WITH] 9 = BLOWING SNOW
X = TORNADO
MAX 32 OR BELOW: 0 0.01 INCH OR MORE: 1
MAX 90 OR ABOVE: 0 0.10 INCH OR MORE: 1
MIN 32 OR BELOW: 4 0.50 INCH OR MORE: 0
MIN 0 OR BELOW: 0 1.00 INCH OR MORE: 0
[HDD (BASE 65) ]
TOTAL THIS MO. 400 CLEAR (SCALE 0-3) 23
DPTR FM NORMAL -194 PTCLDY (SCALE 4-7) 6
TOTAL FM JUL 1 2307 CLOUDY (SCALE 8-10) 0
DPTR FM NORMAL -472
[CDD (BASE 65) ]
TOTAL THIS MO. 0
DPTR FM NORMAL 0 [PRESSURE DATA]
TOTAL FM JAN 1 0 HIGHEST SLP 30.37 ON 26
DPTR FM NORMAL 0 LOWEST SLP 29.71 ON 9
[REMARKS]
#FINAL-02-20#