000
CXUS56 KLOX 011255
CF6SDB
PRELIMINARY LOCAL CLIMATOLOGICAL DATA (WS FORM: F-6)
STATION: SANDBERG CA
MONTH: NOVEMBER
YEAR: 2023
LATITUDE: 34 45 N
LONGITUDE: 118 44 W
TEMPERATURE IN F: :PCPN: SNOW: WIND :SUNSHINE: SKY :PK WND
================================================================================
1 2 3 4 5 6A 6B 7 8 9 10 11 12 13 14 15 16 17 18
12Z AVG MX 2MIN
DY MAX MIN AVG DEP HDD CDD WTR SNW DPTH SPD SPD DIR MIN PSBL S-S WX SPD DR
================================================================================
1 68 54 61 4 4 0 0.00 M M 13.4 24 60 M M 0 32 60
2 73 56 65 8 0 0 0.00 M M 8.4 15 320 M M 0 19 80
3 74 56 65 9 0 0 0.00 M M 8.8 16 320 M M 0 23 60
4 77 61 69 13 0 4 0.00 M M 7.7 2 330 M M 0 28 320
5 75 59 67 11 0 2 0.00 M M 10.0 26 320 M M 0 39 330
6 70 49 60 5 5 0 0.00 M M 11.1 24 320 M M 1 18 31 320
7 49 42 46 -9 19 0 T M M M M M M M 6 128 M M
8 58 40 49 -6 16 0 0.00 M M 14.8 30 70 M M M 2 41 70
9 59 40 50 -4 15 0 0.00 M M 11.4 23 70 M M 0 39 60
10 62 48 55 1 10 0 0.00 M M 8.5 15 60 M M 0 23 60
11 64 49 57 3 8 0 0.00 M M 12.8 21 50 M M 0 31 50
12 66 53 60 7 5 0 0.00 M M 14.0 22 60 M M 0 31 60
13 63 50 57 4 8 0 0.00 M M 12.5 24 150 M M 0 37 160
14 66 50 58 5 7 0 0.00 M M 8.1 13 170 M M 0 20 170
15 58 44 51 -1 14 0 0.46 M M 11.5 22 170 M M 6 12 39 140
16 57 47 52 0 13 0 0.02 M M 6.7 14 160 M M 5 12 24 160
17 59 44 52 1 13 0 0.01 M M 12.0 25 160 M M 4 18 45 150
18 52 46 49 -2 16 0 0.02 M M 11.4 22 200 M M 10 12 36 170
19 47 37 42 -9 23 0 T M M 19.0 47 310 M M 7 12 63 300
20 53 36 45 -5 20 0 0.00 M M 29.3 47 70 M M 0 70 70
21 57 42 50 0 15 0 0.00 M M 24.5 37 70 M M 0 59 70
22 61 49 55 5 10 0 0.00 M M 15.3 28 60 M M 0 46 70
23 63 43 53 4 12 0 0.00 M M 13.4 29 330 M M 0 37 320
24 56 37 47 -2 18 0 0.00 M M 6.5 21 330 M M 0 25 320
25 48 38 43 -5 22 0 0.00 M M 17.3 30 70 M M 0 55 70
26 45 36 41 -7 24 0 0.00 M M 25.7 31 70 M M 0 55 80
27 51 38 45 -3 20 0 0.00 M M 25.6 30 80 M M 0 55 80
28 55 44 50 3 15 0 0.00 M M 12.1 26 90 M M 0 40 80
29 53 40 47 0 18 0 0.00 M M 8.7 23 320 M M 4 32 330
30 49 38 44 -3 21 0 0.00 M M 16.5 25 330 M M 4 18 46 300
================================================================================
SM 1788 1366 371 6 0.51 M 396.9 M 47
================================================================================
AV 59.6 45.5 13.7 FASTST M M 2 MAX(MPH)
MISC ----> # 47 310 70 70
================================================================================
NOTES:
# LAST OF SEVERAL OCCURRENCES
COLUMN 17 PEAK WIND IN M.P.H.
PRELIMINARY LOCAL CLIMATOLOGICAL DATA (WS FORM: F-6) , PAGE 2
STATION: SANDBERG CA
MONTH: NOVEMBER
YEAR: 2023
LATITUDE: 34 45 N
LONGITUDE: 118 44 W
[TEMPERATURE DATA] [PRECIPITATION DATA] SYMBOLS USED IN COLUMN 16
AVERAGE MONTHLY: 52.6 TOTAL FOR MONTH: 0.51 1 = FOG OR MIST
DPTR FM NORMAL: 0.7 DPTR FM NORMAL: -0.27 2 = FOG REDUCING VISIBILITY
HIGHEST: 77 ON 4 GRTST 24HR 0.46 ON 15-15 TO 1/4 MILE OR LESS
LOWEST: 36 ON 26,20 3 = THUNDER
SNOW, ICE PELLETS, HAIL 4 = ICE PELLETS
TOTAL MONTH: M 5 = HAIL
GRTST 24HR M ON M 6 = FREEZING RAIN OR DRIZZLE
GRTST DEPTH: M ON M 7 = DUSTSTORM OR SANDSTORM:
VSBY 1/2 MILE OR LESS
8 = SMOKE OR HAZE
[NO. OF DAYS WITH] [WEATHER - DAYS WITH] 9 = BLOWING SNOW
X = TORNADO
MAX 32 OR BELOW: 0 0.01 INCH OR MORE: 4
MAX 90 OR ABOVE: 0 0.10 INCH OR MORE: 1
MIN 32 OR BELOW: 0 0.50 INCH OR MORE: 0
MIN 0 OR BELOW: 0 1.00 INCH OR MORE: 0
[HDD (BASE 65) ]
TOTAL THIS MO. 371 CLEAR (SCALE 0-3) 21
DPTR FM NORMAL -31 PTCLDY (SCALE 4-7) 7
TOTAL FM JUL 1 614 CLOUDY (SCALE 8-10) 2
DPTR FM NORMAL -3
[CDD (BASE 65) ]
TOTAL THIS MO. 6
DPTR FM NORMAL -4 [PRESSURE DATA]
TOTAL FM JAN 1 1157 HIGHEST SLP 30.42 ON 21
DPTR FM NORMAL -139 LOWEST SLP 29.73 ON 23
[REMARKS]
#FINAL-11-23#