000
CXUS56 KLOX 020210
CF6SDB
PRELIMINARY LOCAL CLIMATOLOGICAL DATA (WS FORM: F-6)
STATION: SANDBERG CA
MONTH: OCTOBER
YEAR: 2023
LATITUDE: 34 45 N
LONGITUDE: 118 44 W
TEMPERATURE IN F: :PCPN: SNOW: WIND :SUNSHINE: SKY :PK WND
================================================================================
1 2 3 4 5 6A 6B 7 8 9 10 11 12 13 14 15 16 17 18
12Z AVG MX 2MIN
DY MAX MIN AVG DEP HDD CDD WTR SNW DPTH SPD SPD DIR MIN PSBL S-S WX SPD DR
================================================================================
1 57 41 49 -18 16 0 0.00 M M 10.4 24 330 M M 7 12 35 340
2 64 47 56 -10 9 0 0.00 M M 13.5 30 330 M M 0 8 39 340
3 75 51 63 -3 2 0 0.00 M M 8.6 18 330 M M 0 23 320
4 75 59 67 1 0 2 0.00 M M 14.6 33 70 M M 0 49 70
5 79 62 71 6 0 6 0.00 M M 12.1 28 80 M M 0 38 80
6 82 64 73 8 0 8 0.00 M M 8.8 22 70 M M 0 33 60
7 85 68 77 12 0 12 0.00 M M 8.9 17 80 M M 0 27 60
8 84 68 76 12 0 11 0.00 M M 6.4 15 170 M M 0 24 190
9 81 56 69 5 0 4 0.00 M M 8.3 21 150 M M 0 30 140
10 68 52 60 -4 5 0 0.00 M M 14.4 30 310 M M 2 40 310
11 54 44 49 -14 16 0 0.02 M M 27.8 47 320 M M 5 12 66 310
12 67 46 57 -6 8 0 0.00 M M 16.2 29 70 M M 0 44 60
13 71 55 63 0 2 0 0.00 M M 11.1 17 60 M M 0 25 50
14 78 57 68 6 0 3 0.00 M M 5.6 17 320 M M 0 21 310
15 77 60 69 7 0 4 0.00 M M 12.7 23 60 M M 0 32 60
16 83 63 73 11 0 8 0.00 M M 10.5 25 320 M M 0 37 320
17 83 59 71 9 0 6 0.00 M M 11.4 30 320 M M 0 37 320
18 83 69 76 15 0 11 0.00 M M 12.9 21 100 M M 0 31 100
19 86 71 79 18 0 14 0.00 M M 9.7 17 60 M M 0 24 100
20 86 68 77 16 0 12 0.00 M M 8.0 16 320 M M 1 23 160
21 79 56 68 8 0 3 0.00 M M 10.2 18 150 M M 0 28 140
22 66 49 58 -2 7 0 0.00 M M 11.9 22 310 M M 1 18 28 310
23 59 47 53 -7 12 0 0.00 M M 19.8 33 320 M M 4 128 50 320
24 75 52 64 5 1 0 0.00 M M 9.2 26 320 M M 0 34 330
25 60 48 54 -5 11 0 0.00 M M 13.4 22 320 M M 6 128 31 210
26 58 44 51 -8 14 0 0.00 M M 14.6 28 310 M M 2 12 36 330
27 59 42 51 -8 14 0 0.00 M M 16.6 32 320 M M 0 57 300
28 58 42 50 -8 15 0 0.00 M M 16.9 43 320 M M 0 64 310
29 58 38 48 -10 17 0 0.00 M M 20.7 36 60 M M 0 57 70
30 58 39 49 -9 16 0 0.00 M M 17.2 33 60 M M 0 51 80
31 65 49 57 0 8 0 0.00 M M 20.0 35 60 M M 0 56 70
================================================================================
SM 2213 1666 173 104 0.02 M 402.4 M 28
================================================================================
AV 71.4 53.7 13.0 FASTST M M 1 MAX(MPH)
MISC ----> 47 320 66 310
================================================================================
NOTES:
# LAST OF SEVERAL OCCURRENCES
COLUMN 17 PEAK WIND IN M.P.H.
PRELIMINARY LOCAL CLIMATOLOGICAL DATA (WS FORM: F-6) , PAGE 2
STATION: SANDBERG CA
MONTH: OCTOBER
YEAR: 2023
LATITUDE: 34 45 N
LONGITUDE: 118 44 W
[TEMPERATURE DATA] [PRECIPITATION DATA] SYMBOLS USED IN COLUMN 16
AVERAGE MONTHLY: 62.6 TOTAL FOR MONTH: 0.02 1 = FOG OR MIST
DPTR FM NORMAL: 0.7 DPTR FM NORMAL: -0.58 2 = FOG REDUCING VISIBILITY
HIGHEST: 86 ON 20,19 GRTST 24HR 0.02 ON 11-11 TO 1/4 MILE OR LESS
LOWEST: 38 ON 29 3 = THUNDER
SNOW, ICE PELLETS, HAIL 4 = ICE PELLETS
TOTAL MONTH: M 5 = HAIL
GRTST 24HR M ON M 6 = FREEZING RAIN OR DRIZZLE
GRTST DEPTH: M ON M 7 = DUSTSTORM OR SANDSTORM:
VSBY 1/2 MILE OR LESS
8 = SMOKE OR HAZE
[NO. OF DAYS WITH] [WEATHER - DAYS WITH] 9 = BLOWING SNOW
X = TORNADO
MAX 32 OR BELOW: 0 0.01 INCH OR MORE: 1
MAX 90 OR ABOVE: 0 0.10 INCH OR MORE: 0
MIN 32 OR BELOW: 0 0.50 INCH OR MORE: 0
MIN 0 OR BELOW: 0 1.00 INCH OR MORE: 0
[HDD (BASE 65) ]
TOTAL THIS MO. 173 CLEAR (SCALE 0-3) 27
DPTR FM NORMAL 0 PTCLDY (SCALE 4-7) 4
TOTAL FM JUL 1 243 CLOUDY (SCALE 8-10) 0
DPTR FM NORMAL 27
[CDD (BASE 65) ]
TOTAL THIS MO. 104
DPTR FM NORMAL 28 [PRESSURE DATA]
TOTAL FM JAN 1 1151 HIGHEST SLP M ON M
DPTR FM NORMAL -135 LOWEST SLP 29.65 ON 11
[REMARKS]
#FINAL-10-23#