000
CXUS56 KLOX 011630
CLMSDB
CLIMATE REPORT
NATIONAL WEATHER SERVICE LOS ANGELES/OXNARD
930 AM PDT THU JUN 01 2023
...................................
...THE SANDBERG CA CLIMATE SUMMARY FOR THE MONTH OF MAY 2023...
CLIMATE NORMAL PERIOD: 1991 TO 2020
CLIMATE RECORD PERIOD: 1934 TO 2023
WEATHER OBSERVED NORMAL DEPART LAST YEAR`S
VALUE DATE(S) VALUE FROM VALUE
NORMAL
..............................................................
TEMPERATURE (F)
HIGHEST 85 05/17
LOWEST 32 05/04
AVG. MAXIMUM 67.3 70.2 -2.9
AVG. MINIMUM 48.5 49.2 -0.7
MEAN 57.9 59.7 -1.8
DAYS MAX >= 90 0
DAYS MAX <= 32 0
DAYS MIN <= 32 1
DAYS MIN <= 0 0
PRECIPITATION (INCHES)
TOTALS 0.26 0.41 -0.15
DAILY AVG. 0.01
DAYS >= .01 3
DAYS >= .10 1
DAYS >= .50 0
DAYS >= 1.00 0
GREATEST
24 HR. TOTAL 0.24 05/04 TO 05/04
DEGREE DAYS
HEATING TOTAL 285 219 66 188
SINCE 7/1 3872 3505 367 MM
COOLING TOTAL 70 55 15 59
SINCE 1/1 96 66 30 MM
..............................................................
WIND (MPH)
AVERAGE WIND SPEED 12.9
HIGHEST WIND SPEED/DIRECTION 37/320 DATE 05/10
HIGHEST GUST SPEED/DIRECTION 53/300 DATE 05/10
SKY COVER
POSSIBLE SUNSHINE (PERCENT) MM
AVERAGE SKY COVER 0.31
NUMBER OF DAYS FAIR 17
NUMBER OF DAYS PC 11
NUMBER OF DAYS CLOUDY 3
AVERAGE RH (PERCENT) 61
WEATHER CONDITIONS. NUMBER OF DAYS WITH
THUNDERSTORM 0 MIXED PRECIP 0
HEAVY RAIN 0 RAIN 0
LIGHT RAIN 4 FREEZING RAIN 0
LT FREEZING RAIN 0 HAIL 0
HEAVY SNOW 0 SNOW 0
LIGHT SNOW 1 SLEET 0
FOG 17 FOG W/VIS <= 1/4 MILE 17
HAZE 8
- INDICATES NEGATIVE NUMBERS.
R INDICATES RECORD WAS SET OR TIED.
MM INDICATES DATA IS MISSING.
T INDICATES TRACE AMOUNT.
$$