000
CXUS54 KFWD 010831
CF6SEP
PRELIMINARY LOCAL CLIMATOLOGICAL DATA (WS FORM: F-6)
STATION: STEPHENVILLE
MONTH: JANUARY
YEAR: 2021
LATITUDE: 32 13 N
LONGITUDE: 98 11 W
TEMPERATURE IN F: :PCPN: SNOW: WIND :SUNSHINE: SKY :PK WND
================================================================================
1 2 3 4 5 6A 6B 7 8 9 10 11 12 13 14 15 16 17 18
12Z AVG MX 2MIN
DY MAX MIN AVG DEP HDD CDD WTR SNW DPTH SPD SPD DIR MIN PSBL S-S WX SPD DR
================================================================================
1 38 32 35 -8 30 0 0.00 M M 9.1 15 310 M M 8 21 320
2 59 32 46 3 19 0 0.00 M M 4.7 13 240 M M 3 17 230
3 67 35 51 8 14 0 0.00 M M 6.2 16 240 M M 0 22 240
4 67 34 51 8 14 0 0.00 M M 3.1 14 20 M M 0 18 20
5 67 34 51 8 14 0 0.00 M M 6.9 15 170 M M 0 21 170
6 59 44 52 9 13 0 0.00 M M 12.5 23 320 M M 5 32 320
7 54 37 46 3 19 0 0.00 M M 13.2 20 320 M M 0 29 330
8 48 32 40 -3 25 0 0.00 M M 5.7 9 10 M M 5 M M
9 50 28 39 -4 26 0 0.00 M M 3.2 12 40 M M 2 M M
10 40 32 36 -7 29 0 0.84 M M 6.9 13 340 M M 10 18 350
11 41 29 35 -8 30 0 0.00 M M 5.7 9 330 M M 5 M M
12 45 26 36 -7 29 0 0.00 M M 2.9 8 240 M M 0 M M
13 62 28 45 2 20 0 0.00 M M 5.0 12 210 M M 0 17 210
14 62 38 50 7 15 0 0.00 M M 12.3 29 350 M M 0 40 350
15 55 35 45 1 20 0 0.00 M M 13.0 30 320 M M 3 43 320
16 60 32 46 2 19 0 0.00 M M 3.7 9 320 M M 1 M M
17 60 36 48 4 17 0 0.00 M M 4.5 12 20 M M 0 18 20
18 73 32 53 9 12 0 0.00 M M 6.7 15 170 M M 0 25 200
19 52 45 49 5 16 0 0.01 M M 9.8 15 30 M M 9 21 30
20 48 40 44 0 21 0 0.42 M M 3.6 8 210 M M 9 M M
21 57 46 52 8 13 0 0.03 M M 5.3 10 250 M M 7 16 240
22 54 47 51 7 14 0 0.00 M M 4.6 9 350 M M 9 M M
23 54 46 50 6 15 0 0.00 M M 3.8 8 120 M M 10 M M
24 65 54 60 16 5 0 0.02 M M 5.5 13 170 M M 10 20 170
25 68 47 58 14 7 0 0.03 M M 9.4 18 270 M M 2 30 200
26 60 36 48 4 17 0 0.00 M M 6.1 18 350 M M 1 25 350
27 52 35 44 0 21 0 0.00 M M 8.2 16 340 M M 2 23 340
28 49 28 39 -5 26 0 0.00 M M 4.2 7 150 M M 0 M M
29 65 35 50 5 15 0 0.00 M M 7.4 14 200 M M 0 20 200
30 74 53 64 19 1 0 0.00 M M 15.2 30 250 M M 6 38 260
31 57 39 48 3 17 0 0.00 M M 12.6 22 330 M M 0 30 330
================================================================================
SM 1762 1147 553 0 1.35 M 221.0 M 107
================================================================================
AV 56.8 37.0 7.1 FASTST M M 3 MAX(MPH)
MISC ----> # 30 320 43 320
================================================================================
NOTES:
# LAST OF SEVERAL OCCURRENCES
COLUMN 17 PEAK WIND IN M.P.H.
PRELIMINARY LOCAL CLIMATOLOGICAL DATA (WS FORM: F-6) , PAGE 2
STATION: STEPHENVILLE
MONTH: JANUARY
YEAR: 2021
LATITUDE: 32 13 N
LONGITUDE: 98 11 W
[TEMPERATURE DATA] [PRECIPITATION DATA] SYMBOLS USED IN COLUMN 16
AVERAGE MONTHLY: 46.9 TOTAL FOR MONTH: 1.35 1 = FOG OR MIST
DPTR FM NORMAL: 3.2 DPTR FM NORMAL: -0.10 2 = FOG REDUCING VISIBILITY
HIGHEST: 74 ON 30 GRTST 24HR 0.84 ON 10-10 TO 1/4 MILE OR LESS
LOWEST: 26 ON 12 3 = THUNDER
SNOW, ICE PELLETS, HAIL 4 = ICE PELLETS
TOTAL MONTH: M 5 = HAIL
GRTST 24HR M ON M 6 = FREEZING RAIN OR DRIZZLE
GRTST DEPTH: M ON M 7 = DUSTSTORM OR SANDSTORM:
VSBY 1/2 MILE OR LESS
8 = SMOKE OR HAZE
[NO. OF DAYS WITH] [WEATHER - DAYS WITH] 9 = BLOWING SNOW
X = TORNADO
MAX 32 OR BELOW: 0 0.01 INCH OR MORE: 6
MAX 90 OR ABOVE: 0 0.10 INCH OR MORE: 2
MIN 32 OR BELOW: 11 0.50 INCH OR MORE: 1
MIN 0 OR BELOW: 0 1.00 INCH OR MORE: 0
[HDD (BASE 65) ]
TOTAL THIS MO. 553 CLEAR (SCALE 0-3) 19
DPTR FM NORMAL -108 PTCLDY (SCALE 4-7) 5
TOTAL FM JUL 1 1391 CLOUDY (SCALE 8-10) 7
DPTR FM NORMAL -356
[CDD (BASE 65) ]
TOTAL THIS MO. 0
DPTR FM NORMAL -1 [PRESSURE DATA]
TOTAL FM JAN 1 0 HIGHEST SLP M ON M
DPTR FM NORMAL -1 LOWEST SLP M ON M
[REMARKS]
#FINAL-01-21#