000
CXUS56 KMTR 010900
CF6SFD
PRELIMINARY LOCAL CLIMATOLOGICAL DATA (WS FORM: F-6)
STATION: SAN FRANCISCO DWTN CA
MONTH: OCTOBER
YEAR: 2021
LATITUDE: 37 46 N
LONGITUDE: 122 26 W
TEMPERATURE IN F: :PCPN: SNOW: WIND :SUNSHINE: SKY :PK WND
================================================================================
1 2 3 4 5 6A 6B 7 8 9 10 11 12 13 14 15 16 17 18
12Z AVG MX 2MIN
DY MAX MIN AVG DEP HDD CDD WTR SNW DPTH SPD SPD DIR MIN PSBL S-S WX SPD DR
================================================================================
1 85 55 70 7 0 5 0.00 M 0 M M M M M M M M
2 85 56 71 8 0 6 0.00 M 0 M M M M M M M M
3 85 55 70 7 0 5 0.00 M 0 M M M M M M M M
4 73 54 64 1 1 0 0.00 M 0 M M M M M M M M
5 64 54 59 -4 6 0 0.00 M 0 M M M M M M M M
6 62 55 59 -4 6 0 0.00 M 0 M M M M M M M M
7 60 54 57 -6 8 0 0.00 M 0 M M M M M M M M
8 60 53 57 -6 8 0 0.00 M 0 M M M M M M M M
9 68 54 61 -2 4 0 0.00 M 0 M M M M M M M M
10 70 52 61 -2 4 0 0.00 M 0 M M M M M M M M
11 63 53 58 -5 7 0 0.00 M 0 M M M M M M M M
12 66 52 59 -4 6 0 0.00 M 0 M M M M M M M M
13 59 51 55 -8 10 0 0.00 M 0 M M M M M M M M
14 69 51 60 -2 5 0 0.00 M 0 M M M M M M M M
15 78 54 66 4 0 1 0.00 M 0 M M M M M M M M
16 81 57 69 7 0 4 0.00 M 0 M M M M M M M M
17 63 52 58 -4 7 0 0.08 M 0 M M M M M M M M
18 60 51 56 -6 9 0 0.00 M 0 M M M M M M M M
19 64 50 57 -5 8 0 0.03 M 0 M M M M M M M M
20 62 55 59 -3 6 0 0.49 M 0 M M M M M M M M
21 67 60 64 2 1 0 0.63 M 0 M M M M M M M M
22 64 55 60 -2 5 0 0.66 M 0 M M M M M M M M
23 64 56 60 -2 5 0 0.82 M 0 M M M M M M M M
24 62 56 59 -3 6 0 4.02 M 0 M M M M M M M M
25 62 55 59 -2 6 0 0.31 M 0 M M M M M M M M
26 65 56 61 0 4 0 0.00 M 0 M M M M M M M M
27 69 56 63 2 2 0 0.00 M 0 M M M M M M M M
28 74 58 66 5 0 1 0.00 M 0 M M M M M M M M
29 74 56 65 4 0 0 0.00 M 0 M M M M M M M M
30 61 56 59 -1 6 0 0.00 M 0 M M M M M M M M
31 62 55 59 -1 6 0 0.00 M 0 M M M M M M M M
================================================================================
SM 2101 1687 136 22 7.04 M M M M
================================================================================
AV 67.8 54.4 M FASTST M M M MAX(MPH)
MISC ----> M M M M
================================================================================
NOTES:
# LAST OF SEVERAL OCCURRENCES
COLUMN 17 PEAK WIND IN M.P.H.
PRELIMINARY LOCAL CLIMATOLOGICAL DATA (WS FORM: F-6) , PAGE 2
STATION: SAN FRANCISCO DWTN CA
MONTH: OCTOBER
YEAR: 2021
LATITUDE: 37 46 N
LONGITUDE: 122 26 W
[TEMPERATURE DATA] [PRECIPITATION DATA] SYMBOLS USED IN COLUMN 16
AVERAGE MONTHLY: 61.1 TOTAL FOR MONTH: 7.04 1 = FOG OR MIST
DPTR FM NORMAL: -1.0 DPTR FM NORMAL: 6.10 2 = FOG REDUCING VISIBILITY
HIGHEST: 85 ON 3, 2 GRTST 24HR 4.35 ON 23-24 TO 1/4 MILE OR LESS
LOWEST: 50 ON 19 3 = THUNDER
SNOW, ICE PELLETS, HAIL 4 = ICE PELLETS
TOTAL MONTH: M 5 = HAIL
GRTST 24HR M ON M 6 = FREEZING RAIN OR DRIZZLE
GRTST DEPTH: 0 7 = DUSTSTORM OR SANDSTORM:
VSBY 1/2 MILE OR LESS
8 = SMOKE OR HAZE
[NO. OF DAYS WITH] [WEATHER - DAYS WITH] 9 = BLOWING SNOW
X = TORNADO
MAX 32 OR BELOW: 0 0.01 INCH OR MORE: 8
MAX 90 OR ABOVE: 0 0.10 INCH OR MORE: 6
MIN 32 OR BELOW: 0 0.50 INCH OR MORE: 4
MIN 0 OR BELOW: 0 1.00 INCH OR MORE: 1
[HDD (BASE 65) ]
TOTAL THIS MO. 136 CLEAR (SCALE 0-3) 0
DPTR FM NORMAL 13 PTCLDY (SCALE 4-7) 0
TOTAL FM JUL 1 514 CLOUDY (SCALE 8-10) 31
DPTR FM NORMAL 24
[CDD (BASE 65) ]
TOTAL THIS MO. 22
DPTR FM NORMAL -11 [PRESSURE DATA]
TOTAL FM JAN 1 63 HIGHEST SLP M ON M
DPTR FM NORMAL -54 LOWEST SLP 9999.00 ON 1
[REMARKS]
#FINAL-10-21#