000
CXUS53 KSGF 010810
CF6SGF
PRELIMINARY LOCAL CLIMATOLOGICAL DATA (WS FORM: F-6)
STATION: SPRINGFIELD MO
MONTH: JANUARY
YEAR: 2022
LATITUDE: 37 13 N
LONGITUDE: 93 23 W
TEMPERATURE IN F: :PCPN: SNOW: WIND :SUNSHINE: SKY :PK WND
================================================================================
1 2 3 4 5 6A 6B 7 8 9 10 11 12 13 14 15 16 17 18
12Z AVG MX 2MIN
DY MAX MIN AVG DEP HDD CDD WTR SNW DPTH SPD SPD DIR MIN PSBL S-S WX SPD DR
================================================================================
1 55 14 35 1 30 0 0.54 T 0 10.7 22 330 M M 10 1 27 340
2 22 12 17 -17 48 0 T 0.3 T 10.9 22 340 M M 6 1 29 340
3 42 12 27 -7 38 0 0.00 0.0 0 7.6 14 160 M M 0 19 160
4 48 26 37 3 28 0 0.00 0.0 0 17.1 32 180 M M 0 8 43 200
5 46 22 34 0 31 0 0.00 0.0 0 10.4 20 320 M M 0 28 260
6 22 9 16 -18 49 0 0.05 0.7 T 10.9 21 340 M M 6 18 25 340
7 30 10 20 -14 45 0 0.00 0.0 1 9.7 24 150 M M 1 32 140
8 48 22 35 1 30 0 0.15 0.0 T 16.7 26 160 M M 10 18 35 140
9 48 17 33 -1 32 0 0.10 0.0 0 13.0 24 350 M M 4 1 32 360
10 45 16 31 -3 34 0 0.00 0.0 0 5.8 20 280 M M 0 25 270
11 57 25 41 7 24 0 0.00 0.0 0 11.4 21 220 M M 0 8 30 210
12 54 37 46 12 19 0 0.00 0.0 0 10.2 21 220 M M 0 27 220
13 58 33 46 12 19 0 0.00 0.0 0 7.1 20 330 M M 0 24 320
14 50 30 40 6 25 0 0.01 0.0 0 9.5 22 130 M M 4 28 160
15 43 27 35 1 30 0 0.70 4.8 T 13.7 23 20 M M 10 16 31 10
16 28 23 26 -8 39 0 0.00 0.0 2 9.1 20 290 M M 9 1 29 280
17 41 26 34 0 31 0 0.00 0.0 1 8.3 14 150 M M 0 18 320
18 57 33 45 11 20 0 0.00 0.0 T 12.4 20 180 M M 0 8 27 190
19 47 14 31 -3 34 0 T 0.0 0 16.3 28 360 M M 7 4 37 350
20 22 7 15 -19 50 0 0.00 0.0 0 11.8 21 360 M M 0 29 10
21 28 3 16 -18 49 0 0.00 0.0 0 4.4 12 160 M M 0 14 160
22 44 16 30 -4 35 0 0.00 0.0 0 7.5 15 270 M M 0 19 260
23 49 27 38 4 27 0 0.00 0.0 0 9.3 23 330 M M 0 29 340
24 61 30 46 12 19 0 0.00 0.0 0 12.1 25 360 M M 4 32 360
25 31 16 24 -11 41 0 0.00 0.0 0 10.9 20 360 M M 0 25 360
26 32 13 23 -12 42 0 0.00 0.0 0 7.4 15 160 M M 4 20 150
27 43 25 34 -1 31 0 0.01 0.1 T 8.3 17 270 M M 6 18 25 290
28 33 14 24 -11 41 0 0.00 0.0 0 8.8 23 330 M M 3 30 320
29 56 14 35 0 30 0 0.00 0.0 0 10.0 22 220 M M 0 33 210
30 51 25 38 3 27 0 0.00 0.0 0 5.7 12 270 M M 0 17 250
31 64 28 46 11 19 0 0.00 0.0 0 11.8 17 160 M M 0 25 180
================================================================================
SM 1355 626 1017 0 1.56 5.9 318.8 M 84
================================================================================
AV 43.7 20.2 10.3 FASTST M M 3 MAX(MPH)
MISC ----> 32 180 43 200
================================================================================
NOTES:
# LAST OF SEVERAL OCCURRENCES
COLUMN 17 PEAK WIND IN M.P.H.
PRELIMINARY LOCAL CLIMATOLOGICAL DATA (WS FORM: F-6) , PAGE 2
STATION: SPRINGFIELD MO
MONTH: JANUARY
YEAR: 2022
LATITUDE: 37 13 N
LONGITUDE: 93 23 W
[TEMPERATURE DATA] [PRECIPITATION DATA] SYMBOLS USED IN COLUMN 16
AVERAGE MONTHLY: 32.0 TOTAL FOR MONTH: 1.56 1 = FOG OR MIST
DPTR FM NORMAL: -2.3 DPTR FM NORMAL: -0.98 2 = FOG REDUCING VISIBILITY
HIGHEST: 64 ON 31 GRTST 24HR 0.70 ON 15-15 TO 1/4 MILE OR LESS
LOWEST: 3 ON 21 3 = THUNDER
SNOW, ICE PELLETS, HAIL 4 = ICE PELLETS
TOTAL MONTH: 5.9 INCHES 5 = HAIL
GRTST 24HR 4.8 ON 15-15 6 = FREEZING RAIN OR DRIZZLE
GRTST DEPTH: 2 ON 16 7 = DUSTSTORM OR SANDSTORM:
VSBY 1/2 MILE OR LESS
8 = SMOKE OR HAZE
[NO. OF DAYS WITH] [WEATHER - DAYS WITH] 9 = BLOWING SNOW
X = TORNADO
MAX 32 OR BELOW: 8 0.01 INCH OR MORE: 7
MAX 90 OR ABOVE: 0 0.10 INCH OR MORE: 4
MIN 32 OR BELOW: 28 0.50 INCH OR MORE: 2
MIN 0 OR BELOW: 0 1.00 INCH OR MORE: 0
[HDD (BASE 65) ]
TOTAL THIS MO. 1017 CLEAR (SCALE 0-3) 19
DPTR FM NORMAL 64 PTCLDY (SCALE 4-7) 8
TOTAL FM JUL 1 2239 CLOUDY (SCALE 8-10) 4
DPTR FM NORMAL -398
[CDD (BASE 65) ]
TOTAL THIS MO. 0
DPTR FM NORMAL 0 [PRESSURE DATA]
TOTAL FM JAN 1 0 HIGHEST SLP M ON M
DPTR FM NORMAL 0 LOWEST SLP 29.57 ON 1
[REMARKS]
#FINAL-01-22#