000
CXUS54 KLZK 011330
CF6SGT
PRELIMINARY LOCAL CLIMATOLOGICAL DATA (WS FORM: F-6)
STATION: STUTTGART AIRPORT
MONTH: JANUARY
YEAR: 2023
LATITUDE: 34 35 N
LONGITUDE: 91 34 W
TEMPERATURE IN F: :PCPN: SNOW: WIND :SUNSHINE: SKY :PK WND
================================================================================
1 2 3 4 5 6A 6B 7 8 9 10 11 12 13 14 15 16 17 18
12Z AVG MX 2MIN
DY MAX MIN AVG DEP HDD CDD WTR SNW DPTH SPD SPD DIR MIN PSBL S-S WX SPD DR
================================================================================
1 70 51 61 21 4 0 0.00 M M 10.4 21 190 M M 3 1 26 190
2 72 63 68 28 0 3 0.78 M M 14.7 31 170 M M 10 13 39 170
3 71 54 63 23 2 0 1.10 M M 14.3 26 190 M M 4 13 33 190
4 55 43 49 9 16 0 0.00 M M 9.0 17 270 M M 0 M M
5 57 40 49 9 16 0 0.00 M M 10.8 21 260 M M 0 M M
6 57 35 46 6 19 0 0.00 M M 6.5 13 130 M M 1 8 M M
7 62 49 56 16 9 0 T M M 8.6 16 20 M M 9 18 M M
8 57 40 49 9 16 0 0.00 M M 8.2 15 360 M M 4 1 M M
9 55 35 45 5 20 0 0.00 M M 6.8 14 170 M M 0 M M
10 62 41 52 12 13 0 0.00 M M 9.4 16 190 M M 3 M M
11 73 59 66 26 0 1 0.00 M M 12.8 20 230 M M 5 1 23 230
12 67 41 54 14 11 0 0.00 M M 20.3 28 320 M M 7 38 330
13 42 29 36 -4 29 0 0.00 M M 13.7 18 350 M M 7 18 350
14 45 26 36 -4 29 0 0.00 M M 5.7 9 150 M M 0 8 M M
15 58 34 46 6 19 0 0.00 M M 12.6 22 160 M M 4 8 28 160
16 65 51 58 18 7 0 0.22 M M 17.6 28 190 M M 6 1 37 190
17 71 57 64 24 1 0 0.00 M M 6.1 12 210 M M 4 18 M M
18 68 54 61 21 4 0 0.94 M M 12.7 30 300 M M 7 1 38 300
19 54 42 48 8 17 0 0.01 M M 14.4 23 270 M M 0 31 280
20 52 38 45 5 20 0 0.00 M M 6.8 12 10 M M 0 M M
21 54 37 46 6 19 0 0.36 M M 7.6 13 70 M M 5 1 M M
22 47 40 44 4 21 0 0.18 M M 7.0 17 320 M M 9 1 26 300
23 48 34 41 1 24 0 T M M 5.3 12 330 M M 1 18 M M
24 45 37 41 1 24 0 0.93 M M 11.8 32 70 M M 6 1 40 70
25 44 36 40 0 25 0 0.03 M M 14.8 21 310 M M 10 1 M M
26 44 33 39 -1 26 0 0.00 M M 10.5 17 300 M M 2 21 280
27 58 34 46 6 19 0 0.00 M M 12.4 21 240 M M 1 28 240
28 56 37 47 7 18 0 0.40 M M 11.3 23 170 M M 8 1 37 180
29 59 44 52 11 13 0 0.69 M M 11.4 27 170 M M 9 12 37 180
30 44 32 38 -3 27 0 0.54 M M 15.8 21 10 M M 10 1 28 20
31 32 26 29 -12 36 0 0.18 M M 15.7 22 20 M M 10 1 25 20
================================================================================
SM 1744 1272 504 4 6.36 M 345.0 M 145
================================================================================
AV 56.3 41.0 11.1 FASTST M M 5 MAX(MPH)
MISC ----> 32 70 40 70
================================================================================
NOTES:
# LAST OF SEVERAL OCCURRENCES
COLUMN 17 PEAK WIND IN M.P.H.
PRELIMINARY LOCAL CLIMATOLOGICAL DATA (WS FORM: F-6) , PAGE 2
STATION: STUTTGART AIRPORT
MONTH: JANUARY
YEAR: 2023
LATITUDE: 34 35 N
LONGITUDE: 91 34 W
[TEMPERATURE DATA] [PRECIPITATION DATA] SYMBOLS USED IN COLUMN 16
AVERAGE MONTHLY: 48.6 TOTAL FOR MONTH: 6.36 1 = FOG OR MIST
DPTR FM NORMAL: 8.5 DPTR FM NORMAL: 2.72 2 = FOG REDUCING VISIBILITY
HIGHEST: 73 ON 11 GRTST 24HR 4.11 ON 2- 3 TO 1/4 MILE OR LESS
LOWEST: 26 ON 14,31 3 = THUNDER
SNOW, ICE PELLETS, HAIL 4 = ICE PELLETS
TOTAL MONTH: M 5 = HAIL
GRTST 24HR M ON M 6 = FREEZING RAIN OR DRIZZLE
GRTST DEPTH: M ON M 7 = DUSTSTORM OR SANDSTORM:
VSBY 1/2 MILE OR LESS
8 = SMOKE OR HAZE
[NO. OF DAYS WITH] [WEATHER - DAYS WITH] 9 = BLOWING SNOW
X = TORNADO
MAX 32 OR BELOW: 1 0.01 INCH OR MORE: 13
MAX 90 OR ABOVE: 0 0.10 INCH OR MORE: 11
MIN 32 OR BELOW: 4 0.50 INCH OR MORE: 6
MIN 0 OR BELOW: 0 1.00 INCH OR MORE: 1
[HDD (BASE 65) ]
TOTAL THIS MO. 504 CLEAR (SCALE 0-3) 11
DPTR FM NORMAL -268 PTCLDY (SCALE 4-7) 13
TOTAL FM JUL 1 1504 CLOUDY (SCALE 8-10) 7
DPTR FM NORMAL -519
[CDD (BASE 65) ]
TOTAL THIS MO. 4
DPTR FM NORMAL 4 [PRESSURE DATA]
TOTAL FM JAN 1 4 HIGHEST SLP 30.44 ON 14
DPTR FM NORMAL 4 LOWEST SLP 29.62 ON 25
[REMARKS]
#FINAL-01-23#