000
CXUS55 KBYZ 011000
CF6SHR
PRELIMINARY LOCAL CLIMATOLOGICAL DATA (WS FORM: F-6)
STATION: SHERIDAN WY
MONTH: MAY
YEAR: 2022
LATITUDE: 44 46 N
LONGITUDE: 106 58 W
TEMPERATURE IN F: :PCPN: SNOW: WIND :SUNSHINE: SKY :PK WND
================================================================================
1 2 3 4 5 6A 6B 7 8 9 10 11 12 13 14 15 16 17 18
12Z AVG MX 2MIN
DY MAX MIN AVG DEP HDD CDD WTR SNW DPTH SPD SPD DIR MIN PSBL S-S WX SPD DR
================================================================================
1 54 35 45 -2 20 0 T M M 9.9 26 130 M M 7 35 130
2 62 36 49 2 16 0 0.00 M M 14.5 30 140 M M 5 39 140
3 58 36 47 -1 18 0 T M M 11.7 23 290 M M 6 28 150
4 63 38 51 3 14 0 0.00 M M 6.5 17 320 M M 7 21 310
5 74 34 54 6 11 0 0.00 M M 3.2 16 150 M M 0 19 140
6 74 48 61 12 4 0 0.00 M M 7.8 23 310 M M 1 27 310
7 70 39 55 6 10 0 0.00 M M 11.8 37 270 M M 1 45 260
8 62 35 49 -1 16 0 0.00 M M 5.7 23 330 M M 3 27 340
9 51 31 41 -9 24 0 0.07 M M 11.1 25 330 M M 8 3 31 320
10 67 30 49 -1 16 0 0.00 M M 9.0 23 310 M M 2 26 270
11 62 46 54 3 11 0 0.06 M M 4.9 18 320 M M 9 22 320
12 48 38 43 -8 22 0 0.07 M M 13.7 30 320 M M 8 1 37 320
13 64 35 50 -1 15 0 T M M 11.0 44 230 M M 4 52 240
14 65 31 48 -4 17 0 0.10 M M 5.7 31 310 M M 3 1 39 300
15 70 36 53 1 12 0 0.00 M M 4.7 10 150 M M 0 14 160
16 75 38 57 5 8 0 0.01 M M 6.8 28 310 M M 2 3 33 310
17 72 47 60 7 5 0 0.02 M M 6.4 23 320 M M 5 29 320
18 72 44 58 5 7 0 0.00 M M 8.3 23 300 M M 1 28 300
19 57 35 46 -8 19 0 0.13 M M 15.7 38 310 M M 6 1 47 310
20 46 32 39 -15 26 0 0.11 M M 18.9 38 310 M M 9 128 47 310
21 52 32 42 -12 23 0 T M M 9.0 24 330 M M 7 31 330
22 60 29 45 -10 20 0 0.00 M M 9.0 24 220 M M 3 36 220
23 64 35 50 -5 15 0 T M M 7.4 23 240 M M 5 29 240
24 66 30 48 -7 17 0 0.00 M M 4.3 18 340 M M 2 24 340
25 74 32 53 -3 12 0 0.00 M M 3.6 14 340 M M 1 18 340
26 79 39 59 3 6 0 0.00 M M 4.1 12 240 M M 0 16 260
27 77 51 64 8 1 0 0.00 M M 8.0 24 330 M M 1 28 330
28 67 48 58 2 7 0 0.02 M M 8.1 18 310 M M 6 1 22 310
29 66 41 54 -3 11 0 0.18 M M 7.6 20 320 M M 5 1 27 350
30 50 46 48 -9 17 0 2.39 M M 15.0 25 310 M M 10 1 32 310
31 58 38 48 -9 17 0 T M M 13.2 23 310 M M 6 27 310
================================================================================
SM 1979 1165 437 0 3.16 M 276.6 M 133
================================================================================
AV 63.8 37.6 8.9 FASTST M M 4 MAX(MPH)
MISC ----> 44 230 52 240
================================================================================
NOTES:
# LAST OF SEVERAL OCCURRENCES
COLUMN 17 PEAK WIND IN M.P.H.
PRELIMINARY LOCAL CLIMATOLOGICAL DATA (WS FORM: F-6) , PAGE 2
STATION: SHERIDAN WY
MONTH: MAY
YEAR: 2022
LATITUDE: 44 46 N
LONGITUDE: 106 58 W
[TEMPERATURE DATA] [PRECIPITATION DATA] SYMBOLS USED IN COLUMN 16
AVERAGE MONTHLY: 50.7 TOTAL FOR MONTH: 3.16 1 = FOG OR MIST
DPTR FM NORMAL: -1.7 DPTR FM NORMAL: 0.48 2 = FOG REDUCING VISIBILITY
HIGHEST: 79 ON 26 GRTST 24HR 2.41 ON 29-30 TO 1/4 MILE OR LESS
LOWEST: 29 ON 22 3 = THUNDER
SNOW, ICE PELLETS, HAIL 4 = ICE PELLETS
TOTAL MONTH: M 5 = HAIL
GRTST 24HR M ON M 6 = FREEZING RAIN OR DRIZZLE
GRTST DEPTH: M ON M 7 = DUSTSTORM OR SANDSTORM:
VSBY 1/2 MILE OR LESS
8 = SMOKE OR HAZE
[NO. OF DAYS WITH] [WEATHER - DAYS WITH] 9 = BLOWING SNOW
X = TORNADO
MAX 32 OR BELOW: 0 0.01 INCH OR MORE: 11
MAX 90 OR ABOVE: 0 0.10 INCH OR MORE: 5
MIN 32 OR BELOW: 8 0.50 INCH OR MORE: 1
MIN 0 OR BELOW: 0 1.00 INCH OR MORE: 1
[HDD (BASE 65) ]
TOTAL THIS MO. 437 CLEAR (SCALE 0-3) 11
DPTR FM NORMAL 43 PTCLDY (SCALE 4-7) 16
TOTAL FM JUL 1 6852 CLOUDY (SCALE 8-10) 4
DPTR FM NORMAL -553
[CDD (BASE 65) ]
TOTAL THIS MO. 0
DPTR FM NORMAL -4 [PRESSURE DATA]
TOTAL FM JAN 1 0 HIGHEST SLP 30.38 ON 21
DPTR FM NORMAL -4 LOWEST SLP 29.35 ON 9
[REMARKS]
#FINAL-05-22#