000
CXUS54 KSHV 011300
CF6SHV
PRELIMINARY LOCAL CLIMATOLOGICAL DATA (WS FORM: F-6)
STATION: SHREVEPORT
MONTH: MARCH
YEAR: 2023
LATITUDE: 32 28 N
LONGITUDE: 93 49 W
TEMPERATURE IN F: :PCPN: SNOW: WIND :SUNSHINE: SKY :PK WND
================================================================================
1 2 3 4 5 6A 6B 7 8 9 10 11 12 13 14 15 16 17 18
12Z AVG MX 2MIN
DY MAX MIN AVG DEP HDD CDD WTR SNW DPTH SPD SPD DIR MIN PSBL S-S WX SPD DR
================================================================================
1 86 70 78 23 0 13 0.00 0.0 0 9.3 17 180 M M 9 24 200
2 82 64 73 17 0 8 0.57 0.0 0 13.7 26 310 M M 9 3 38 280
3 65 47 56 0 9 0 0.61 0.0 0 11.6 28 270 M M 7 3 40 270
4 74 41 58 2 7 0 0.00 0.0 0 2.8 10 110 M M 0 14 110
5 82 45 64 8 1 0 0.00 0.0 0 5.4 15 170 M M 1 20 180
6 82 49 66 9 0 1 0.00 0.0 0 6.2 17 250 M M 7 12 22 200
7 82 58 70 13 0 5 0.00 0.0 0 4.0 12 50 M M 5 128 18 80
8 76 61 69 12 0 4 0.00 0.0 0 6.9 21 360 M M 9 18 28 350
9 80 58 69 12 0 4 1.14 0.0 0 6.5 23 340 M M 9 13 28 340
10 65 54 60 2 5 0 0.67 0.0 0 6.4 18 360 M M 9 13 24 360
11 78 54 66 8 0 1 0.00 0.0 0 9.3 20 200 M M 7 1 31 210
12 71 51 61 3 4 0 0.84 0.0 0 11.2 21 30 M M 7 3 29 30
13 65 47 56 -2 9 0 0.00 0.0 0 8.5 16 20 M M 4 22 20
14 63 42 53 -6 12 0 0.00 0.0 0 6.1 15 90 M M 5 21 110
15 67 39 53 -6 12 0 0.00 0.0 0 7.6 15 150 M M 2 20 130
16 72 49 61 2 4 0 0.94 0.0 0 11.5 26 280 M M 9 13 39 280
17 59 44 52 -7 13 0 T 0.0 0 14.6 29 300 M M 7 38 340
18 60 40 50 -10 15 0 0.00 0.0 0 10.5 22 310 M M 6 31 340
19 53 32 43 -17 22 0 0.00 0.0 0 6.5 18 340 M M 2 25 340
20 60 28 44 -16 21 0 0.00 0.0 0 7.1 16 140 M M 6 23 150
21 70 50 60 0 5 0 T 0.0 0 13.0 23 160 M M 10 33 160
22 82 65 74 13 0 9 T 0.0 0 11.7 18 170 M M 8 18 26 170
23 85 67 76 15 0 11 0.00 0.0 0 12.9 22 170 M M 6 34 170
24 78 58 68 7 0 3 0.48 0.0 0 10.8 26 170 M M 8 123 36 160
25 82 54 68 7 0 3 0.00 0.0 0 5.6 15 230 M M 2 12 22 270
26 83 49 66 4 0 1 T 0.0 0 3.6 15 150 M M 4 21 150
27 79 55 67 5 0 2 0.00 0.0 0 8.1 20 360 M M 8 28 360
28 73 55 64 2 1 0 0.00 0.0 0 9.4 21 20 M M 9 28 20
29 71 51 61 -1 4 0 0.00 0.0 0 5.8 15 130 M M 7 20 130
30 81 51 66 4 0 1 T 0.0 0 9.4 23 170 M M 7 32 160
31 85 64 75 13 0 10 0.05 0.0 0 13.7 36 170 M M 8 3 52 170
================================================================================
SM 2291 1592 144 76 5.30 0.0 269.7 M 197
================================================================================
AV 73.9 51.4 8.7 FASTST M M 6 MAX(MPH)
MISC ----> 36 170 52 170
================================================================================
NOTES:
# LAST OF SEVERAL OCCURRENCES
COLUMN 17 PEAK WIND IN M.P.H.
PRELIMINARY LOCAL CLIMATOLOGICAL DATA (WS FORM: F-6) , PAGE 2
STATION: SHREVEPORT
MONTH: MARCH
YEAR: 2023
LATITUDE: 32 28 N
LONGITUDE: 93 49 W
[TEMPERATURE DATA] [PRECIPITATION DATA] SYMBOLS USED IN COLUMN 16
AVERAGE MONTHLY: 62.6 TOTAL FOR MONTH: 5.30 1 = FOG OR MIST
DPTR FM NORMAL: 3.6 DPTR FM NORMAL: 0.40 2 = FOG REDUCING VISIBILITY
HIGHEST: 86 ON 1 GRTST 24HR 1.14 ON 9- 9 TO 1/4 MILE OR LESS
LOWEST: 28 ON 20 3 = THUNDER
SNOW, ICE PELLETS, HAIL 4 = ICE PELLETS
TOTAL MONTH: 0.0 INCH 5 = HAIL
GRTST 24HR 0.0 6 = FREEZING RAIN OR DRIZZLE
GRTST DEPTH: 0 7 = DUSTSTORM OR SANDSTORM:
VSBY 1/2 MILE OR LESS
8 = SMOKE OR HAZE
[NO. OF DAYS WITH] [WEATHER - DAYS WITH] 9 = BLOWING SNOW
X = TORNADO
MAX 32 OR BELOW: 0 0.01 INCH OR MORE: 8
MAX 90 OR ABOVE: 0 0.10 INCH OR MORE: 7
MIN 32 OR BELOW: 2 0.50 INCH OR MORE: 6
MIN 0 OR BELOW: 0 1.00 INCH OR MORE: 1
[HDD (BASE 65) ]
TOTAL THIS MO. 144 CLEAR (SCALE 0-3) 5
DPTR FM NORMAL -80 PTCLDY (SCALE 4-7) 17
TOTAL FM JUL 1 1523 CLOUDY (SCALE 8-10) 9
DPTR FM NORMAL -459
[CDD (BASE 65) ]
TOTAL THIS MO. 76
DPTR FM NORMAL 37 [PRESSURE DATA]
TOTAL FM JAN 1 138 HIGHEST SLP M ON M
DPTR FM NORMAL 83 LOWEST SLP 29.30 ON 2
[REMARKS]
#FINAL-03-23#