000
CXUS56 KMFR 011030
CF6SIY
PRELIMINARY LOCAL CLIMATOLOGICAL DATA (WS FORM: F-6)
STATION: MONTAGUE CA
MONTH: FEBRUARY
YEAR: 2023
LATITUDE: 41 46 N
LONGITUDE: 122 28 W
TEMPERATURE IN F: :PCPN: SNOW: WIND :SUNSHINE: SKY :PK WND
================================================================================
1 2 3 4 5 6A 6B 7 8 9 10 11 12 13 14 15 16 17 18
12Z AVG MX 2MIN
DY MAX MIN AVG DEP HDD CDD WTR SNW DPTH SPD SPD DIR MIN PSBL S-S WX SPD DR
================================================================================
1 46 15 31 -7 34 0 0.00 M M 2.1 12 40 M M 0 8 12 40
2 58 22 40 2 25 0 0.00 M M 19.0 41 180 M M 0 51 180
3 52 32 42 4 23 0 0.00 M M 17.9 39 170 M M 5 53 160
4 54 32 43 5 22 0 0.01 M M 16.4 37 180 M M 3 48 180
5 50 33 42 4 23 0 0.01 M M 5.9 32 220 M M 7 36 220
6 51 25 38 0 27 0 0.00 M M 3.0 12 30 M M 1 12 30
7 54 22 38 0 27 0 0.00 M M 1.3 8 120 M M 2 10 120
8 54 17 36 -3 29 0 0.00 M M 1.4 6 100 M M 2 12 8 100
9 60 21 41 2 24 0 0.00 M M 2.6 12 40 M M 0 12 40
10 55 24 40 1 25 0 0.05 M M 7.9 18 350 M M 3 22 350
11 55 33 44 5 21 0 0.26 M M 6.5 20 340 M M 3 1 24 330
12 56 25 41 2 24 0 0.00 M M 1.9 9 20 M M 0 11 30
13 51 24 38 -1 27 0 T M M 9.4 26 350 M M 4 35 360
14 38 25 32 -8 33 0 0.07 M M 6.9 25 20 M M 3 18 32 10
15 43 18 31 -9 34 0 0.00 M M 1.6 8 20 M M 0 9 40
16 45 19 32 -8 33 0 0.00 M M 3.2 9 20 M M 0 12 250
17 51 22 37 -3 28 0 0.00 M M 2.7 12 40 M M 0 13 40
18 50 20 35 -5 30 0 0.00 M M 3.2 18 20 M M 0 22 20
19 59 21 40 0 25 0 0.00 M M 2.4 9 350 M M 0 11 60
20 61 27 44 3 21 0 0.00 M M 2.3 7 100 M M 1 9 220
21 49 28 39 -2 26 0 0.02 M M 9.9 32 10 M M 7 12 38 280
22 39 22 31 -10 34 0 0.01 M M 5.3 22 290 M M 7 27 310
23 36 20 28 -13 37 0 0.01 M M 8.1 24 170 M M 9 1 36 170
24 45 29 37 -5 28 0 0.02 M M 11.3 26 20 M M 7 1 35 40
25 50 21 36 -6 29 0 0.00 M M 3.8 15 160 M M 1 17 160
26 43 29 36 -6 29 0 0.11 M M 7.8 24 300 M M 6 1 28 300
27 41 25 33 -9 32 0 0.03 M M 15.8 37 170 M M 8 12 49 180
28 37 19 28 -14 37 0 0.05 M M 6.1 30 190 M M 7 128 35 180
================================================================================
SM 1383 670 787 0 0.65 M 185.7 M 86
================================================================================
AV 49.4 23.9 6.6 FASTST M M 3 MAX(MPH)
MISC ----> 41 180 53 160
================================================================================
NOTES:
# LAST OF SEVERAL OCCURRENCES
COLUMN 17 PEAK WIND IN M.P.H.
PRELIMINARY LOCAL CLIMATOLOGICAL DATA (WS FORM: F-6) , PAGE 2
STATION: MONTAGUE CA
MONTH: FEBRUARY
YEAR: 2023
LATITUDE: 41 46 N
LONGITUDE: 122 28 W
[TEMPERATURE DATA] [PRECIPITATION DATA] SYMBOLS USED IN COLUMN 16
AVERAGE MONTHLY: 36.7 TOTAL FOR MONTH: 0.65 1 = FOG OR MIST
DPTR FM NORMAL: -3.1 DPTR FM NORMAL: -0.76 2 = FOG REDUCING VISIBILITY
HIGHEST: 61 ON 20 GRTST 24HR 0.31 ON 10-11 TO 1/4 MILE OR LESS
LOWEST: 15 ON 1 3 = THUNDER
SNOW, ICE PELLETS, HAIL 4 = ICE PELLETS
TOTAL MONTH: M 5 = HAIL
GRTST 24HR M ON M 6 = FREEZING RAIN OR DRIZZLE
GRTST DEPTH: M ON M 7 = DUSTSTORM OR SANDSTORM:
VSBY 1/2 MILE OR LESS
8 = SMOKE OR HAZE
[NO. OF DAYS WITH] [WEATHER - DAYS WITH] 9 = BLOWING SNOW
X = TORNADO
MAX 32 OR BELOW: 0 0.01 INCH OR MORE: 12
MAX 90 OR ABOVE: 0 0.10 INCH OR MORE: 2
MIN 32 OR BELOW: 26 0.50 INCH OR MORE: 0
MIN 0 OR BELOW: 0 1.00 INCH OR MORE: 0
[HDD (BASE 65) ]
TOTAL THIS MO. 787 CLEAR (SCALE 0-3) 16
DPTR FM NORMAL 81 PTCLDY (SCALE 4-7) 11
TOTAL FM JUL 1 3620 CLOUDY (SCALE 8-10) 1
DPTR FM NORMAL -37
[CDD (BASE 65) ]
TOTAL THIS MO. 0
DPTR FM NORMAL 0 [PRESSURE DATA]
TOTAL FM JAN 1 0 HIGHEST SLP 30.60 ON 6
DPTR FM NORMAL 0 LOWEST SLP 29.56 ON 27
[REMARKS]
#FINAL-02-23#