000
CXUS54 KSJT 011000
CF6SJT
PRELIMINARY LOCAL CLIMATOLOGICAL DATA (WS FORM: F-6)
STATION: SAN ANGELO
MONTH: AUGUST
YEAR: 2022
LATITUDE: 31 21 N
LONGITUDE: 100 30 W
TEMPERATURE IN F: :PCPN: SNOW: WIND :SUNSHINE: SKY :PK WND
================================================================================
1 2 3 4 5 6A 6B 7 8 9 10 11 12 13 14 15 16 17 18
12Z AVG MX 2MIN
DY MAX MIN AVG DEP HDD CDD WTR SNW DPTH SPD SPD DIR MIN PSBL S-S WX SPD DR
================================================================================
1 103 75 89 3 0 24 0.00 0.0 0 9.7 17 180 M M 1 28 170
2 102 79 91 5 0 26 0.00 0.0 0 10.9 21 200 M M 0 29 190
3 105 78 92 6 0 27 0.00 0.0 0 9.5 18 170 M M 0 27 150
4 106 79 93 7 0 28 0.00 0.0 0 8.8 17 180 M M 0 28 160
5 104 79 92 6 0 27 0.00 0.0 0 8.3 17 100 M M 0 28 100
6 101 76 89 3 0 24 0.00 0.0 0 8.4 18 150 M M 2 26 150
7 100 75 88 2 0 23 0.00 0.0 0 9.9 20 140 M M 2 26 210
8 102 77 90 4 0 25 0.00 0.0 0 8.2 16 120 M M 1 28 140
9 102 75 89 4 0 24 0.00 0.0 0 7.1 16 120 M M 1 26 100
10 99 73 86 1 0 21 0.18 0.0 0 5.4 31 360 M M 1 38 41 350
11 101 73 87 2 0 22 0.00 0.0 0 5.7 16 100 M M 2 27 100
12 100 70 85 0 0 20 0.00 0.0 0 6.6 17 80 M M 1 26 40
13 100 75 88 3 0 23 0.00 0.0 0 4.9 16 110 M M 2 24 50
14 100 73 87 2 0 22 0.00 0.0 0 6.9 21 110 M M 1 29 110
15 96 71 84 -1 0 19 0.00 0.0 0 8.1 22 140 M M 1 32 140
16 99 72 86 2 0 21 0.00 0.0 0 6.9 17 150 M M 1 23 150
17 99 73 86 2 0 21 0.00 0.0 0 5.9 18 70 M M 1 27 10
18 97 76 87 3 0 22 0.00 0.0 0 8.3 21 50 M M 3 3 27 50
19 86 72 79 -5 0 14 0.04 0.0 0 5.3 17 210 M M 3 3 22 220
20 96 71 84 0 0 19 0.00 0.0 0 6.8 17 150 M M 1 25 140
21 95 75 85 1 0 20 T 0.0 0 5.6 18 270 M M 3 3 25 180
22 88 75 82 -1 0 17 0.01 0.0 0 10.3 18 360 M M 6 3 23 10
23 91 74 83 0 0 18 0.01 0.0 0 8.0 14 30 M M 8 8 20 30
24 95 70 83 0 0 18 0.00 0.0 0 7.2 18 60 M M 2 26 60
25 95 74 85 2 0 20 0.00 0.0 M 6.1 16 70 M M 5 21 70
26 97 67 82 0 0 17 0.00 0.0 0 4.6 15 70 M M 3 21 80
27 98 70 84 2 0 19 0.00 0.0 0 7.8 16 170 M M 1 22 130
28 101 76 89 7 0 24 T 0.0 0 11.0 20 130 M M 1 29 140
29 97 68 83 1 0 18 1.38 0.0 0 9.2 30 260 M M 2 13 40 260
30 79 70 75 -7 0 10 0.53 0.0 0 5.2 14 360 M M 7 13 17 360
31 85 72 79 -2 0 14 0.29 0.0 0 4.0 17 130 M M 4 18 25 130
================================================================================
SM 3019 2283 0 647 2.44 0.0 230.6 M 66
================================================================================
AV 97.4 73.6 7.4 FASTST M M 2 MAX(MPH)
MISC ----> 31 360 41 350
================================================================================
NOTES:
# LAST OF SEVERAL OCCURRENCES
COLUMN 17 PEAK WIND IN M.P.H.
PRELIMINARY LOCAL CLIMATOLOGICAL DATA (WS FORM: F-6) , PAGE 2
STATION: SAN ANGELO
MONTH: AUGUST
YEAR: 2022
LATITUDE: 31 21 N
LONGITUDE: 100 30 W
[TEMPERATURE DATA] [PRECIPITATION DATA] SYMBOLS USED IN COLUMN 16
AVERAGE MONTHLY: 85.5 TOTAL FOR MONTH: 2.44 1 = FOG OR MIST
DPTR FM NORMAL: 1.4 DPTR FM NORMAL: 0.02 2 = FOG REDUCING VISIBILITY
HIGHEST: 106 ON 4 GRTST 24HR 1.91 ON 29-30 TO 1/4 MILE OR LESS
LOWEST: 67 ON 26 3 = THUNDER
SNOW, ICE PELLETS, HAIL 4 = ICE PELLETS
TOTAL MONTH: 0.0 INCH 5 = HAIL
GRTST 24HR 0.0 6 = FREEZING RAIN OR DRIZZLE
GRTST DEPTH: 0 7 = DUSTSTORM OR SANDSTORM:
VSBY 1/2 MILE OR LESS
8 = SMOKE OR HAZE
[NO. OF DAYS WITH] [WEATHER - DAYS WITH] 9 = BLOWING SNOW
X = TORNADO
MAX 32 OR BELOW: 0 0.01 INCH OR MORE: 7
MAX 90 OR ABOVE: 27 0.10 INCH OR MORE: 4
MIN 32 OR BELOW: 0 0.50 INCH OR MORE: 2
MIN 0 OR BELOW: 0 1.00 INCH OR MORE: 1
[HDD (BASE 65) ]
TOTAL THIS MO. 0 CLEAR (SCALE 0-3) 24
DPTR FM NORMAL 0 PTCLDY (SCALE 4-7) 7
TOTAL FM JUL 1 0 CLOUDY (SCALE 8-10) 0
DPTR FM NORMAL 0
[CDD (BASE 65) ]
TOTAL THIS MO. 647
DPTR FM NORMAL 53 [PRESSURE DATA]
TOTAL FM JAN 1 2865 HIGHEST SLP 30.10 ON 31
DPTR FM NORMAL 610 LOWEST SLP 29.65 ON 28
[REMARKS]
#FINAL-08-22#