000
CXUS56 KLOX 011655
CF6SMO
PRELIMINARY LOCAL CLIMATOLOGICAL DATA (WS FORM: F-6)
STATION: SANTA MONICA AIRPORT CA
MONTH: MARCH
YEAR: 2020
LATITUDE: 34 0 N
LONGITUDE: 118 27 W
TEMPERATURE IN F: :PCPN: SNOW: WIND :SUNSHINE: SKY :PK WND
================================================================================
1 2 3 4 5 6A 6B 7 8 9 10 11 12 13 14 15 16 17 18
12Z AVG MX 2MIN
DY MAX MIN AVG DEP HDD CDD WTR SNW DPTH SPD SPD DIR MIN PSBL S-S WX SPD DR
================================================================================
1 57 51 54 -4 11 0 T 0.0 0 6.2 15 240 M M 8 22 220
2 73 46 60 2 5 0 T M 0 5.8 20 20 M M 1 26 10
3 75 55 65 7 0 0 0.00 0.0 0 6.2 14 210 M M 0 18 24 350
4 68 52 60 2 5 0 0.00 0.0 0 3.7 14 220 M M 4 18 17 210
5 64 53 59 1 6 0 0.00 0.0 0 3.1 12 240 M M 4 18 M M
6 63 52 58 0 7 0 0.00 0.0 0 4.1 13 220 M M 6 18 17 240
7 61 54 58 0 7 0 T 0.0 0 6.0 15 230 M M 7 21 240
8 61 49 55 -3 10 0 0.01 M 0 3.2 13 250 M M 2 1 18 250
9 70 48 59 1 6 0 0.04 M 0 4.2 23 150 M M 2 29 160
10 65 56 61 3 4 0 0.13 0.0 0 6.8 16 70 M M 10 1 24 70
11 67 56 62 4 3 0 T 0.0 0 4.4 13 240 M M 5 16 220
12 60 52 56 -2 9 0 1.51 0.0 0 3.0 13 190 M M 6 1 17 200
13 57 52 55 -3 10 0 0.65 0.0 0 1.7 9 180 M M 10 1 11 170
14 60 53 57 -1 8 0 0.18 0.0 0 2.1 13 230 M M 10 1 17 230
15 62 50 56 -2 9 0 0.15 0.0 0 4.6 13 220 M M 8 1 18 260
16 60 46 53 -5 12 0 0.38 M 0 6.1 22 200 M M 8 1 28 190
17 59 42 51 -7 14 0 0.03 M 0 3.9 14 210 M M 2 1 18 220
18 62 44 53 -5 12 0 0.00 0.0 0 5.3 18 240 M M 0 25 250
19 60 46 53 -5 12 0 0.09 M 0 4.5 14 200 M M 5 19 200
20 62 50 56 -2 9 0 0.00 0.0 0 3.9 10 220 M M 5 14 200
21 63 52 58 0 7 0 0.00 0.0 0 3.8 14 240 M M 4 18 240
22 67 49 58 0 7 0 1.40 M 0 4.3 13 220 M M 5 1 16 220
23 63 52 58 0 7 0 0.02 0.0 0 6.3 15 240 M M 4 1 21 220
24 64 50 57 -1 8 0 0.01 0.0 0 5.3 16 250 M M 4 1 23 240
25 61 50 56 -2 9 0 0.00 0.0 0 6.1 17 230 M M 5 24 250
26 59 44 52 -6 13 0 0.00 0.0 0 5.3 21 250 M M 0 33 250
27 61 46 54 -4 11 0 0.00 0.0 0 6.8 17 250 M M 0 25 300
28 62 49 56 -2 9 0 0.00 0.0 0 4.2 12 240 M M 1 16 250
29 63 48 56 -2 9 0 0.00 0.0 0 5.8 18 260 M M 2 28 270
30 66 48 57 -1 8 0 0.00 0.0 0 4.0 15 220 M M 0 19 250
31 70 51 61 3 4 0 0.00 0.0 0 3.2 12 220 M M 0 14 230
================================================================================
SM 1965 1546 251 0 4.60 0.0 143.9 M 128
================================================================================
AV 63.4 49.9 4.6 FASTST M M 4 MAX(MPH)
MISC ----> # 23 150 # 33 250
================================================================================
NOTES:
# LAST OF SEVERAL OCCURRENCES
COLUMN 17 PEAK WIND IN M.P.H.
PRELIMINARY LOCAL CLIMATOLOGICAL DATA (WS FORM: F-6) , PAGE 2
STATION: SANTA MONICA AIRPORT CA
MONTH: MARCH
YEAR: 2020
LATITUDE: 34 0 N
LONGITUDE: 118 27 W
[TEMPERATURE DATA] [PRECIPITATION DATA] SYMBOLS USED IN COLUMN 16
AVERAGE MONTHLY: 56.6 TOTAL FOR MONTH: 4.60 1 = FOG OR MIST
DPTR FM NORMAL: -1.7 DPTR FM NORMAL: 2.05 2 = FOG REDUCING VISIBILITY
HIGHEST: 75 ON 3 GRTST 24HR 1.51 ON 12-12 TO 1/4 MILE OR LESS
LOWEST: 42 ON 17 3 = THUNDER
SNOW, ICE PELLETS, HAIL 4 = ICE PELLETS
TOTAL MONTH: 0.0 INCH 5 = HAIL
GRTST 24HR 0.0 6 = FREEZING RAIN OR DRIZZLE
GRTST DEPTH: 0 7 = DUSTSTORM OR SANDSTORM:
VSBY 1/2 MILE OR LESS
8 = SMOKE OR HAZE
[NO. OF DAYS WITH] [WEATHER - DAYS WITH] 9 = BLOWING SNOW
X = TORNADO
MAX 32 OR BELOW: 0 0.01 INCH OR MORE: 13
MAX 90 OR ABOVE: 0 0.10 INCH OR MORE: 7
MIN 32 OR BELOW: 0 0.50 INCH OR MORE: 3
MIN 0 OR BELOW: 0 1.00 INCH OR MORE: 2
[HDD (BASE 65) ]
TOTAL THIS MO. 251 CLEAR (SCALE 0-3) 12
DPTR FM NORMAL 37 PTCLDY (SCALE 4-7) 16
TOTAL FM JUL 1 1128 CLOUDY (SCALE 8-10) 3
DPTR FM NORMAL -94
[CDD (BASE 65) ]
TOTAL THIS MO. 0
DPTR FM NORMAL -6 [PRESSURE DATA]
TOTAL FM JAN 1 13 HIGHEST SLP 30.25 ON 30
DPTR FM NORMAL -7 LOWEST SLP 29.74 ON 18
[REMARKS]
#FINAL-03-20#