000
CXUS56 KLOX 011655
CF6SMO
PRELIMINARY LOCAL CLIMATOLOGICAL DATA (WS FORM: F-6)
STATION: SANTA MONICA AIRPORT CA
MONTH: JULY
YEAR: 2019
LATITUDE: 34 0 N
LONGITUDE: 118 27 W
TEMPERATURE IN F: :PCPN: SNOW: WIND :SUNSHINE: SKY :PK WND
================================================================================
1 2 3 4 5 6A 6B 7 8 9 10 11 12 13 14 15 16 17 18
12Z AVG MX 2MIN
DY MAX MIN AVG DEP HDD CDD WTR SNW DPTH SPD SPD DIR MIN PSBL S-S WX SPD DR
================================================================================
1 75 61 68 1 0 3 0.00 0.0 0 4.6 14 230 M M 0 18 270
2 73 61 67 -1 0 2 0.00 0.0 0 5.0 13 250 M M 0 17 260
3 73 63 68 0 0 3 0.00 0.0 0 5.5 14 210 M M 6 19 210
4 72 63 68 0 0 3 0.00 0.0 0 5.8 14 240 M M 5 19 270
5 72 60 66 -2 0 1 0.00 0.0 0 4.5 13 210 M M 4 8 17 220
6 73 62 68 0 0 3 0.00 0.0 0 5.3 14 230 M M 9 18 18 220
7 70 63 67 -1 0 2 0.00 0.0 0 5.7 12 220 M M 7 15 240
8 73 63 68 0 0 3 0.00 0.0 0 5.8 13 220 M M 6 17 230
9 72 63 68 0 0 3 0.00 0.0 0 5.5 14 240 M M 4 19 250
10 70 62 66 -2 0 1 0.00 0.0 0 4.7 14 230 M M 4 18 20 230
11 74 62 68 -1 0 3 0.00 0.0 0 4.3 13 220 M M 4 18 19 240
12 74 63 69 0 0 4 0.00 0.0 0 4.3 13 220 M M 1 18 16 220
13 76 63 70 1 0 5 0.00 0.0 0 4.0 10 230 M M 5 18 14 220
14 72 63 68 -1 0 3 0.00 0.0 0 5.4 13 220 M M 8 18 17 220
15 72 62 67 -2 0 2 0.00 0.0 0 3.5 12 220 M M 6 18 15 230
16 75 61 68 -1 0 3 0.00 0.0 0 4.0 10 220 M M 3 128 14 220
17 74 66 70 1 0 5 0.00 0.0 0 6.0 12 220 M M 5 17 200
18 73 63 68 -1 0 3 0.00 0.0 0 6.1 14 240 M M 8 8 19 240
19 73 62 68 -1 0 3 0.00 0.0 0 5.9 14 220 M M 4 18 230
20 73 64 69 0 0 4 0.00 0.0 0 6.2 13 250 M M 4 18 250
21 73 63 68 -1 0 3 0.00 0.0 0 6.3 13 230 M M 4 17 230
22 77 63 70 1 0 5 0.00 0.0 0 4.2 13 220 M M 2 1 15 220
23 83 66 75 6 0 10 T 0.0 0 5.4 14 220 M M 2 3 19 240
24 83 68 76 7 0 11 0.00 0.0 0 4.4 14 230 M M 0 1 18 260
25 87 68 78 9 0 13 0.00 0.0 0 4.4 13 230 M M 0 15 230
26 81 67 74 4 0 9 0.00 0.0 0 4.4 14 220 M M 0 17 230
27 80 66 73 3 0 8 0.00 0.0 0 4.4 12 220 M M 0 16 210
28 73 65 69 -1 0 4 0.00 0.0 0 4.2 12 240 M M 3 1 15 220
29 75 65 70 0 0 5 0.00 0.0 0 4.4 12 210 M M 6 18 17 210
30 75 64 70 0 0 5 0.00 0.0 0 5.1 14 220 M M 3 20 210
31 75 64 70 0 0 5 0.00 0.0 0 4.2 14 230 M M 4 18 17 220
================================================================================
SM 2321 1969 0 137 T 0.0 153.4 M 117
================================================================================
AV 74.9 63.5 4.9 FASTST M M 4 MAX(MPH)
MISC ----> 14 M # 20 230
================================================================================
NOTES:
# LAST OF SEVERAL OCCURRENCES
COLUMN 17 PEAK WIND IN M.P.H.
PRELIMINARY LOCAL CLIMATOLOGICAL DATA (WS FORM: F-6) , PAGE 2
STATION: SANTA MONICA AIRPORT CA
MONTH: JULY
YEAR: 2019
LATITUDE: 34 0 N
LONGITUDE: 118 27 W
[TEMPERATURE DATA] [PRECIPITATION DATA] SYMBOLS USED IN COLUMN 16
AVERAGE MONTHLY: 69.2 TOTAL FOR MONTH: T 1 = FOG OR MIST
DPTR FM NORMAL: 0.4 DPTR FM NORMAL: -0.34 2 = FOG REDUCING VISIBILITY
HIGHEST: 87 ON 25 GRTST 24HR T ON 23-23 TO 1/4 MILE OR LESS
LOWEST: 60 ON 5 3 = THUNDER
SNOW, ICE PELLETS, HAIL 4 = ICE PELLETS
TOTAL MONTH: 0.0 INCH 5 = HAIL
GRTST 24HR 0.0 6 = FREEZING RAIN OR DRIZZLE
GRTST DEPTH: 0 7 = DUSTSTORM OR SANDSTORM:
VSBY 1/2 MILE OR LESS
8 = SMOKE OR HAZE
[NO. OF DAYS WITH] [WEATHER - DAYS WITH] 9 = BLOWING SNOW
X = TORNADO
MAX 32 OR BELOW: 0 0.01 INCH OR MORE: 0
MAX 90 OR ABOVE: 0 0.10 INCH OR MORE: 0
MIN 32 OR BELOW: 0 0.50 INCH OR MORE: 0
MIN 0 OR BELOW: 0 1.00 INCH OR MORE: 0
[HDD (BASE 65) ]
TOTAL THIS MO. 0 CLEAR (SCALE 0-3) 12
DPTR FM NORMAL -4 PTCLDY (SCALE 4-7) 18
TOTAL FM JUL 1 0 CLOUDY (SCALE 8-10) 1
DPTR FM NORMAL -4
[CDD (BASE 65) ]
TOTAL THIS MO. 137
DPTR FM NORMAL 16 [PRESSURE DATA]
TOTAL FM JAN 1 205 HIGHEST SLP 30.06 ON 10
DPTR FM NORMAL 19 LOWEST SLP 29.77 ON 12
[REMARKS]
#FINAL-07-19#