000
CXUS56 KLOX 011155
CF6SMX
PRELIMINARY LOCAL CLIMATOLOGICAL DATA (WS FORM: F-6)
STATION: SANTA MARIA AIRPORT CA
MONTH: MARCH
YEAR: 2022
LATITUDE: 34 54 N
LONGITUDE: 120 27 W
TEMPERATURE IN F: :PCPN: SNOW: WIND :SUNSHINE: SKY :PK WND
================================================================================
1 2 3 4 5 6A 6B 7 8 9 10 11 12 13 14 15 16 17 18
12Z AVG MX 2MIN
DY MAX MIN AVG DEP HDD CDD WTR SNW DPTH SPD SPD DIR MIN PSBL S-S WX SPD DR
================================================================================
1 85 45 65 11 0 0 0.00 M M 8.4 21 300 M M 1 25 300
2 77 41 59 5 6 0 0.00 M M 4.8 16 290 M M 0 18 290
3 71 43 57 3 8 0 0.00 M M 3.5 17 300 M M 3 24 250
4 59 45 52 -3 13 0 0.00 M M 11.0 23 310 M M 7 18 32 310
5 56 39 48 -7 17 0 0.02 M M 10.5 29 310 M M 5 18 36 300
6 59 32 46 -9 19 0 0.00 M M 8.8 28 300 M M 0 18 33 300
7 66 34 50 -5 15 0 0.00 M M 6.0 23 310 M M 0 18 27 310
8 69 36 53 -2 12 0 0.00 M M 5.0 18 310 M M 0 21 310
9 67 37 52 -3 13 0 0.00 M M 8.0 24 290 M M 0 18 29 290
10 65 38 52 -3 13 0 0.00 M M 5.8 24 300 M M 0 18 29 300
11 72 36 54 -1 11 0 0.00 M M 4.1 16 310 M M 0 19 310
12 68 37 53 -2 12 0 0.00 M M 5.8 22 300 M M 0 26 300
13 65 36 51 -4 14 0 0.00 M M 8.7 29 310 M M 2 18 35 300
14 68 41 55 0 10 0 0.00 M M 8.4 21 310 M M 2 12 25 310
15 75 42 59 4 6 0 0.00 M M 8.5 25 300 M M 5 12 32 300
16 67 46 57 2 8 0 0.00 M M 11.3 26 300 M M 2 128 35 300
17 69 39 54 -1 11 0 0.00 M M 7.1 21 300 M M 2 1 25 300
18 70 40 55 -1 10 0 0.00 M M 5.7 16 310 M M 0 M M
19 62 49 56 0 9 0 0.03 M M 5.3 17 310 M M 9 18 21 310
20 64 45 55 -1 10 0 0.00 M M 10.4 25 290 M M 3 1 32 300
21 69 43 56 0 9 0 0.00 M M 8.6 22 310 M M 1 18 27 320
22 86 48 67 11 0 2 0.00 M M 4.7 18 260 M M 0 24 260
23 70 45 58 2 7 0 0.00 M M 3.9 13 320 M M 3 128 16 310
24 70 47 59 3 6 0 0.00 M M 3.7 13 310 M M 6 12 16 310
25 66 48 57 1 8 0 0.00 M M 3.6 13 300 M M 8 12 17 300
26 68 45 57 1 8 0 0.00 M M 5.1 15 250 M M 6 12 M M
27 67 50 59 3 6 0 T M M 11.0 23 180 M M 7 37 150
28 61 49 55 -1 10 0 1.02 M M 7.6 28 160 M M 8 1 36 160
29 61 44 53 -3 12 0 0.00 M M 11.1 30 300 M M 4 1 35 300
30 61 46 54 -2 11 0 0.00 M M 11.1 25 290 M M 7 1 30 300
31 61 47 54 -2 11 0 0.00 M M 8.6 24 310 M M 6 18 30 300
================================================================================
SM 2094 1313 305 2 1.07 M 226.2 M 97
================================================================================
AV 67.5 42.4 7.3 FASTST M M 3 MAX(MPH)
MISC ----> 30 300 37 150
================================================================================
NOTES:
# LAST OF SEVERAL OCCURRENCES
COLUMN 17 PEAK WIND IN M.P.H.
PRELIMINARY LOCAL CLIMATOLOGICAL DATA (WS FORM: F-6) , PAGE 2
STATION: SANTA MARIA AIRPORT CA
MONTH: MARCH
YEAR: 2022
LATITUDE: 34 54 N
LONGITUDE: 120 27 W
[TEMPERATURE DATA] [PRECIPITATION DATA] SYMBOLS USED IN COLUMN 16
AVERAGE MONTHLY: 55.0 TOTAL FOR MONTH: 1.07 1 = FOG OR MIST
DPTR FM NORMAL: -0.3 DPTR FM NORMAL: -1.49 2 = FOG REDUCING VISIBILITY
HIGHEST: 86 ON 22 GRTST 24HR 1.02 ON 28-28 TO 1/4 MILE OR LESS
LOWEST: 32 ON 6 3 = THUNDER
SNOW, ICE PELLETS, HAIL 4 = ICE PELLETS
TOTAL MONTH: M 5 = HAIL
GRTST 24HR M ON M 6 = FREEZING RAIN OR DRIZZLE
GRTST DEPTH: M ON M 7 = DUSTSTORM OR SANDSTORM:
VSBY 1/2 MILE OR LESS
8 = SMOKE OR HAZE
[NO. OF DAYS WITH] [WEATHER - DAYS WITH] 9 = BLOWING SNOW
X = TORNADO
MAX 32 OR BELOW: 0 0.01 INCH OR MORE: 3
MAX 90 OR ABOVE: 0 0.10 INCH OR MORE: 1
MIN 32 OR BELOW: 1 0.50 INCH OR MORE: 1
MIN 0 OR BELOW: 0 1.00 INCH OR MORE: 1
[HDD (BASE 65) ]
TOTAL THIS MO. 305 CLEAR (SCALE 0-3) 19
DPTR FM NORMAL 2 PTCLDY (SCALE 4-7) 9
TOTAL FM JUL 1 1878 CLOUDY (SCALE 8-10) 3
DPTR FM NORMAL -42
[CDD (BASE 65) ]
TOTAL THIS MO. 2
DPTR FM NORMAL 0 [PRESSURE DATA]
TOTAL FM JAN 1 6 HIGHEST SLP 30.34 ON 11
DPTR FM NORMAL 3 LOWEST SLP 29.70 ON 28
[REMARKS]
#FINAL-03-22#