000
CXAK56 PAFC 290634
CF6SNP
PRELIMINARY LOCAL CLIMATOLOGICAL DATA (WS FORM: F-6)
STATION: SAINT PAUL ISLAND
MONTH: MARCH
YEAR: 2020
LATITUDE: 57 9 N
LONGITUDE: 170 13 W
TEMPERATURE IN F: :PCPN: SNOW: WIND :SUNSHINE: SKY :PK WND
================================================================================
1 2 3 4 5 6A 6B 7 8 9 10 11 12 13 14 15 16 17 18
12Z AVG MX 2MIN
DY MAX MIN AVG DEP HDD CDD WTR SNW DPTH SPD SPD DIR MIN PSBL S-S WX SPD DR
================================================================================
1 22 13 18 -7 47 0 T M M 21.4 41 360 M M 6 18 47 360
2 20 11 16 -9 49 0 T M M 13.9 18 330 M M 9 M M
3 27 11 19 -6 46 0 T M M 19.8 31 10 M M 7 9 37 350
4 32 27 30 5 35 0 T M M 13.4 24 290 M M 10 32 300
5 34 31 33 8 32 0 0.05 M M 24.6 31 130 M M 10 1 43 140
6 35 27 31 6 34 0 0.02 M M 8.8 17 30 M M 9 126 M M
7 36 28 32 7 33 0 0.08 M M 10.9 17 240 M M 10 1 27 240
8 36 21 29 4 36 0 0.07 M M 17.2 36 30 M M 8 1 43 40
9 21 11 16 -9 49 0 T M M 18.7 31 30 M M 9 18 41 40
10 30 4 17 -8 48 0 T M M 9.7 20 170 M M 4 M M
11 34 29 32 7 33 0 T M M 11.4 18 160 M M 1 21 160
12 35 31 33 8 32 0 0.00 M M 21.7 30 150 M M 2 35 150
13 39 35 37 12 28 0 0.14 M M 16.5 28 160 M M 9 18 34 170
14 36 35 36 11 29 0 0.30 M M 12.2 16 140 M M 10 1 M M
15 39 32 36 11 29 0 0.01 M M 11.3 17 110 M M 8 12 M M
16 37 32 35 10 30 0 T M M 9.4 14 110 M M 10 12 M M
17 41 32 37 12 28 0 0.00 M M 13.8 25 160 M M 7 18 M M
18 39 35 37 12 28 0 0.00 M M 26.1 32 170 M M 8 1 40 170
19 41 34 38 13 27 0 0.00 M M 23.0 28 220 M M 7 18 44 220
20 39 27 33 8 32 0 0.00 M M 13.7 21 200 M M 7 18 M M
21 41 26 34 9 31 0 0.00 M M 10.2 18 280 M M 3 1 30 270
22 40 29 35 10 30 0 0.00 M M 8.6 13 180 M M 0 M M
23 M M M M M M M M M 13.1 17 140 M M 7 1 M M
24 M M M M M M M M M 11.5 12 130 M M 10 1 M M
25 M M M M M M M M M M M M M M M 1 M M
26 M M M M M M M M M M M M M M M 12 M M
27 M M M M M M M M M M M M M M 4 M M
28 M M M M M M M M M M M M M M M M M
29 M M M M M M M M M M M M M M M M M
30 41 30 36 10 29 0 0.00 M M 16.6 30 140 M M 10 18 34 140
31 39 23 31 5 34 0 0.00 M M 9.3 17 60 M M 0 18 21 50
================================================================================
SM 834 614 829 0 0.67 M 386.8 M 185
================================================================================
AV 34.8 25.6 14.9 FASTST M M 7 MAX(MPH)
MISC ----> 41 360 47 360
================================================================================
NOTES:
# LAST OF SEVERAL OCCURRENCES
COLUMN 17 PEAK WIND IN M.P.H.
PRELIMINARY LOCAL CLIMATOLOGICAL DATA (WS FORM: F-6) , PAGE 2
STATION: SAINT PAUL ISLAND
MONTH: MARCH
YEAR: 2020
LATITUDE: 57 9 N
LONGITUDE: 170 13 W
[TEMPERATURE DATA] [PRECIPITATION DATA] SYMBOLS USED IN COLUMN 16
AVERAGE MONTHLY: 30.2 TOTAL FOR MONTH: 0.67 1 = FOG OR MIST
DPTR FM NORMAL: 5.4 DPTR FM NORMAL: -0.40 2 = FOG REDUCING VISIBILITY
HIGHEST: 41 ON 30,21 GRTST 24HR 0.31 ON 13-14 TO 1/4 MILE OR LESS
LOWEST: 4 ON 10 3 = THUNDER
SNOW, ICE PELLETS, HAIL 4 = ICE PELLETS
TOTAL MONTH: M 5 = HAIL
GRTST 24HR M ON M 6 = FREEZING RAIN OR DRIZZLE
GRTST DEPTH: M ON M 7 = DUSTSTORM OR SANDSTORM:
VSBY 1/2 MILE OR LESS
8 = SMOKE OR HAZE
[NO. OF DAYS WITH] [WEATHER - DAYS WITH] 9 = BLOWING SNOW
X = TORNADO
MAX 32 OR BELOW: 6 0.01 INCH OR MORE: 7
MAX 90 OR ABOVE: 0 0.10 INCH OR MORE: 2
MIN 32 OR BELOW: 20 0.50 INCH OR MORE: 0
MIN 0 OR BELOW: 0 1.00 INCH OR MORE: 0
[HDD (BASE 65) ]
TOTAL THIS MO. 829 CLEAR (SCALE 0-3) 5
DPTR FM NORMAL -416 PTCLDY (SCALE 4-7) 10
TOTAL FM JUL 1 6400 CLOUDY (SCALE 8-10) 16
DPTR FM NORMAL -1754
[CDD (BASE 65) ]
TOTAL THIS MO. 0
DPTR FM NORMAL 0 [PRESSURE DATA]
TOTAL FM JAN 1 0 HIGHEST SLP 9999.00 ON 29
DPTR FM NORMAL 0 LOWEST SLP 28.88 ON 1
[REMARKS]
#FINAL-03-20#