000
CXAK56 PAFC 011003
CF6SNP
PRELIMINARY LOCAL CLIMATOLOGICAL DATA (WS FORM: F-6)
STATION: SAINT PAUL ISLAND
MONTH: JULY
YEAR: 2023
LATITUDE: 57 9 N
LONGITUDE: 170 13 W
TEMPERATURE IN F: :PCPN: SNOW: WIND :SUNSHINE: SKY :PK WND
================================================================================
1 2 3 4 5 6A 6B 7 8 9 10 11 12 13 14 15 16 17 18
12Z AVG MX 2MIN
DY MAX MIN AVG DEP HDD CDD WTR SNW DPTH SPD SPD DIR MIN PSBL S-S WX SPD DR
================================================================================
1 57 44 51 5 14 0 0.00 M M 17.5 29 40 M M 7 12 37 30
2 54 43 49 3 16 0 0.01 M M 10.4 20 330 M M 10 128 26 330
3 51 43 47 0 18 0 0.00 M M 7.1 14 50 M M 10 18 18 50
4 49 44 47 0 18 0 0.04 M M 18.1 25 40 M M 10 1 34 20
5 50 45 48 1 17 0 0.18 M M 11.3 20 40 M M 10 12 28 20
6 51 43 47 0 18 0 0.06 M M 9.7 16 340 M M 10 12 21 330
7 47 43 45 -2 20 0 0.06 M M 11.2 18 150 M M 10 12 25 150
8 46 44 45 -2 20 0 0.31 M M 8.1 14 210 M M 10 12 19 100
9 50 43 47 0 18 0 0.00 M M 8.9 17 320 M M 10 12 20 320
10 54 43 49 2 16 0 0.00 M M 8.5 16 50 M M 10 12 24 50
11 54 43 49 1 16 0 0.00 M M 6.7 15 330 M M 10 128 18 330
12 48 42 45 -3 20 0 0.09 M M 10.1 16 180 M M 10 12 21 180
13 56 46 51 3 14 0 0.13 M M 13.6 21 230 M M 10 12 28 230
14 55 44 50 2 15 0 0.38 M M 9.9 16 320 M M 10 12 21 260
15 55 47 51 3 14 0 0.07 M M 11.5 20 330 M M 10 1 25 310
16 51 46 49 1 16 0 0.00 M M 10.7 16 320 M M 10 1 20 320
17 52 44 48 0 17 0 0.00 M M 9.8 16 270 M M 10 12 19 240
18 56 46 51 3 14 0 0.09 M M 10.8 21 250 M M 9 12 27 250
19 56 49 53 5 12 0 0.00 M M 17.0 24 260 M M 10 12 33 270
20 52 49 51 3 14 0 0.29 M M 16.2 23 230 M M 10 12 32 230
21 53 47 50 2 15 0 0.54 M M 7.6 16 220 M M 10 12 20 220
22 53 47 50 2 15 0 0.12 M M 11.0 21 220 M M 10 12 26 220
23 50 47 49 0 16 0 0.07 M M 12.3 16 160 M M 10 12 M M
24 49 47 48 -1 17 0 0.34 M M 12.7 20 170 M M 10 12 27 170
25 49 47 48 -1 17 0 0.24 M M 13.4 18 160 M M 10 12 24 160
26 50 47 49 0 16 0 0.06 M M 10.6 18 170 M M 10 12 23 160
27 55 47 51 2 14 0 0.00 M M 8.4 14 230 M M 10 12 18 230
28 54 49 52 3 13 0 T M M 11.3 18 260 M M 10 12 25 260
29 51 46 49 0 16 0 0.00 M M 9.4 15 180 M M 10 12 18 190
30 50 46 48 -1 17 0 0.01 M M 10.7 16 160 M M 10 12 22 170
31 52 48 50 1 15 0 T M M 9.0 12 170 M M 10 12 16 180
================================================================================
SM 1610 1409 498 0 3.09 M 343.5 M 306
================================================================================
AV 51.9 45.5 11.1 FASTST M M 10 MAX(MPH)
MISC ----> 29 40 37 30
================================================================================
NOTES:
# LAST OF SEVERAL OCCURRENCES
COLUMN 17 PEAK WIND IN M.P.H.
PRELIMINARY LOCAL CLIMATOLOGICAL DATA (WS FORM: F-6) , PAGE 2
STATION: SAINT PAUL ISLAND
MONTH: JULY
YEAR: 2023
LATITUDE: 57 9 N
LONGITUDE: 170 13 W
[TEMPERATURE DATA] [PRECIPITATION DATA] SYMBOLS USED IN COLUMN 16
AVERAGE MONTHLY: 48.7 TOTAL FOR MONTH: 3.09 1 = FOG OR MIST
DPTR FM NORMAL: 0.8 DPTR FM NORMAL: 1.11 2 = FOG REDUCING VISIBILITY
HIGHEST: 57 ON 1 GRTST 24HR 0.66 ON 21-22 TO 1/4 MILE OR LESS
LOWEST: 42 ON 12 3 = THUNDER
SNOW, ICE PELLETS, HAIL 4 = ICE PELLETS
TOTAL MONTH: M 5 = HAIL
GRTST 24HR M ON M 6 = FREEZING RAIN OR DRIZZLE
GRTST DEPTH: M ON M 7 = DUSTSTORM OR SANDSTORM:
VSBY 1/2 MILE OR LESS
8 = SMOKE OR HAZE
[NO. OF DAYS WITH] [WEATHER - DAYS WITH] 9 = BLOWING SNOW
X = TORNADO
MAX 32 OR BELOW: 0 0.01 INCH OR MORE: 19
MAX 90 OR ABOVE: 0 0.10 INCH OR MORE: 9
MIN 32 OR BELOW: 0 0.50 INCH OR MORE: 1
MIN 0 OR BELOW: 0 1.00 INCH OR MORE: 0
[HDD (BASE 65) ]
TOTAL THIS MO. 498 CLEAR (SCALE 0-3) 0
DPTR FM NORMAL -32 PTCLDY (SCALE 4-7) 1
TOTAL FM JUL 1 498 CLOUDY (SCALE 8-10) 30
DPTR FM NORMAL -32
[CDD (BASE 65) ]
TOTAL THIS MO. 0
DPTR FM NORMAL 0 [PRESSURE DATA]
TOTAL FM JAN 1 0 HIGHEST SLP M ON M
DPTR FM NORMAL 0 LOWEST SLP 29.33 ON 8
[REMARKS]
#FINAL-07-23#