000
CXUS56 KMTR 010900
CF6SNS
PRELIMINARY LOCAL CLIMATOLOGICAL DATA (WS FORM: F-6)
STATION: SALINAS AIRPORT
MONTH: APRIL
YEAR: 2022
LATITUDE: 36 40 N
LONGITUDE: 121 36 W
TEMPERATURE IN F: :PCPN: SNOW: WIND :SUNSHINE: SKY :PK WND
================================================================================
1 2 3 4 5 6A 6B 7 8 9 10 11 12 13 14 15 16 17 18
12Z AVG MX 2MIN
DY MAX MIN AVG DEP HDD CDD WTR SNW DPTH SPD SPD DIR MIN PSBL S-S WX SPD DR
================================================================================
1 70 43 57 1 8 0 0.00 M M 6.0 18 280 M M 3 18 24 290
2 68 48 58 2 7 0 0.00 M M 7.0 16 290 M M 4 18 19 290
3 63 50 57 1 8 0 0.00 M M 9.9 20 260 M M 3 18 30 270
4 70 50 60 4 5 0 0.00 M M 9.1 18 260 M M 2 23 270
5 70 51 61 5 4 0 0.00 M M 8.2 18 270 M M 1 1 23 280
6 93 44 69 13 0 4 0.00 M M 3.8 18 280 M M 0 24 270
7 95 54 75 19 0 10 0.00 M M 11.4 23 120 M M 0 31 130
8 77 53 65 9 0 0 0.00 M M 7.9 18 300 M M 0 27 280
9 69 48 59 3 6 0 0.00 M M 10.8 21 260 M M 3 8 28 290
10 69 45 57 1 8 0 0.00 M M 10.8 22 260 M M 0 8 29 250
11 58 40 49 -7 16 0 0.04 M M 12.3 35 280 M M 4 18 46 270
12 60 36 48 -8 17 0 0.00 M M 8.0 26 280 M M 0 34 270
13 62 39 51 -5 14 0 0.00 M M 6.3 17 280 M M 1 26 300
14 67 48 58 1 7 0 0.00 M M 7.1 17 300 M M 8 24 290
15 72 54 63 6 2 0 0.00 M M 6.9 21 290 M M 5 1 27 290
16 67 50 59 2 6 0 0.22 M M 10.8 23 260 M M 5 1 32 250
17 67 47 57 0 8 0 0.00 M M 7.6 18 280 M M 3 8 25 290
18 72 40 56 -1 9 0 0.00 M M 6.9 17 290 M M 2 18 23 310
19 69 53 61 4 4 0 T M M 6.8 17 300 M M 6 23 260
20 70 46 58 1 7 0 0.00 M M 7.9 20 300 M M 4 26 310
21 68 51 60 3 5 0 0.07 M M 8.7 22 250 M M 8 29 250
22 63 50 57 0 8 0 0.11 M M 7.8 20 290 M M 6 1 27 270
23 67 47 57 0 8 0 0.00 M M 6.5 18 290 M M 1 27 290
24 70 51 61 4 4 0 0.00 M M 7.3 18 280 M M 3 1 23 290
25 70 48 59 2 6 0 0.00 M M 8.2 18 250 M M 3 128 24 260
26 65 52 59 2 6 0 0.00 M M 11.0 20 270 M M 2 8 26 290
27 64 51 58 0 7 0 0.00 M M 13.0 21 270 M M 3 31 280
28 63 47 55 -3 10 0 0.00 M M 10.7 23 260 M M 2 29 270
29 70 43 57 -1 8 0 0.00 M M 7.8 20 270 M M 0 25 280
30 68 48 58 0 7 0 0.00 M M 10.2 22 290 M M 1 18 27 290
================================================================================
SM 2076 1427 205 14 0.44 M 256.7 M 83
================================================================================
AV 69.2 47.6 8.6 FASTST M M 3 MAX(MPH)
MISC ----> 35 280 46 270
================================================================================
NOTES:
# LAST OF SEVERAL OCCURRENCES
COLUMN 17 PEAK WIND IN M.P.H.
PRELIMINARY LOCAL CLIMATOLOGICAL DATA (WS FORM: F-6) , PAGE 2
STATION: SALINAS AIRPORT
MONTH: APRIL
YEAR: 2022
LATITUDE: 36 40 N
LONGITUDE: 121 36 W
[TEMPERATURE DATA] [PRECIPITATION DATA] SYMBOLS USED IN COLUMN 16
AVERAGE MONTHLY: 58.4 TOTAL FOR MONTH: 0.44 1 = FOG OR MIST
DPTR FM NORMAL: 1.7 DPTR FM NORMAL: -0.51 2 = FOG REDUCING VISIBILITY
HIGHEST: 95 ON 7 GRTST 24HR 0.22 ON 16-16 TO 1/4 MILE OR LESS
LOWEST: 36 ON 12 3 = THUNDER
SNOW, ICE PELLETS, HAIL 4 = ICE PELLETS
TOTAL MONTH: M 5 = HAIL
GRTST 24HR M ON M 6 = FREEZING RAIN OR DRIZZLE
GRTST DEPTH: M ON M 7 = DUSTSTORM OR SANDSTORM:
VSBY 1/2 MILE OR LESS
8 = SMOKE OR HAZE
[NO. OF DAYS WITH] [WEATHER - DAYS WITH] 9 = BLOWING SNOW
X = TORNADO
MAX 32 OR BELOW: 0 0.01 INCH OR MORE: 4
MAX 90 OR ABOVE: 2 0.10 INCH OR MORE: 2
MIN 32 OR BELOW: 0 0.50 INCH OR MORE: 0
MIN 0 OR BELOW: 0 1.00 INCH OR MORE: 0
[HDD (BASE 65) ]
TOTAL THIS MO. 205 CLEAR (SCALE 0-3) 19
DPTR FM NORMAL -47 PTCLDY (SCALE 4-7) 10
TOTAL FM JUL 1 1722 CLOUDY (SCALE 8-10) 1
DPTR FM NORMAL -615
[CDD (BASE 65) ]
TOTAL THIS MO. 14
DPTR FM NORMAL 9 [PRESSURE DATA]
TOTAL FM JAN 1 28 HIGHEST SLP M ON M
DPTR FM NORMAL 22 LOWEST SLP 29.93 ON 1
[REMARKS]
#FINAL-04-22#